000
CXUS56 KTFX 301205
CF6HVR
PRELIMINARY LOCAL CLIMATOLOGICAL DATA (WS FORM: F-6)

                                          STATION:   HAVRE MT
                                          MONTH:     MAY
                                          YEAR:      2016
                                          LATITUDE:   48 32 N
                                          LONGITUDE: 109 46 W

  TEMPERATURE IN F:       :PCPN:    SNOW:  WIND      :SUNSHINE: SKY     :PK WND
================================================================================
1   2   3   4   5  6A  6B    7    8   9   10  11  12  13   14  15   16   17  18
                                     12Z  AVG MX 2MIN
DY MAX MIN AVG DEP HDD CDD  WTR  SNW DPTH SPD SPD DIR MIN PSBL S-S WX    SPD DR
================================================================================

 1  67  33  50   1  15   0 0.00  0.0    0  3.4 12 230   M    M   0        14 230
 2  75  34  55   5  10   0 0.00  0.0    0  6.8 16 230   M    M   0        19 230
 3  82  42  62  12   3   0 0.00  0.0    0  3.9 10 160   M    M   0        13 160
 4  84  40  62  12   3   0 0.00  0.0    0  4.9 15 230   M    M   0        20 250
 5  82  44  63  13   2   0 0.00  0.0    0  9.3 21  10   M    M   0 8      26  20
 6  67  43  55   4  10   0 0.23  0.0    0  6.1 14 360   M    M   4 1      16 360
 7  76  37  57   6   8   0 0.00  0.0    0  4.5 14 200   M    M   0 8      19 210
 8  82  49  66  15   0   1 0.23  0.0    0 10.8 32  10   M    M   0 38     41  10
 9  52  40  46  -6  19   0 0.47  0.0    0 13.0 21 360   M    M   9 1      26  10
10  41  37  39 -13  26   0 0.78  0.0    0 17.2 24 320   M    M  10 1      37 320
11  58  33  46  -6  19   0 0.00  0.0    0  8.2 15 340   M    M   0        24 280
12  48  36  42 -11  23   0 0.10  0.0    0  9.3 20  70   M    M   1        27  70
13  55  30  43 -10  22   0 0.00  0.0    0  3.4 10  30   M    M   2        13  40
14  60  27  44  -9  21   0 0.00  0.0    0  6.3 17  90   M    M   0        22  60
15  63  36  50  -4  15   0 0.00  0.0    0 10.7 22  80   M    M   0        35  90
16  70  40  55   1  10   0 0.00  0.0    0 10.8 21 120   M    M   0        25 130
17  75  44  60   6   5   0 0.00  0.0    0  9.4 21 210   M    M   0        27 210
18  79  48  64   9   1   0    T  0.0    0  8.2 23 180   M    M   6 3      27 180
19  74  45  60   5   5   0 0.11  0.0    0  6.2 22 250   M    M   3 38     27 260
20  53  47  50  -5  15   0 0.03  0.0    0  8.5 20 310   M    M   9 1      23 310
21  51  42  47  -9  18   0 0.74  0.0    0  9.4 23 240   M    M   9 13     31 210
22  65  35  50  -6  15   0    T  0.0    0 17.3 38 230   M    M   5 1      47 230
23  56  45  51  -5  14   0 0.18  0.0    0 15.1 23 300   M    M   9        29 290
24  61  44  53  -4  12   0 0.04  0.0    0  7.3 14 330   M    M   7 1      17 280
25  66  44  55  -2  10   0 0.21  0.0    0  4.0 13 330   M    M   0 3      23 330
26  65  53  59   2   6   0 0.00  0.0    0  6.4  8 100   M    M   1        15  80
27  70  42  56  -2   9   0 0.23  0.0    0  8.0 21 260   M    M   5 138    26 260
28  66  44  55  -3  10   0    T  0.0    0 11.4 23 260   M    M   2        29 230
29  73  32  53  -5  12   0 0.04  0.0    0 10.1 22 250   M    M   3 8      28 230
================================================================================
SM 1916 1166       338   1  3.39     0.0 249.9          M       85
================================================================================
AV 66.1 40.2                               8.6 FASTST   M    M   3    MAX(MPH)
                                 MISC ---->  # 38 230               # 47  230
================================================================================
NOTES:
# LAST OF SEVERAL OCCURRENCES

COLUMN 17 PEAK WIND IN M.P.H.

PRELIMINARY LOCAL CLIMATOLOGICAL DATA (WS FORM: F-6) , PAGE 2

                                          STATION:  HAVRE MT
                                          MONTH:    MAY
                                          YEAR:     2016
                                          LATITUDE:   48 32 N
                                          LONGITUDE: 109 46 W

[TEMPERATURE DATA]      [PRECIPITATION DATA]       SYMBOLS USED IN COLUMN 16

AVERAGE MONTHLY: 53.1   TOTAL FOR MONTH:   3.39    1 = FOG OR MIST
DPTR FM NORMAL:  -0.6   DPTR FM NORMAL:    1.79    2 = FOG REDUCING VISIBILITY
HIGHEST:    84 ON  4    GRTST 24HR  1.10 ON  9-10      TO 1/4 MILE OR LESS
LOWEST:     27 ON 14                               3 = THUNDER
                        SNOW, ICE PELLETS, HAIL    4 = ICE PELLETS
                        TOTAL MONTH:   0.0 INCH    5 = HAIL
                        GRTST 24HR     0.0         6 = FREEZING RAIN OR DRIZZLE
                        GRTST DEPTH:   0           7 = DUSTSTORM OR SANDSTORM:
                                                       VSBY 1/2 MILE OR LESS
                                                   8 = SMOKE OR HAZE
[NO. OF DAYS WITH]      [WEATHER - DAYS WITH]      9 = BLOWING SNOW
                                                   X = TORNADO
MAX 32 OR BELOW:   0    0.01 INCH OR MORE:  13
MAX 90 OR ABOVE:   0    0.10 INCH OR MORE:  10
MIN 32 OR BELOW:   3    0.50 INCH OR MORE:   2
MIN  0 OR BELOW:   0    1.00 INCH OR MORE:   0

[HDD (BASE 65) ]
TOTAL THIS MO.   338    CLEAR  (SCALE 0-3)  19
DPTR FM NORMAL     1    PTCLDY (SCALE 4-7)   5
TOTAL FM JUL 1  7057    CLOUDY (SCALE 8-10)  5
DPTR FM NORMAL -1017

[CDD (BASE 65) ]
TOTAL THIS MO.     1
DPTR FM NORMAL    -3    [PRESSURE DATA]
TOTAL FM JAN 1     1    HIGHEST SLP M ON M
DPTR FM NORMAL    -4    LOWEST  SLP 29.45 ON  8

[REMARKS]
