000
CXUS56 KTFX 241205
CF6HVR
PRELIMINARY LOCAL CLIMATOLOGICAL DATA (WS FORM: F-6)

                                          STATION:   HAVRE MT
                                          MONTH:     DECEMBER
                                          YEAR:      2014
                                          LATITUDE:   48 32 N
                                          LONGITUDE: 109 46 W

  TEMPERATURE IN F:       :PCPN:    SNOW:  WIND      :SUNSHINE: SKY     :PK WND
================================================================================
1   2   3   4   5  6A  6B    7    8   9   10  11  12  13   14  15   16   17  18
                                     12Z  AVG MX 2MIN
DY MAX MIN AVG DEP HDD CDD  WTR  SNW DPTH SPD SPD DIR MIN PSBL S-S WX    SPD DR
================================================================================

 1  25  -7   9 -14  56   0 0.00  0.0    T  6.5 20 230   M    M   1        25 230
 2  30   5  18  -5  47   0 0.00  0.0    T 11.4 23 300   M    M   0 8      30 300
 3  19   3  11 -11  54   0 0.00  0.0    T  3.6 12  70   M    M   0        13  70
 4  29   4  17  -5  48   0 0.00  0.0    T  2.7  9 230   M    M   1        10 250
 5  23  10  17  -5  48   0    T    T    T  6.8 15  70   M    M   6 18     17  70
 6  41   8  25   4  40   0    T    T    T  4.0 22 220   M    M   1 1      27 220
 7  49  26  38  17  27   0 0.01  0.0    T 11.7 25 230   M    M   4        34 240
 8  38  16  27   6  38   0 0.00  0.0    T  5.5 16  80   M    M   0 1      18  80
 9  57  18  38  18  27   0 0.00  0.0    T 14.6 25 230   M    M   0        32 240
10  55  28  42  22  23   0 0.00  0.0    0  9.3 23 230   M    M   0        28 210
11  53  27  40  20  25   0 0.00  0.0    0  5.7 14 230   M    M   0        16 210
12  49  26  38  18  27   0 0.00  0.0    0  4.7 16 210   M    M   0        17 210
13  42  26  34  15  31   0    T    T    0  8.6 20 280   M    M   M 18     23 280
14  34  22  28   9  37   0 0.08    T    T  9.1 17 320   M    M   M 1      22 310
15  26  19  23   4  42   0 0.00  0.0    T  3.2 10  80   M    M   M        12  70
16  20  14  17  -1  48   0 0.00  0.0    T  3.3  8 190   M    M  10 12      9 200
17  27  13  20   2  45   0 0.01  0.1    T  3.5 12  70   M    M   9 12     13  70
18  38  12  25   7  40   0 0.00  0.0    T  6.4 13 220   M    M   5 12     16 250
19  38  12  25   7  40   0 0.01  0.0    T  6.1 17 230   M    M   3        21 230
20  43  25  34  16  31   0 0.00  0.0    T 11.5 22 220   M    M   3        27 220
21  43  22  33  15  32   0 0.02    T    T 10.3 25 290   M    M   7        32 280
22  42  24  33  15  32   0 0.00  0.0    T 10.4 16 300   M    M   4        21 300
23  42  23  33  16  32   0    T  0.0    0 14.7 28 220   M    M   4        34 220
================================================================================
SM  863  376       870   0  0.13     0.1 173.6          M       58
================================================================================
AV 37.5 16.3                               7.5 FASTST   M    M   3    MAX(MPH)
                                 MISC ---->  # 28 220               # 34  240
================================================================================
NOTES:
# LAST OF SEVERAL OCCURRENCES

COLUMN 17 PEAK WIND IN M.P.H.

PRELIMINARY LOCAL CLIMATOLOGICAL DATA (WS FORM: F-6) , PAGE 2

                                          STATION:  HAVRE MT
                                          MONTH:    DECEMBER
                                          YEAR:     2014
                                          LATITUDE:   48 32 N
                                          LONGITUDE: 109 46 W

[TEMPERATURE DATA]      [PRECIPITATION DATA]       SYMBOLS USED IN COLUMN 16

AVERAGE MONTHLY: 26.9   TOTAL FOR MONTH:   0.13    1 = FOG OR MIST
DPTR FM NORMAL:   7.2   DPTR FM NORMAL:   -0.16    2 = FOG REDUCING VISIBILITY
HIGHEST:    57 ON  9    GRTST 24HR  0.08 ON 14-14      TO 1/4 MILE OR LESS
LOWEST:     -7 ON  1                               3 = THUNDER
                        SNOW, ICE PELLETS, HAIL    4 = ICE PELLETS
                        TOTAL MONTH:   0.1 INCH    5 = HAIL
                        GRTST 24HR   0.1 ON   M    6 = FREEZING RAIN OR DRIZZLE
                        GRTST DEPTH:   0           7 = DUSTSTORM OR SANDSTORM:
                                                       VSBY 1/2 MILE OR LESS
                                                   8 = SMOKE OR HAZE
[NO. OF DAYS WITH]      [WEATHER - DAYS WITH]      9 = BLOWING SNOW
                                                   X = TORNADO
MAX 32 OR BELOW:   8    0.01 INCH OR MORE:   5
MAX 90 OR ABOVE:   0    0.10 INCH OR MORE:   0
MIN 32 OR BELOW:  23    0.50 INCH OR MORE:   0
MIN  0 OR BELOW:   1    1.00 INCH OR MORE:   0

[HDD (BASE 65) ]
TOTAL THIS MO.   870    CLEAR  (SCALE 0-3)  12
DPTR FM NORMAL  -169    PTCLDY (SCALE 4-7)   6
TOTAL FM JUL 1  2807    CLOUDY (SCALE 8-10)  2
DPTR FM NORMAL  -275

[CDD (BASE 65) ]
TOTAL THIS MO.     0
DPTR FM NORMAL     0    [PRESSURE DATA]
TOTAL FM JAN 1   402    HIGHEST SLP M ON M
DPTR FM NORMAL    15    LOWEST  SLP 29.53 ON 21

[REMARKS]
