000
CXUS56 KMTR 261000
CF6HWD
PRELIMINARY LOCAL CLIMATOLOGICAL DATA (WS FORM: F-6)

                                          STATION:   HAYWARD AIRPORT
                                          MONTH:     APRIL
                                          YEAR:      2017
                                          LATITUDE:   37 39 N
                                          LONGITUDE: 122  7 W

  TEMPERATURE IN F:       :PCPN:    SNOW:  WIND      :SUNSHINE: SKY     :PK WND
================================================================================
1   2   3   4   5  6A  6B    7    8   9   10  11  12  13   14  15   16   17  18
                                     12Z  AVG MX 2MIN
DY MAX MIN AVG DEP HDD CDD  WTR  SNW DPTH SPD SPD DIR MIN PSBL S-S WX    SPD DR
================================================================================

 1  77  50  64   8   1   0 0.00  0.0    0  5.4 16 270   M    M   0        20  40
 2  75  54  65   9   0   0 0.00  0.0    0  5.6 17 290   M    M   3        21 290
 3  70  49  60   4   5   0 0.00  0.0    0  5.8 17 290   M    M   0        21 300
 4  72  50  61   4   4   0 0.00  0.0    0  5.8 16 300   M    M   1        18 300
 5  75  54  65   8   0   0 0.00  0.0    0  5.6 21 310   M    M   1        24 310
 6  66  51  59   2   6   0 0.59  0.0    0 11.2 40 170   M    M   7 1      54 170
 7  66  50  58   1   7   0 0.62  0.0    0 11.2 21 210   M    M   7 1      27 190
 8  57  46  52  -5  13   0 0.07  0.0    0  9.6 23 300   M    M   3 8      30 310
 9  62  43  53  -4  12   0 0.00  0.0    0  6.9 16 290   M    M   2        21 290
10  66  45  56  -1   9   0 0.00  0.0    0  6.5 18 290   M    M   2        22 290
11  67  55  61   4   4   0    T  0.0    0  9.4 20 160   M    M   8        29 210
12  68  56  62   5   3   0 0.13  0.0    0 10.6 22 210   M    M   8 18     30 200
13  62  50  56  -1   9   0 0.02  0.0    0 11.7 21 290   M    M   5 1      28 280
14  63  44  54  -4  11   0 0.00  0.0    0  9.2 22 290   M    M   0        27 280
15  69  45  57  -1   8   0 0.00  0.0    0  5.8 16 290   M    M   0        20 290
16  62  52  57  -1   8   0 0.10  0.0    0  6.4 18 140   M    M   6        24 140
17  66  55  61   3   4   0 0.07  0.0    0  3.6 10 320   M    M   9 8      13 280
18  67  55  61   3   4   0 0.01  0.0    0  6.3 20 300   M    M   5 18      M  M
19  69  51  60   2   5   0 0.19  0.0    0  6.6 17 290   M    M   3        20 300
20  69  54  62   4   3   0 0.03  0.0    0  7.7 21 280   M    M   3 8      25 290
21  75  50  63   5   2   0 0.00  0.0    0  6.2 17 290   M    M   0        21 300
22  67  50  59   1   6   0    T  0.0    0  7.3 20 290   M    M   3        23 300
23  65  52  59   1   6   0 0.00  0.0    0 13.0 23 290   M    M   2        29 280
24  64  54  59   0   6   0 0.00  0.0    0 12.3 21 290   M    M   7        27 310
25  65  53  59   0   6   0 0.00  0.0    0 10.5 22 290   M    M   4        27 280
================================================================================
SM 1684 1268       142   0  1.83     0.0 200.2          M       89
================================================================================
AV 67.4 50.7                               8.0 FASTST   M    M   4    MAX(MPH)
                                 MISC ---->  # 40 170               # 54  170
================================================================================
NOTES:
# LAST OF SEVERAL OCCURRENCES

COLUMN 17 PEAK WIND IN M.P.H.

PRELIMINARY LOCAL CLIMATOLOGICAL DATA (WS FORM: F-6) , PAGE 2

                                          STATION:  HAYWARD AIRPORT
                                          MONTH:    APRIL
                                          YEAR:     2017
                                          LATITUDE:   37 39 N
                                          LONGITUDE: 122  7 W

[TEMPERATURE DATA]      [PRECIPITATION DATA]       SYMBOLS USED IN COLUMN 16

AVERAGE MONTHLY: 59.0   TOTAL FOR MONTH:   1.83    1 = FOG OR MIST
DPTR FM NORMAL:   1.6   DPTR FM NORMAL:    0.72    2 = FOG REDUCING VISIBILITY
HIGHEST:    77 ON  1    GRTST 24HR  0.78 ON  6- 7      TO 1/4 MILE OR LESS
LOWEST:     43 ON  9                               3 = THUNDER
                        SNOW, ICE PELLETS, HAIL    4 = ICE PELLETS
                        TOTAL MONTH:   0.0 INCH    5 = HAIL
                        GRTST 24HR     0.0         6 = FREEZING RAIN OR DRIZZLE
                        GRTST DEPTH:   0           7 = DUSTSTORM OR SANDSTORM:
                                                       VSBY 1/2 MILE OR LESS
                                                   8 = SMOKE OR HAZE
[NO. OF DAYS WITH]      [WEATHER - DAYS WITH]      9 = BLOWING SNOW
                                                   X = TORNADO
MAX 32 OR BELOW:   0    0.01 INCH OR MORE:  10
MAX 90 OR ABOVE:   0    0.10 INCH OR MORE:   5
MIN 32 OR BELOW:   0    0.50 INCH OR MORE:   2
MIN  0 OR BELOW:   0    1.00 INCH OR MORE:   0

[HDD (BASE 65) ]
TOTAL THIS MO.   142    CLEAR  (SCALE 0-3)  15
DPTR FM NORMAL   -54    PTCLDY (SCALE 4-7)   8
TOTAL FM JUL 1  1840    CLOUDY (SCALE 8-10)  2
DPTR FM NORMAL  -418

[CDD (BASE 65) ]
TOTAL THIS MO.     0
DPTR FM NORMAL     0    [PRESSURE DATA]
TOTAL FM JAN 1     1    HIGHEST SLP M ON M
DPTR FM NORMAL    -2    LOWEST  SLP 29.70 ON  6

[REMARKS]
