000
CXUS56 KMTR 301000
CF6HWD
PRELIMINARY LOCAL CLIMATOLOGICAL DATA (WS FORM: F-6)

                                          STATION:   HAYWARD AIRPORT
                                          MONTH:     JUNE
                                          YEAR:      2015
                                          LATITUDE:   37 39 N
                                          LONGITUDE: 122  7 W

  TEMPERATURE IN F:       :PCPN:    SNOW:  WIND      :SUNSHINE: SKY     :PK WND
================================================================================
1   2   3   4   5  6A  6B    7    8   9   10  11  12  13   14  15   16   17  18
                                     12Z  AVG MX 2MIN
DY MAX MIN AVG DEP HDD CDD  WTR  SNW DPTH SPD SPD DIR MIN PSBL S-S WX    SPD DR
================================================================================

 1  74  57  66   4   0   1 0.00  0.0    0  9.5 28 100   M    M   7         M  M
 2  65  57  61  -1   4   0 0.00  0.0    0  7.7 16 280   M    M   6        21 280
 3  64  55  60  -2   5   0 0.00  0.0    0 10.2 20 260   M    M   7        29 220
 4  69  54  62   0   3   0 0.00  0.0    0  8.2 24 180   M    M   3         M  M
 5  74  55  65   3   0   0 0.00  0.0    0  7.7 18 320   M    M   2        22 320
 6  74  57  66   4   0   1 0.00  0.0    0  7.8 28 210   M    M   4         M  M
 7  76  57  67   4   0   2 0.00  0.0    0  6.8 18 300   M    M   4        21 290
 8  91  58  75  12   0  10 0.00  0.0    0  6.5 17 290   M    M   0        22 350
 9  80  57  69   6   0   4 0.00  0.0    M  6.3 26 220   M    M   2         M  M
10  72  59  66   3   0   1 0.14  0.0    0  4.9 21 240   M    M   7 1       M  M
11  80  58  69   6   0   4 0.00  0.0    0  6.4 17 310   M    M   3 18     21 300
12  84  56  70   7   0   5 0.00  0.0    0  6.7 29  80   M    M   0         M  M
13  77  57  67   4   0   2 0.00  0.0    0  9.1 22 320   M    M   3        28 220
14  68  56  62  -2   3   0 0.00  0.0    0  9.2 24 230   M    M   6        31 300
15  63  54  59  -5   6   0 0.00  0.0    0 11.8 22 280   M    M   9        32 220
16  70  55  63  -1   2   0 0.00  0.0    0  6.6 14 290   M    M   4        22 290
17  73  53  63  -1   2   0 0.00  0.0    0  7.0 26 220   M    M   2 8      41 210
18  67  53  60  -4   5   0 0.00  0.0    0  6.0 25 300   M    M   1        29 330
19  72  53  63  -1   2   0 0.00  0.0    0  7.7 28  80   M    M   1         M  M
20  73  54  64   0   1   0 0.00  0.0    0  7.6 17 270   M    M   0        30 330
21  68  57  63  -1   2   0 0.00  0.0    0  9.5 20 290   M    M   5        35 210
22  65  56  61  -3   4   0 0.00  0.0    0  8.6 26 220   M    M   6 1      37 220
23  71  55  63  -1   2   0 0.00  0.0    0  7.4 41 230   M    M   0         M  M
24  77  56  67   3   0   2 0.00  0.0    0  7.4 15 280   M    M   1        18 290
25  86  58  72   8   0   7 0.00  0.0    0  5.5 14 280   M    M   0        17 290
26  80  59  70   5   0   5 0.00  0.0    0  8.3 18 320   M    M   0        26 220
27  78  59  69   4   0   4 0.00  0.0    0  8.1 16 300   M    M   3        20 300
28  72  60  66   1   0   1 0.00  0.0    0 10.2 21 300   M    M   6        25 300
29  74  58  66   1   0   1 0.00  0.0    0  7.2 26 220   M    M   5        28 220
================================================================================
SM 2137 1633        41  50  0.14     0.0 225.9          M       97
================================================================================
AV 73.7 56.3                               7.8 FASTST   M    M   3    MAX(MPH)
                                 MISC ---->  # 41 230               # 41  210
================================================================================
NOTES:
# LAST OF SEVERAL OCCURRENCES

COLUMN 17 PEAK WIND IN M.P.H.

PRELIMINARY LOCAL CLIMATOLOGICAL DATA (WS FORM: F-6) , PAGE 2

                                          STATION:  HAYWARD AIRPORT
                                          MONTH:    JUNE
                                          YEAR:     2015
                                          LATITUDE:   37 39 N
                                          LONGITUDE: 122  7 W

[TEMPERATURE DATA]      [PRECIPITATION DATA]       SYMBOLS USED IN COLUMN 16

AVERAGE MONTHLY: 65.0   TOTAL FOR MONTH:   0.14    1 = FOG OR MIST
DPTR FM NORMAL:   1.5   DPTR FM NORMAL:   -0.06    2 = FOG REDUCING VISIBILITY
HIGHEST:    91 ON  8    GRTST 24HR  0.14 ON 10-10      TO 1/4 MILE OR LESS
LOWEST:     53 ON 19,18                            3 = THUNDER
                        SNOW, ICE PELLETS, HAIL    4 = ICE PELLETS
                        TOTAL MONTH:   0.0 INCH    5 = HAIL
                        GRTST 24HR     0.0         6 = FREEZING RAIN OR DRIZZLE
                        GRTST DEPTH:   0           7 = DUSTSTORM OR SANDSTORM:
                                                       VSBY 1/2 MILE OR LESS
                                                   8 = SMOKE OR HAZE
[NO. OF DAYS WITH]      [WEATHER - DAYS WITH]      9 = BLOWING SNOW
                                                   X = TORNADO
MAX 32 OR BELOW:   0    0.01 INCH OR MORE:   1
MAX 90 OR ABOVE:   1    0.10 INCH OR MORE:   1
MIN 32 OR BELOW:   0    0.50 INCH OR MORE:   0
MIN  0 OR BELOW:   0    1.00 INCH OR MORE:   0

[HDD (BASE 65) ]
TOTAL THIS MO.    41    CLEAR  (SCALE 0-3)  14
DPTR FM NORMAL   -39    PTCLDY (SCALE 4-7)  14
TOTAL FM JUL 1  1629    CLOUDY (SCALE 8-10)  1
DPTR FM NORMAL  -898

[CDD (BASE 65) ]
TOTAL THIS MO.    50
DPTR FM NORMAL     7    [PRESSURE DATA]
TOTAL FM JAN 1    67    HIGHEST SLP M ON M
DPTR FM NORMAL    -7    LOWEST  SLP 29.73 ON M

[REMARKS]
