402
CXUS56 KMTR 221000
CF6HWD
PRELIMINARY LOCAL CLIMATOLOGICAL DATA (WS FORM: F-6)

                                          STATION:   HAYWARD AIRPORT
                                          MONTH:     FEBRUARY
                                          YEAR:      2017
                                          LATITUDE:   37 39 N
                                          LONGITUDE: 122  7 W

  TEMPERATURE IN F:       :PCPN:    SNOW:  WIND      :SUNSHINE: SKY     :PK WND
================================================================================
1   2   3   4   5  6A  6B    7    8   9   10  11  12  13   14  15   16   17  18
                                     12Z  AVG MX 2MIN
DY MAX MIN AVG DEP HDD CDD  WTR  SNW DPTH SPD SPD DIR MIN PSBL S-S WX    SPD DR
================================================================================

 1  62  46  54   3  11   0    T    M    0  5.8 21 140   M    M   3 8      26 140
 2  65  52  59   8   6   0 0.09  0.0    0 11.5 21 150   M    M   9        27 150
 3  63  57  60   9   5   0 0.52  0.0    0 10.3 20 170   M    M   9        26 170
 4  63  50  57   6   8   0    T  0.0    0  6.4 15 300   M    M   7        17 300
 5  62  49  56   5   9   0 0.35    M    0 10.0 23 140   M    M   5 1      33 170
 6  61  54  58   6   7   0 0.33  0.0    0  9.5 36 110   M    M  10 18    127  90
 7  63  57  60   8   5   0 0.40  0.0    0  7.9 23 170   M    M  10 18     32 200
 8  65  58  62  10   3   0 0.24  0.0    0  8.3 16 140   M    M  10 1       M  M
 9  64  57  61   9   4   0 0.63  0.0    0 11.7 24 170   M    M   9 1      33 170
10  63  50  57   5   8   0 0.15  0.0    0  7.5 15 300   M    M   6 1      19 300
11  61  42  52   0  13   0 0.00  0.0    0  6.0 16 290   M    M   1        31 250
12  65  41  53   1  12   0 0.00  0.0    0  3.5 14 300   M    M   0        17 290
13  62  43  53   1  12   0 0.00  0.0    0  2.9  9 280   M    M   1 8      11 280
14  67  48  58   5   7   0 0.00  0.0    0  4.2 10 290   M    M   1        13 280
15  68  51  60   7   5   0 0.00  0.0    0  2.2  9 210   M    M   4        13 220
16  65  54  60   7   5   0 0.16  0.0    0 10.1 29 170   M    M   5        39 170
17  62  54  58   5   7   0 0.76  0.0    0 12.2 33 140   M    M   9 1       M  90
18  58  51  55   2  10   0 0.03  0.0    0 10.5 26 290   M    M   8 18     32 290
19  57  50  54   1  11   0 0.04  0.0    0 12.6 23 150   M    M   9 1      30 110
20  61  54  58   4   7   0 1.59  0.0    0 13.3 28 160   M    M  10 1      35 160
21  61  49  55   1  10   0 0.07    M    0  7.4 18 230   M    M   8        27 230
================================================================================
SM 1318 1067       165   0  5.36     0.0 173.8          M      134
================================================================================
AV 62.8 50.8                               8.3 FASTST   M    M   6    MAX(MPH)
                                 MISC ---->  # 36 110               #99999 90
================================================================================
NOTES:
# LAST OF SEVERAL OCCURRENCES

COLUMN 17 PEAK WIND IN M.P.H.

PRELIMINARY LOCAL CLIMATOLOGICAL DATA (WS FORM: F-6) , PAGE 2

                                          STATION:  HAYWARD AIRPORT
                                          MONTH:    FEBRUARY
                                          YEAR:     2017
                                          LATITUDE:   37 39 N
                                          LONGITUDE: 122  7 W

[TEMPERATURE DATA]      [PRECIPITATION DATA]       SYMBOLS USED IN COLUMN 16

AVERAGE MONTHLY: 56.8   TOTAL FOR MONTH:   5.36    1 = FOG OR MIST
DPTR FM NORMAL:   4.5   DPTR FM NORMAL:    2.81    2 = FOG REDUCING VISIBILITY
HIGHEST:    68 ON 15    GRTST 24HR  1.59 ON 20-20      TO 1/4 MILE OR LESS
LOWEST:     41 ON 12                               3 = THUNDER
                        SNOW, ICE PELLETS, HAIL    4 = ICE PELLETS
                        TOTAL MONTH:   0.0 INCH    5 = HAIL
                        GRTST 24HR     0.0         6 = FREEZING RAIN OR DRIZZLE
                        GRTST DEPTH:   0           7 = DUSTSTORM OR SANDSTORM:
                                                       VSBY 1/2 MILE OR LESS
                                                   8 = SMOKE OR HAZE
[NO. OF DAYS WITH]      [WEATHER - DAYS WITH]      9 = BLOWING SNOW
                                                   X = TORNADO
MAX 32 OR BELOW:   0    0.01 INCH OR MORE:  14
MAX 90 OR ABOVE:   0    0.10 INCH OR MORE:  10
MIN 32 OR BELOW:   0    0.50 INCH OR MORE:   4
MIN  0 OR BELOW:   0    1.00 INCH OR MORE:   1

[HDD (BASE 65) ]
TOTAL THIS MO.   165    CLEAR  (SCALE 0-3)   5
DPTR FM NORMAL  -102    PTCLDY (SCALE 4-7)   6
TOTAL FM JUL 1  1359    CLOUDY (SCALE 8-10) 10
DPTR FM NORMAL  -331

[CDD (BASE 65) ]
TOTAL THIS MO.     0
DPTR FM NORMAL     0    [PRESSURE DATA]
TOTAL FM JAN 1     0    HIGHEST SLP M ON M
DPTR FM NORMAL     0    LOWEST  SLP 29.14 ON 17

[REMARKS]
