268
CXUS56 KMTR 291000
CF6HWD
PRELIMINARY LOCAL CLIMATOLOGICAL DATA (WS FORM: F-6)

                                          STATION:   HAYWARD AIRPORT
                                          MONTH:     MAY
                                          YEAR:      2016
                                          LATITUDE:   37 39 N
                                          LONGITUDE: 122  7 W

  TEMPERATURE IN F:       :PCPN:    SNOW:  WIND      :SUNSHINE: SKY     :PK WND
================================================================================
1   2   3   4   5  6A  6B    7    8   9   10  11  12  13   14  15   16   17  18
                                     12Z  AVG MX 2MIN
DY MAX MIN AVG DEP HDD CDD  WTR  SNW DPTH SPD SPD DIR MIN PSBL S-S WX    SPD DR
================================================================================

 1  83  55  69  10   0   4 0.00  0.0    0  6.8 17 270   M    M   0        21 270
 2  73  54  64   5   1   0 0.00  0.0    0  8.9 23 300   M    M   1        27 290
 3  70  53  62   2   3   0 0.00  0.0    0  6.2 14 290   M    M   4        18 280
 4  70  56  63   3   2   0 0.00  0.0    0  7.0 16 310   M    M   5        22 270
 5  68  57  63   3   2   0 0.00  0.0    0  6.8 15 280   M    M   8        18 280
 6  59  56  58  -2   7   0 0.04  0.0    0  4.9 13 290   M    M   9 18     16 240
 7  64  56  60   0   5   0 0.02  0.0    0  5.1 13 300   M    M   9        14 320
 8  69  57  63   3   2   0    T  0.0    0  7.6 17 280   M    M   7        22 280
 9  68  54  61   1   4   0 0.00  0.0    0  9.2 18 300   M    M   6        22 290
10  71  54  63   3   2   0 0.00  0.0    0  5.2 18 290   M    M   5        22 290
11  70  53  62   2   3   0 0.00  0.0    0  8.4 17 280   M    M   3        21 290
12  68  53  61   1   4   0 0.00  0.0    0  8.8 17 290   M    M   6        22 290
13  67  56  62   2   3   0 0.00  0.0    0 10.7 21 290   M    M   7        27 290
14  71  55  63   3   2   0 0.00  0.0    0  8.5 20 300   M    M   7        24 280
15  68  57  63   3   2   0 0.00  0.0    0 10.2 20 280   M    M   5        25 270
16  75  55  65   5   0   0 0.00  0.0    0  7.4 17 280   M    M   3        22 280
17  90  55  73  12   0   8 0.00  0.0    0  6.2 20 280   M    M   0        25 290
18  81  58  70   9   0   5 0.00  0.0    0  6.9 21 300   M    M   0        23 300
19  66  54  60  -1   5   0 0.00  0.0    0 14.7 24 280   M    M   2       102 160
20  63  53  58  -3   7   0 0.00  0.0    0 17.1 26 280   M    M   4        37 240
21  67  54  61   0   4   0 0.04  0.0    0  9.4 21 290   M    M   7 8      24 290
22  68  55  62   1   3   0    T  0.0    0  9.1 21 300   M    M   6        25 290
23  67  56  62   1   3   0 0.00  0.0    0 10.4 17 290   M    M   7        23 290
24  67  57  62   1   3   0 0.00  0.0    0 11.2 21 300   M    M   9        33 200
25  66  57  62   1   3   0    T  0.0    0 10.7 20 280   M    M   9        24 290
26  72  54  63   2   2   0 0.00  0.0    0  8.5 20 280   M    M   4        24 250
27  77  52  65   3   0   0 0.00  0.0    0  5.8 17 290   M    M   0 8      21 300
28  85  57  71   9   0   6 0.00  0.0    0  6.8 17 290   M    M   0        29 160
================================================================================
SM 1983 1543        72  23  0.10     0.0 238.5          M      133
================================================================================
AV 70.8 55.1                               8.5 FASTST   M    M   5    MAX(MPH)
                                 MISC ---->  # 26 280               #102  160
================================================================================
NOTES:
# LAST OF SEVERAL OCCURRENCES

COLUMN 17 PEAK WIND IN M.P.H.

PRELIMINARY LOCAL CLIMATOLOGICAL DATA (WS FORM: F-6) , PAGE 2

                                          STATION:  HAYWARD AIRPORT
                                          MONTH:    MAY
                                          YEAR:     2016
                                          LATITUDE:   37 39 N
                                          LONGITUDE: 122  7 W

[TEMPERATURE DATA]      [PRECIPITATION DATA]       SYMBOLS USED IN COLUMN 16

AVERAGE MONTHLY: 63.0   TOTAL FOR MONTH:   0.10    1 = FOG OR MIST
DPTR FM NORMAL:   2.5   DPTR FM NORMAL:   -0.42    2 = FOG REDUCING VISIBILITY
HIGHEST:    90 ON 17    GRTST 24HR  0.04 ON 21-21      TO 1/4 MILE OR LESS
LOWEST:     52 ON 27                               3 = THUNDER
                        SNOW, ICE PELLETS, HAIL    4 = ICE PELLETS
                        TOTAL MONTH:   0.0 INCH    5 = HAIL
                        GRTST 24HR     0.0         6 = FREEZING RAIN OR DRIZZLE
                        GRTST DEPTH:   0           7 = DUSTSTORM OR SANDSTORM:
                                                       VSBY 1/2 MILE OR LESS
                                                   8 = SMOKE OR HAZE
[NO. OF DAYS WITH]      [WEATHER - DAYS WITH]      9 = BLOWING SNOW
                                                   X = TORNADO
MAX 32 OR BELOW:   0    0.01 INCH OR MORE:   3
MAX 90 OR ABOVE:   1    0.10 INCH OR MORE:   0
MIN 32 OR BELOW:   0    0.50 INCH OR MORE:   0
MIN  0 OR BELOW:   0    1.00 INCH OR MORE:   0

[HDD (BASE 65) ]
TOTAL THIS MO.    72    CLEAR  (SCALE 0-3)   8
DPTR FM NORMAL   -74    PTCLDY (SCALE 4-7)  16
TOTAL FM JUL 1  1826    CLOUDY (SCALE 8-10)  4
DPTR FM NORMAL  -610

[CDD (BASE 65) ]
TOTAL THIS MO.    23
DPTR FM NORMAL     2    [PRESSURE DATA]
TOTAL FM JAN 1    44    HIGHEST SLP 29.94 ON 17
DPTR FM NORMAL    11    LOWEST  SLP 29.78 ON 19

[REMARKS]
