000
CXUS52 KMFL 011000
CF6HWO
PRELIMINARY LOCAL CLIMATOLOGICAL DATA (WS FORM: F-6)

                                          STATION:   NORTH PERRY ARPT
                                          MONTH:     FEBRUARY
                                          YEAR:      2015
                                          LATITUDE:   26  0 N
                                          LONGITUDE:  80 14 W

  TEMPERATURE IN F:       :PCPN:    SNOW:  WIND      :SUNSHINE: SKY     :PK WND
================================================================================
1   2   3   4   5  6A  6B    7    8   9   10  11  12  13   14  15   16   17  18
                                     12Z  AVG MX 2MIN
DY MAX MIN AVG DEP HDD CDD  WTR  SNW DPTH SPD SPD DIR MIN PSBL S-S WX    SPD DR
================================================================================

 1  76  65  71   3   0   6    T  0.0    0 10.9 20 120   M    M   5        24 100
 2  83  66  75   7   0  10 0.07  0.0    0  9.2 24 240   M    M   4 1      32 250
 3  77  54  66  -2   0   1 0.00  0.0    0 10.5 18  50   M    M   3        22  50
 4  78  64  71   3   0   6 0.00  0.0    0  8.8 18 110   M    M   5        24 120
 5  74  61  68   0   0   3 0.89  0.0    0 12.1 23 240   M    M   5 13     31 230
 6  76  56  66  -2   0   1 0.01  0.0    0 12.3 21  40   M    M   6        27  70
 7  74  62  68   0   0   3 0.07  0.0    0 11.5 23  80   M    M   4        27  50
 8  78  59  69   1   0   4 0.00  0.0    0  6.0 17 110   M    M   2        22 110
 9  81  61  71   2   0   6 0.19  0.0    0  7.5 23 220   M    M   5 13     33 210
10  76  57  67  -2   0   2 0.00  0.0    0 13.6 25 310   M    M   4        32 310
11  73  51  62  -7   3   0 0.00  0.0    0  8.6 17 340   M    M   0        22 330
12  76  53  65  -4   0   0    T  0.0    0  7.0 14 310   M    M   1        16 190
13  75  52  64  -5   1   0 0.00  0.0    0  8.5 17 300   M    M   0        21 320
14  67  45  56 -13   9   0 0.00  0.0    0  9.2 18 300   M    M   0        24 310
15  76  46  61  -8   4   0 0.00  0.0    0  5.6 16 340   M    M   0        25 320
16  75  54  65  -4   0   0 0.00  0.0    0  6.3 22 110   M    M   3        27 120
17  83  61  72   2   0   7 0.00  0.0    0  9.8 22 230   M    M   2        29 250
18  73  50  62  -8   3   0 0.11  0.0    0 10.1 22 320   M    M   7 3      27 330
19  59  44  52 -18  13   0 0.00  0.0    0 14.3 32 340   M    M   0        41 330
20  67  39  53 -17  12   0    T    M    0 12.1 21  90   M    M   4        28  10
21  76  61  69  -1   0   4    T  0.0    0 14.2 24  90   M    M   9        29 100
22  81  67  74   4   0   9 0.00  0.0    0  9.4 17 130   M    M   6        22 110
23  83  66  75   5   0  10 0.00  0.0    0  4.5 13 110   M    M   5 1      16 130
24  86  65  76   6   0  11 0.00  0.0    0  6.9 17 240   M    M   1        21 260
25  84  63  74   4   0   9 0.00  0.0    0  8.2 20 160   M    M   2        25 180
26  87  71  79   8   0  14 0.00  0.0    0 13.9 26 240   M    M   5        36 250
27  78  66  72   1   0   7    T  0.0    0  8.8 16 340   M    M  10 8      21 340
28  75  68  72   1   0   7 2.87  0.0    0 10.8 28  70   M    M  10 13     33  70
================================================================================
SM 2147 1627        45 120  4.21     0.0 270.6          M      108
================================================================================
AV 76.7 58.1                               9.7 FASTST   M    M   4    MAX(MPH)
                                 MISC ---->  # 32 340               # 41  330
================================================================================
NOTES:
# LAST OF SEVERAL OCCURRENCES

COLUMN 17 PEAK WIND IN M.P.H.

PRELIMINARY LOCAL CLIMATOLOGICAL DATA (WS FORM: F-6) , PAGE 2

                                          STATION:  NORTH PERRY ARPT
                                          MONTH:    FEBRUARY
                                          YEAR:     2015
                                          LATITUDE:   26  0 N
                                          LONGITUDE:  80 14 W

[TEMPERATURE DATA]      [PRECIPITATION DATA]       SYMBOLS USED IN COLUMN 16

AVERAGE MONTHLY: 67.4   TOTAL FOR MONTH:   4.21    1 = FOG OR MIST
DPTR FM NORMAL:  -1.9   DPTR FM NORMAL:    1.21    2 = FOG REDUCING VISIBILITY
HIGHEST:    87 ON 26    GRTST 24HR  2.87 ON 28-28      TO 1/4 MILE OR LESS
LOWEST:     39 ON 20                               3 = THUNDER
                        SNOW, ICE PELLETS, HAIL    4 = ICE PELLETS
                        TOTAL MONTH:   0.0 INCH    5 = HAIL
                        GRTST 24HR     0.0         6 = FREEZING RAIN OR DRIZZLE
                        GRTST DEPTH:   0           7 = DUSTSTORM OR SANDSTORM:
                                                       VSBY 1/2 MILE OR LESS
                                                   8 = SMOKE OR HAZE
[NO. OF DAYS WITH]      [WEATHER - DAYS WITH]      9 = BLOWING SNOW
                                                   X = TORNADO
MAX 32 OR BELOW:   0    0.01 INCH OR MORE:   7
MAX 90 OR ABOVE:   0    0.10 INCH OR MORE:   4
MIN 32 OR BELOW:   0    0.50 INCH OR MORE:   2
MIN  0 OR BELOW:   0    1.00 INCH OR MORE:   1

[HDD (BASE 65) ]
TOTAL THIS MO.    45    CLEAR  (SCALE 0-3)  12
DPTR FM NORMAL    15    PTCLDY (SCALE 4-7)  13
TOTAL FM JUL 1   103    CLOUDY (SCALE 8-10)  3
DPTR FM NORMAL   -31

[CDD (BASE 65) ]
TOTAL THIS MO.   120
DPTR FM NORMAL   -29    [PRESSURE DATA]
TOTAL FM JAN 1   296    HIGHEST SLP 30.37 ON 20
DPTR FM NORMAL    19    LOWEST  SLP 29.72 ON 10

[REMARKS]
#FINAL-02-15#
