000
CXUS54 KHGX 221415
CF6IAH
PRELIMINARY LOCAL CLIMATOLOGICAL DATA (WS FORM: F-6)

                                          STATION:   HOUSTON INTERCONTINENTAL
                                          MONTH:     JANUARY
                                          YEAR:      2018
                                          LATITUDE:   29 58 N
                                          LONGITUDE:  95 21 W

  TEMPERATURE IN F:       :PCPN:    SNOW:  WIND      :SUNSHINE: SKY     :PK WND
================================================================================
1   2   3   4   5  6A  6B    7    8   9   10  11  12  13   14  15   16   17  18
                                     12Z  AVG MX 2MIN
DY MAX MIN AVG DEP HDD CDD  WTR  SNW DPTH SPD SPD DIR MIN PSBL S-S WX    SPD DR
================================================================================

 1  41  30  36 -17  29   0 0.00  0.0    0 14.8 24  10   M    M   8        28  20
 2  34  29  32 -21  33   0    T    T    0  9.3 16 350   M    M  10 4      19 350
 3  48  25  37 -16  28   0 0.00  0.0    0  5.9 16 350   M    M   2 8      22 350
 4  55  26  41 -12  24   0 0.00  0.0    0  3.1 10 320   M    M   5 8      12 320
 5  57  35  46  -7  19   0 0.00  0.0    0  5.4 12 140   M    M   7        17 120
 6  66  33  50  -3  15   0 0.00  0.0    0  7.0 16 140   M    M   4        20 140
 7  69  44  57   4   8   0 0.24  0.0    0  8.3 20 140   M    M   8 13     23 210
 8  66  46  56   3   9   0 0.09  0.0    0 10.3 21 340   M    M   4        26 340
 9  54  44  49  -4  16   0 0.00  0.0    0  6.4 14  90   M    M   7 1      16 100
10  63  52  58   5   7   0    T  0.0    0  7.5 20 140   M    M  10 12     22 140
11  69  40  55   2  10   0 0.97  0.0    0 11.6 29 310   M    M   9 135    42 320
12  49  31  40 -13  25   0 0.00  0.0    0 14.5 26 320   M    M   0        34 310
13  53  30  42 -11  23   0 0.00  0.0    0  6.8 14 340   M    M   0        20 340
14  55  28  42 -11  23   0 0.00  0.0    0  6.4 12 140   M    M   1        14 110
15  67  34  51  -2  14   0    T    M    0  7.4 20 120   M    M   4 4      23 130
16  54  25  40 -13  25   0 0.35  0.1    0 16.9 29 360   M    M  10 146    36 340
17  39  19  29 -24  36   0 0.00  0.0    0  8.6 18  20   M    M   1        23  30
18  38  21  30 -23  35   0 0.00  0.0    0  4.6  9 100   M    M   7        14 110
19  57  34  46  -7  19   0 0.02  0.0    0  8.7 17 140   M    M   9 12     23 130
20  73  52  63  10   2   0 0.07  0.0    0  7.0 16 170   M    M   9 12     21 190
21  75  65  70  17   0   5 0.52  0.0    0 12.6 24 160   M    M  10 13     35 150
================================================================================
SM 1182  743       400   5  2.26     0.1 183.1          M      125
================================================================================
AV 56.3 35.4                               8.7 FASTST   M    M   6    MAX(MPH)
                                 MISC ---->  # 29 310               # 42  320
================================================================================
NOTES:
# LAST OF SEVERAL OCCURRENCES

COLUMN 17 PEAK WIND IN M.P.H.

PRELIMINARY LOCAL CLIMATOLOGICAL DATA (WS FORM: F-6) , PAGE 2

                                          STATION:  HOUSTON INTERCONTINENTAL
                                          MONTH:    JANUARY
                                          YEAR:     2018
                                          LATITUDE:   29 58 N
                                          LONGITUDE:  95 21 W

[TEMPERATURE DATA]      [PRECIPITATION DATA]       SYMBOLS USED IN COLUMN 16

AVERAGE MONTHLY: 45.8   TOTAL FOR MONTH:   2.26    1 = FOG OR MIST
DPTR FM NORMAL:  -7.2   DPTR FM NORMAL:    0.01    2 = FOG REDUCING VISIBILITY
HIGHEST:    75 ON 21    GRTST 24HR  0.97 ON 11-11      TO 1/4 MILE OR LESS
LOWEST:     19 ON 17                               3 = THUNDER
                        SNOW, ICE PELLETS, HAIL    4 = ICE PELLETS
                        TOTAL MONTH:   0.1 INCH    5 = HAIL
                        GRTST 24HR   0.1 ON 16-16  6 = FREEZING RAIN OR DRIZZLE
                        GRTST DEPTH:   0           7 = DUSTSTORM OR SANDSTORM:
                                                       VSBY 1/2 MILE OR LESS
                                                   8 = SMOKE OR HAZE
[NO. OF DAYS WITH]      [WEATHER - DAYS WITH]      9 = BLOWING SNOW
                                                   X = TORNADO
MAX 32 OR BELOW:   0    0.01 INCH OR MORE:   7
MAX 90 OR ABOVE:   0    0.10 INCH OR MORE:   4
MIN 32 OR BELOW:  10    0.50 INCH OR MORE:   2
MIN  0 OR BELOW:   0    1.00 INCH OR MORE:   0

[HDD (BASE 65) ]
TOTAL THIS MO.   400    CLEAR  (SCALE 0-3)   5
DPTR FM NORMAL   130    PTCLDY (SCALE 4-7)   7
TOTAL FM JUL 1   875    CLOUDY (SCALE 8-10)  9
DPTR FM NORMAL    66

[CDD (BASE 65) ]
TOTAL THIS MO.     5
DPTR FM NORMAL    -7    [PRESSURE DATA]
TOTAL FM JAN 1     5    HIGHEST SLP M ON M
DPTR FM NORMAL    -7    LOWEST  SLP 29.71 ON 11

[REMARKS]
