000
CXUS53 KUNR 270945
CF6ICR
PRELIMINARY LOCAL CLIMATOLOGICAL DATA (WS FORM: F-6)

                                          STATION:   WINNER REGIONAL AIRPORT SD
                                          MONTH:     JULY
                                          YEAR:      2015
                                          LATITUDE:   43 23 N
                                          LONGITUDE:  99 50 W

  TEMPERATURE IN F:       :PCPN:    SNOW:  WIND      :SUNSHINE: SKY     :PK WND
================================================================================
1   2   3   4   5  6A  6B    7    8   9   10  11  12  13   14  15   16   17  18
                                     12Z  AVG MX 2MIN
DY MAX MIN AVG DEP HDD CDD  WTR  SNW DPTH SPD SPD DIR MIN PSBL S-S WX    SPD DR
================================================================================

 1  86  64  75   2   0  10    T    M    M  7.0 15  50   M    M   3 138    19  50
 2  81  64  73   0   0   8 0.01    M    M  6.6 17  40   M    M   6 138    24  40
 3  86  60  73  -1   0   8    T    M    M  5.4 15 170   M    M   2 12     18 160
 4  94  68  81   7   0  16 0.00    M    M 15.8 23 180   M    M   0        29 170
 5  97  67  82   8   0  17 0.47    M    M 14.4 59 280   M    M   1 13     72 280
 6  78  60  69  -5   0   4 0.13    M    M 13.5 24  10   M    M   6 18     31 360
 7  76  54  65  -9   0   0 0.00    M    M  9.2 16 140   M    M   1 18     22 130
 8  75  60  68  -7   0   3 0.00    M    M 12.7 21 260   M    M   3        26 170
 9  84  58  71  -4   0   6 0.00    M    M  6.6 15 180   M    M   2 18     19 170
10  86  67  77   2   0  12 0.06    M    M 14.1 28 260   M    M   3        44 250
11  97  65  81   6   0  16 0.00    M    M 11.1 22 210   M    M   0        29 220
12  99  76  88  13   0  23 0.00    M    M 12.8 25 310   M    M   0        33 300
13  96  65  81   5   0  16 0.00    M    M  8.6 18 300   M    M   0        29 290
14  93  64  79   3   0  14 0.03    M    M  8.1 16  60   M    M   1 3      20  50
15  82  67  75  -1   0  10 0.02    M    M  8.9 18 140   M    M   5 3      23 140
16  92  66  79   3   0  14    T    M    M  9.4 20 290   M    M   2 1      28 310
17  93  69  81   5   0  16    T    M    M  9.6 20 250   M    M   0        25 170
18  86  62  74  -2   0   9 0.00    M    M 10.2 24 310   M    M   1        30 310
19  93  59  76   0   0  11 0.05    M    M  8.0 23 210   M    M   1 3      30 220
20  85  61  73  -3   0   8 0.35    M    M  9.9 35 270   M    M   1 3      45 280
21  88  59  74  -2   0   9 0.02    M    M 10.2 21 210   M    M   2 8      29 190
22  88  70  79   3   0  14 0.01    M    M 16.7 25 170   M    M   5 3      32 180
23 105  70  88  12   0  23 0.00    M    M 15.6 25 200   M    M   0 3      33 210
24  96  68  82   6   0  17 0.00    M    M  9.4 18 340   M    M   0        25 330
25  95  69  82   6   0  17 0.33    M    M 10.4 29  40   M    M   2 13     35  40
26  95  62  79   2   0  14 0.00    M    M  8.5 21 160   M    M   0 13     28 170
================================================================================
SM 2326 1674         0 315  1.48    M    272.7          M       47
================================================================================
AV 89.5 64.4                              10.5 FASTST   M    M   2    MAX(MPH)
                                 MISC ---->  # 59 280               # 72  280
================================================================================
NOTES:
# LAST OF SEVERAL OCCURRENCES

COLUMN 17 PEAK WIND IN M.P.H.

PRELIMINARY LOCAL CLIMATOLOGICAL DATA (WS FORM: F-6) , PAGE 2

                                          STATION:  WINNER REGIONAL AIRPORT SD
                                          MONTH:    JULY
                                          YEAR:     2015
                                          LATITUDE:   43 23 N
                                          LONGITUDE:  99 50 W

[TEMPERATURE DATA]      [PRECIPITATION DATA]       SYMBOLS USED IN COLUMN 16

AVERAGE MONTHLY: 76.9   TOTAL FOR MONTH:   1.48    1 = FOG OR MIST
DPTR FM NORMAL:   1.7   DPTR FM NORMAL:   -0.95    2 = FOG REDUCING VISIBILITY
HIGHEST:   105 ON 23    GRTST 24HR  0.60 ON  5- 6      TO 1/4 MILE OR LESS
LOWEST:     54 ON  7                               3 = THUNDER
                        SNOW, ICE PELLETS, HAIL    4 = ICE PELLETS
                        TOTAL MONTH:    M          5 = HAIL
                        GRTST 24HR    M  ON   M    6 = FREEZING RAIN OR DRIZZLE
                        GRTST DEPTH:  M  ON   M    7 = DUSTSTORM OR SANDSTORM:
                                                       VSBY 1/2 MILE OR LESS
                                                   8 = SMOKE OR HAZE
[NO. OF DAYS WITH]      [WEATHER - DAYS WITH]      9 = BLOWING SNOW
                                                   X = TORNADO
MAX 32 OR BELOW:   0    0.01 INCH OR MORE:  11
MAX 90 OR ABOVE:  13    0.10 INCH OR MORE:   4
MIN 32 OR BELOW:   0    0.50 INCH OR MORE:   0
MIN  0 OR BELOW:   0    1.00 INCH OR MORE:   0

[HDD (BASE 65) ]
TOTAL THIS MO.     0    CLEAR  (SCALE 0-3)  20
DPTR FM NORMAL     0    PTCLDY (SCALE 4-7)   6
TOTAL FM JUL 1     0    CLOUDY (SCALE 8-10)  0
DPTR FM NORMAL     0

[CDD (BASE 65) ]
TOTAL THIS MO.   315
DPTR FM NORMAL    43    [PRESSURE DATA]
TOTAL FM JAN 1   568    HIGHEST SLP M ON M
DPTR FM NORMAL   121    LOWEST  SLP 29.45 ON  5

[REMARKS]
