000
CXUS53 KICT 200800
CF6ICT
PRELIMINARY LOCAL CLIMATOLOGICAL DATA (WS FORM: F-6)

                                          STATION:   WICHITA EISENHOWER NATIONAL
                                          MONTH:     FEBRUARY
                                          YEAR:      2018
                                          LATITUDE:   37 39 N
                                          LONGITUDE:  97 25 W

  TEMPERATURE IN F:       :PCPN:    SNOW:  WIND      :SUNSHINE: SKY     :PK WND
================================================================================
1   2   3   4   5  6A  6B    7    8   9   10  11  12  13   14  15   16   17  18
                                     12Z  AVG MX 2MIN
DY MAX MIN AVG DEP HDD CDD  WTR  SNW DPTH SPD SPD DIR MIN PSBL S-S WX    SPD DR
================================================================================

 1  41  22  32  -2  33   0 0.00  0.0    0 12.5 28  20   M    M   6        35  30
 2  42  13  28  -6  37   0 0.00  0.0    0 10.8 22 170   M    M   3        26 190
 3  54  31  43   9  22   0 0.00  0.0    0 12.6 26 180   M    M   6        32 180
 4  43  11  27  -7  38   0    T    T    0 16.4 35 360   M    M   6        44  10
 5  42   8  25  -9  40   0 0.00  0.0    0 14.0 28 350   M    M   5        34 350
 6  31  16  24 -11  41   0 0.00  0.0    0 10.0 21  40   M    M   8        24  10
 7  39  13  26  -9  39   0 0.00  0.0    0  6.1 14 360   M    M   2        19 360
 8  60  20  40   5  25   0 0.00  0.0    0 13.6 24 170   M    M   3        29 180
 9  44  20  32  -3  33   0 0.00  0.0    0 16.2 26  20   M    M   7 8      33  20
10  21  15  18 -18  47   0    T    T    0 16.4 25 360   M    M  10 169    31 360
11  40  15  28  -8  37   0    T    T    0  8.1 20 350   M    M   4 1      27 350
12  44  11  28  -8  37   0 0.00  0.0    0 10.3 20 110   M    M   3        27 120
13  57  24  41   5  24   0 0.00  0.0    0 12.0 24 180   M    M   5        32 190
14  72  39  56  19   9   0 0.00  0.0    0 14.7 21 210   M    M   8 18     25 190
15  72  40  56  19   9   0 0.00  0.0    0 15.5 29  10   M    M   9        43  10
16  41  25  33  -4  32   0 0.00  0.0    0 13.1 32 360   M    M   7        45  20
17  61  31  46   8  19   0 0.00  0.0    0 11.6 28 340   M    M   4        36 340
18  59  31  45   7  20   0 0.00  0.0    0 21.3 37 170   M    M   6        43 180
19  63  29  46   8  19   0    T    M    0 16.9 32 190   M    M  10 168    39 190
================================================================================
SM  926  414       561   0    T     T    252.1          M      112
================================================================================
AV 48.7 21.8                              13.3 FASTST   M    M   6    MAX(MPH)
                                 MISC ---->  # 37 170               # 45   20
================================================================================
NOTES:
# LAST OF SEVERAL OCCURRENCES

COLUMN 17 PEAK WIND IN M.P.H.

PRELIMINARY LOCAL CLIMATOLOGICAL DATA (WS FORM: F-6) , PAGE 2

                                          STATION:  WICHITA EISENHOWER NATIONAL
                                          MONTH:    FEBRUARY
                                          YEAR:     2018
                                          LATITUDE:   37 39 N
                                          LONGITUDE:  97 25 W

[TEMPERATURE DATA]      [PRECIPITATION DATA]       SYMBOLS USED IN COLUMN 16

AVERAGE MONTHLY: 35.3   TOTAL FOR MONTH:      T    1 = FOG OR MIST
DPTR FM NORMAL:  -0.5   DPTR FM NORMAL:   -0.76    2 = FOG REDUCING VISIBILITY
HIGHEST:    72 ON 15,14 GRTST 24HR    T  ON 19-19      TO 1/4 MILE OR LESS
LOWEST:      8 ON  5                               3 = THUNDER
                        SNOW, ICE PELLETS, HAIL    4 = ICE PELLETS
                        TOTAL MONTH:    T          5 = HAIL
                        GRTST 24HR    T  ON 11-11  6 = FREEZING RAIN OR DRIZZLE
                        GRTST DEPTH:   0           7 = DUSTSTORM OR SANDSTORM:
                                                       VSBY 1/2 MILE OR LESS
                                                   8 = SMOKE OR HAZE
[NO. OF DAYS WITH]      [WEATHER - DAYS WITH]      9 = BLOWING SNOW
                                                   X = TORNADO
MAX 32 OR BELOW:   2    0.01 INCH OR MORE:   0
MAX 90 OR ABOVE:   0    0.10 INCH OR MORE:   0
MIN 32 OR BELOW:  17    0.50 INCH OR MORE:   0
MIN  0 OR BELOW:   0    1.00 INCH OR MORE:   0

[HDD (BASE 65) ]
TOTAL THIS MO.   561    CLEAR  (SCALE 0-3)   2
DPTR FM NORMAL     7    PTCLDY (SCALE 4-7)  13
TOTAL FM JUL 1  3108    CLOUDY (SCALE 8-10)  4
DPTR FM NORMAL  -306

[CDD (BASE 65) ]
TOTAL THIS MO.     0
DPTR FM NORMAL     0    [PRESSURE DATA]
TOTAL FM JAN 1     0    HIGHEST SLP M ON M
DPTR FM NORMAL     0    LOWEST  SLP 29.56 ON 19

[REMARKS]
