000
CXUS55 KPIH 011200
CF6IDA

PRELIMINARY LOCAL CLIMATOLOGICAL DATA (WS FORM: F-6)

                                          STATION:   IDAHO FALLS ID
                                          MONTH:     SEPTEMBER
                                          YEAR:      2014
                                          LATITUDE:   43 31 N
                                          LONGITUDE: 112  4 W

  TEMPERATURE IN F:       :PCPN:    SNOW:  WIND      :SUNSHINE: SKY     :PK WND
================================================================================
1   2   3   4   5  6A  6B    7    8   9   10  11  12  13   14  15   16   17  18
                                     12Z  AVG MX 2MIN
DY MAX MIN AVG DEP HDD CDD  WTR  SNW DPTH SPD SPD DIR MIN PSBL S-S WX    SPD DR
================================================================================

 1  74  44  59  -4   6   0 0.00    M    M 10.0 20 200   M    M   0        24 200
 2  81  40  61  -2   4   0 0.00    M    M  9.7 23 210   M    M   0        30 220
 3  74  43  59  -3   6   0 0.00    M    M 19.3 38 210   M    M   0 78     45 210
 4  71  33  52 -10  13   0 0.00    M    M  6.4 17  30   M    M   0 7      22  40
 5  78  37  58  -4   7   0 0.00    M    M  8.4 18  30   M    M   0        22  40
 6  83  38  61   0   4   0 0.00    M    M  6.2 13  30   M    M   1        15  20
 7  87  45  66   5   0   1 0.00    M    M  8.2 29 330   M    M   2        38 300
 8  84  41  63   3   2   0 0.00    M    M  8.1 22 170   M    M   3        28 160
 9  81  46  64   4   1   0 0.00    M    M 12.6 31 220   M    M   1 8      40 240
10  72  44  58  -2   7   0 0.00    M    M 14.4 26 210   M    M   1        32 200
11  60  33  47 -12  18   0 0.00    M    M 12.3 25  10   M    M   3        31  30
12  69  24  47 -12  18   0 0.00    M    M  4.6 14 210   M    M   0 8      17 200
13  79  31  55  -3  10   0 0.00    M    M  5.4 13 180   M    M   0        16 190
14  83  36  60   2   5   0 0.00    M    M  5.3 15 210   M    M   0 8      21 230
15  86  42  64   6   1   0 0.00    M    M  3.8 14 200   M    M   2 8      17 180
16  87  45  66   9   0   1 0.00    M    M  3.8 13 360   M    M   2        15  10
17  90  51  71  14   0   6    T    M    M  3.7 16 340   M    M   2 3      20 340
18  86  55  71  15   0   6 0.02    M    M  9.3 28 190   M    M   5 3      37 200
19  81  47  64   8   1   0 0.00    M    M 10.8 22 210   M    M   0 8      27 210
20  82  43  63   7   2   0 0.00    M    M  3.8 10 360   M    M   0        14  10
21  80  49  65  10   0   0 0.08    M    M  9.4 23 210   M    M   4 1      27 170
22  73  51  62   7   3   0 0.01    M    M  7.0 20 230   M    M   7 12     25 210
23  79  45  62   8   3   0 0.00    M    M  4.5 13 230   M    M   1 1      16 220
24  88  50  69  15   0   4 0.00    M    M  7.0 21 210   M    M   0        26 200
25  89  47  68  15   0   3 0.00    M    M  9.7 31 210   M    M   0        37 210
26  77  51  64  11   1   0 0.31    M    M 10.3 26 210   M    M   4 13     33 220
27  63  54  59   7   6   0 0.98    M    M  5.7 14 210   M    M   9 1      20 210
28  63  42  53   1  12   0 0.88    M    M  5.3 21 180   M    M   7 13     26 180
29  61  41  51  -1  14   0 0.00    M    M  7.3 21 210   M    M   6 1      25 220
30  59  44  52   1  13   0 0.21    M    M 15.5 26 210   M    M   9 1      34 210
================================================================================
SM 2320 1292       157  21  2.49    M    247.8          M       69
================================================================================
AV 77.3 43.1                               8.3 FASTST   M    M   2    MAX(MPH)
                                 MISC ---->  # 38 210               # 45  210
================================================================================
NOTES:
# LAST OF SEVERAL OCCURRENCES

COLUMN 17 PEAK WIND IN M.P.H.

PRELIMINARY LOCAL CLIMATOLOGICAL DATA (WS FORM: F-6) , PAGE 2

                                          STATION:  IDAHO FALLS ID
                                          MONTH:    SEPTEMBER
                                          YEAR:     2014
                                          LATITUDE:   43 31 N
                                          LONGITUDE: 112  4 W

[TEMPERATURE DATA]      [PRECIPITATION DATA]       SYMBOLS USED IN COLUMN 16

AVERAGE MONTHLY: 60.2   TOTAL FOR MONTH:   2.49    1 = FOG OR MIST
DPTR FM NORMAL:   2.9   DPTR FM NORMAL:    1.65    2 = FOG REDUCING VISIBILITY
HIGHEST:    90 ON 17    GRTST 24HR  1.17 ON 26-27      TO 1/4 MILE OR LESS
LOWEST:     24 ON 12                               3 = THUNDER
                        SNOW, ICE PELLETS, HAIL    4 = ICE PELLETS
                        TOTAL MONTH:    M          5 = HAIL
                        GRTST 24HR    M  ON   M    6 = FREEZING RAIN OR DRIZZLE
                        GRTST DEPTH:  M  ON   M    7 = DUSTSTORM OR SANDSTORM:
                                                       VSBY 1/2 MILE OR LESS
                                                   8 = SMOKE OR HAZE
[NO. OF DAYS WITH]      [WEATHER - DAYS WITH]      9 = BLOWING SNOW
                                                   X = TORNADO
MAX 32 OR BELOW:   0    0.01 INCH OR MORE:   7
MAX 90 OR ABOVE:   1    0.10 INCH OR MORE:   4
MIN 32 OR BELOW:   2    0.50 INCH OR MORE:   2
MIN  0 OR BELOW:   0    1.00 INCH OR MORE:   0

[HDD (BASE 65) ]
TOTAL THIS MO.   157    CLEAR  (SCALE 0-3)  22
DPTR FM NORMAL   -86    PTCLDY (SCALE 4-7)   6
TOTAL FM JUL 1   212    CLOUDY (SCALE 8-10)  2
DPTR FM NORMAL   -96

[CDD (BASE 65) ]
TOTAL THIS MO.    21
DPTR FM NORMAL     9    [PRESSURE DATA]
TOTAL FM JAN 1   303    HIGHEST SLP 30.39 ON 12
DPTR FM NORMAL    39    LOWEST  SLP 29.63 ON  3

[REMARKS]
