486
CXUS53 KUNR 210945
CF6IEN
PRELIMINARY LOCAL CLIMATOLOGICAL DATA (WS FORM: F-6)

                                          STATION:   PINE RIDGE SD
                                          MONTH:     OCTOBER
                                          YEAR:      2017
                                          LATITUDE:   43  1 N
                                          LONGITUDE: 102 31 W

  TEMPERATURE IN F:       :PCPN:    SNOW:  WIND      :SUNSHINE: SKY     :PK WND
================================================================================
1   2   3   4   5  6A  6B    7    8   9   10  11  12  13   14  15   16   17  18
                                     12Z  AVG MX 2MIN
DY MAX MIN AVG DEP HDD CDD  WTR  SNW DPTH SPD SPD DIR MIN PSBL S-S WX    SPD DR
================================================================================

 1  67  40  54   0  11   0 0.02    M    M 10.2 31 270   M    M   3        40 260
 2  50  41  46  -8  19   0 0.36    M    M  2.6  8 290   M    M   9 1      11 290
 3  60  33  47  -6  18   0 0.02    M    M  6.9 20 300   M    M   5 1      25 290
 4  60  28  44  -9  21   0 0.00    M    M  8.7 21 160   M    M   6        29 170
 5  68  46  57   5   8   0    T    M    M  7.0 15 210   M    M   3 3      19 360
 6  58  39  49  -3  16   0 0.29    M    M  3.5 12  60   M    M   8 12     15  70
 7  80  37  59   7   6   0 0.00    M    M  8.6 23 240   M    M   0 12     27 240
 8  59  34  47  -4  18   0 0.00    M    M  9.4 16 360   M    M   0        24 360
 9  52  25  39 -12  26   0 0.00    M    M  6.2 18  10   M    M   1        23  40
10  63  20  42  -8  23   0 0.00    M    M  7.5 16 190   M    M   0        23 210
11  76  39  58   8   7   0 0.00    M    M 12.1 20 190   M    M   0        29 200
12  68  35  52   2  13   0    T    M    M  7.0 20  20   M    M   3        24  20
13  67  32  50   1  15   0 0.00    M    M 10.3 24 200   M    M   2 1      30 210
14  52  25  39 -10  26   0 0.12    M    M  7.7 21 330   M    M   7 13     27 340
15  63  27  45  -3  20   0 0.00    M    M  5.7 20 280   M    M   0        25 280
16  74  32  53   5  12   0 0.00    M    M  5.1 17 310   M    M   0 8      21 300
17  79  27  53   5  12   0 0.00    M    M  4.9 16 240   M    M   0        21 250
18  69  40  55   8  10   0 0.00    M    M  9.2 24 190   M    M   0 8      33 180
19  85  50  68  21   0   3 0.00    M    M 12.0 23 190   M    M   0        31 190
20  83  52  68  22   0   3    T    M    M 12.7 33 270   M    M   1        43 260
================================================================================
SM 1333  702       281   6  0.81    M    157.3          M       48
================================================================================
AV 66.7 35.1                               7.9 FASTST   M    M   2    MAX(MPH)
                                 MISC ---->  # 33 270               # 43  260
================================================================================
NOTES:
# LAST OF SEVERAL OCCURRENCES

COLUMN 17 PEAK WIND IN M.P.H.

PRELIMINARY LOCAL CLIMATOLOGICAL DATA (WS FORM: F-6) , PAGE 2

                                          STATION:  PINE RIDGE SD
                                          MONTH:    OCTOBER
                                          YEAR:     2017
                                          LATITUDE:   43  1 N
                                          LONGITUDE: 102 31 W

[TEMPERATURE DATA]      [PRECIPITATION DATA]       SYMBOLS USED IN COLUMN 16

AVERAGE MONTHLY: 50.9   TOTAL FOR MONTH:   0.81    1 = FOG OR MIST
DPTR FM NORMAL:   0.7   DPTR FM NORMAL:   -0.01    2 = FOG REDUCING VISIBILITY
HIGHEST:    85 ON 19    GRTST 24HR  0.36 ON  2- 2      TO 1/4 MILE OR LESS
LOWEST:     20 ON 10                               3 = THUNDER
                        SNOW, ICE PELLETS, HAIL    4 = ICE PELLETS
                        TOTAL MONTH:    M          5 = HAIL
                        GRTST 24HR    M  ON   M    6 = FREEZING RAIN OR DRIZZLE
                        GRTST DEPTH:  M  ON   M    7 = DUSTSTORM OR SANDSTORM:
                                                       VSBY 1/2 MILE OR LESS
                                                   8 = SMOKE OR HAZE
[NO. OF DAYS WITH]      [WEATHER - DAYS WITH]      9 = BLOWING SNOW
                                                   X = TORNADO
MAX 32 OR BELOW:   0    0.01 INCH OR MORE:   5
MAX 90 OR ABOVE:   0    0.10 INCH OR MORE:   3
MIN 32 OR BELOW:   8    0.50 INCH OR MORE:   0
MIN  0 OR BELOW:   0    1.00 INCH OR MORE:   0

[HDD (BASE 65) ]
TOTAL THIS MO.   281    CLEAR  (SCALE 0-3)  13
DPTR FM NORMAL   -19    PTCLDY (SCALE 4-7)   6
TOTAL FM JUL 1   461    CLOUDY (SCALE 8-10)  1
DPTR FM NORMAL   -61

[CDD (BASE 65) ]
TOTAL THIS MO.     6
DPTR FM NORMAL     6    [PRESSURE DATA]
TOTAL FM JAN 1   780    HIGHEST SLP M ON M
DPTR FM NORMAL    66    LOWEST  SLP 29.03 ON 20

[REMARKS]
