000
CXUS55 KVEF 280940
CF6IGM
PRELIMINARY LOCAL CLIMATOLOGICAL DATA (WS FORM: F-6)

                                          STATION:   KINGMAN AZ
                                          MONTH:     DECEMBER
                                          YEAR:      2014
                                          LATITUDE:   35 16 N
                                          LONGITUDE: 113 57 W

  TEMPERATURE IN F:       :PCPN:    SNOW:  WIND      :SUNSHINE: SKY     :PK WND
================================================================================
1   2   3   4   5  6A  6B    7    8   9   10  11  12  13   14  15   16   17  18
                                     12Z  AVG MX 2MIN
DY MAX MIN AVG DEP HDD CDD  WTR  SNW DPTH SPD SPD DIR MIN PSBL S-S WX    SPD DR
================================================================================

 1  63  38  51   6  14   0 0.00  0.0    0  6.8 17 120   M    M   0        20 120
 2  62  40  51   6  14   0 0.10  0.0    0  5.0 22 220   M    M   4        28 210
 3  58  48  53   8  12   0 0.14  0.0    0  3.4 10 120   M    M  10        13 120
 4  61  50  56  12   9   0 0.21  0.0    0  6.7 18 240   M    M   7 3      21 230
 5  63  45  54  10  11   0 0.00  0.0    0  2.9 12  60   M    M   4        15  80
 6  64  41  53   9  12   0 0.00  0.0    0  4.4 10 130   M    M   0        12 350
 7  65  37  51   7  14   0 0.00  0.0    0  6.1 13  30   M    M   0        16  30
 8  61  39  50   6  15   0 0.00  0.0    0  4.7 10  10   M    M   0        14  30
 9  64  35  50   7  15   0 0.00  0.0    0  5.2 13 130   M    M   0        16  50
10  67  35  51   8  14   0 0.00  0.0    0  4.2 10 120   M    M   0        16  50
11  62  43  53  10  12   0 0.00  0.0    0  6.2 16 150   M    M   0        19 140
12  63  43  53  10  12   0 0.36  0.0    0 12.7 28 230   M    M   3        38 220
13  50  37  44   1  21   0 0.05  0.0    0  6.9 18 240   M    M   6 3      23 200
14  53  29  41  -2  24   0 0.00  0.0    0  2.9  9 350   M    M   0        12 340
15  49  28  39  -3  26   0 0.00  0.0    0  4.6 10 130   M    M   0        11 130
16  54  32  43   1  22   0    T  0.0    0  5.8 13 230   M    M   3        16 230
17  48  34  41  -1  24   0 0.02  0.0    0  5.6 14 220   M    M   7 1      17 220
18  52  35  44   2  21   0 0.01  0.0    0  4.9 10 120   M    M   6        12 120
19  55  28  42   0  23   0 0.00  0.0    0  4.2 15 100   M    M   0        16 100
20  55  28  42   0  23   0 0.00  0.0    0  3.9 13 230   M    M   0        15 220
21  56  31  44   2  21   0 0.00  0.0    0  2.5  8 110   M    M   0        13 350
22  67  33  50   8  15   0 0.00  0.0    0  4.6 13  10   M    M   0        17 360
23  57  31  44   2  21   0 0.00  0.0    0 11.3 21  10   M    M   0        26  30
24  55  30  43   1  22   0 0.00  0.0    0  7.3 18 230   M    M   0        22 230
25  49  22  36  -6  29   0 0.00  0.0    0 12.0 28 350   M    M   4        36 210
26  45  21  33  -9  32   0 0.00  0.0    0  7.6 20 330   M    M   0        24 340
27  45  20  33  -9  32   0 0.00  0.0    0  8.2 16 360   M    M   0        20 360
================================================================================
SM 1543  933       510   0  0.89     0.0 160.6          M       54
================================================================================
AV 57.1 34.6                               5.9 FASTST   M    M   2    MAX(MPH)
                                 MISC ---->  # 28 230               # 38  220
================================================================================
NOTES:
# LAST OF SEVERAL OCCURRENCES

COLUMN 17 PEAK WIND IN M.P.H.

PRELIMINARY LOCAL CLIMATOLOGICAL DATA (WS FORM: F-6) , PAGE 2

                                          STATION:  KINGMAN AZ
                                          MONTH:    DECEMBER
                                          YEAR:     2014
                                          LATITUDE:   35 16 N
                                          LONGITUDE: 113 57 W

[TEMPERATURE DATA]      [PRECIPITATION DATA]       SYMBOLS USED IN COLUMN 16

AVERAGE MONTHLY: 45.9   TOTAL FOR MONTH:   0.89    1 = FOG OR MIST
DPTR FM NORMAL:   2.9   DPTR FM NORMAL:    0.26    2 = FOG REDUCING VISIBILITY
HIGHEST:    67 ON 22,10 GRTST 24HR  0.41 ON 12-13      TO 1/4 MILE OR LESS
LOWEST:     20 ON 27                               3 = THUNDER
                        SNOW, ICE PELLETS, HAIL    4 = ICE PELLETS
                        TOTAL MONTH:   0.0 INCH    5 = HAIL
                        GRTST 24HR     0.0         6 = FREEZING RAIN OR DRIZZLE
                        GRTST DEPTH:   0           7 = DUSTSTORM OR SANDSTORM:
                                                       VSBY 1/2 MILE OR LESS
                                                   8 = SMOKE OR HAZE
[NO. OF DAYS WITH]      [WEATHER - DAYS WITH]      9 = BLOWING SNOW
                                                   X = TORNADO
MAX 32 OR BELOW:   0    0.01 INCH OR MORE:   7
MAX 90 OR ABOVE:   0    0.10 INCH OR MORE:   4
MIN 32 OR BELOW:  11    0.50 INCH OR MORE:   0
MIN  0 OR BELOW:   0    1.00 INCH OR MORE:   0

[HDD (BASE 65) ]
TOTAL THIS MO.   510    CLEAR  (SCALE 0-3)  18
DPTR FM NORMAL   -84    PTCLDY (SCALE 4-7)   8
TOTAL FM JUL 1   924    CLOUDY (SCALE 8-10)  1
DPTR FM NORMAL  -236

[CDD (BASE 65) ]
TOTAL THIS MO.     0
DPTR FM NORMAL     0    [PRESSURE DATA]
TOTAL FM JAN 1  2070    HIGHEST SLP M ON M
DPTR FM NORMAL   -23    LOWEST  SLP 29.55 ON 25

[REMARKS]
