000
CXUS51 KPHI 300800
CF6ILG
PRELIMINARY LOCAL CLIMATOLOGICAL DATA (WS FORM: F-6)

                                          STATION:   WILMINGTON DE
                                          MONTH:     MAY
                                          YEAR:      2015
                                          LATITUDE:   39 40 N
                                          LONGITUDE:  75 36 W

  TEMPERATURE IN F:       :PCPN:    SNOW:  WIND      :SUNSHINE: SKY     :PK WND
================================================================================
1   2   3   4   5  6A  6B    7    8   9   10  11  12  13   14  15   16   17  18
                                     12Z  AVG MX 2MIN
DY MAX MIN AVG DEP HDD CDD  WTR  SNW DPTH SPD SPD DIR MIN PSBL S-S WX    SPD DR
================================================================================

 1  62  47  55  -3  10   0 0.00  0.0    0  8.4 18  50   M    M   6        25  50
 2  71  44  58   0   7   0 0.00  0.0    0  6.4 20 170   M    M   4        25 170
 3  81  50  66   7   0   1 0.00  0.0    0  6.5 17 330   M    M   3        21 290
 4  84  51  68   9   0   3 0.00  0.0    0  7.9 21 200   M    M   0 8      27 200
 5  83  60  72  13   0   7 0.01  0.0    0  6.4 15 260   M    M   4        19 250
 6  76  61  69   9   0   4 0.02  0.0    0  8.1 21  60   M    M   5 128    26  40
 7  76  58  67   7   0   2 0.00  0.0    0  7.3 15 170   M    M   4        19 180
 8  78  57  68   8   0   3 0.00  0.0    0  7.6 17 160   M    M   4 128    20 160
 9  79  60  70   9   0   5    T  0.0    0  7.4 17 170   M    M   7 128    22 170
10  81  63  72  11   0   7 0.43  0.0    0  6.1 15 240   M    M   7 12     19 240
11  81  66  74  13   0   9 0.01  0.0    0  6.9 15 170   M    M   5 1      20 180
12  85  64  75  13   0  10 0.00  0.0    0 10.7 29 320   M    M   4 12     39 310
13  70  52  61  -1   4   0 0.00  0.0    0 14.4 30 320   M    M   5        39 330
14  72  47  60  -2   5   0 0.00  0.0    0  6.4 14  30   M    M   0        19  30
15  73  51  62   0   3   0    T  0.0    0  8.9 22 160   M    M   2        26 160
16  84  59  72   9   0   7 0.06  0.0    0  6.0 22 280   M    M   2        27 280
17  83  68  76  13   0  11    T  0.0    0  5.3 14 290   M    M   3 1      16 250
18  86  62  74  11   0   9 0.91  0.0    0  6.4 21  80   M    M   5 138    24  80
19  81  61  71   7   0   6 0.25  0.0    0  4.5 28 320   M    M   5 138    34 310
20  68  51  60  -4   5   0 0.00  0.0    0 12.2 23 320   M    M   1        28 310
21  56  50  53 -11  12   0 0.15  0.0    0  4.9 14  30   M    M   8 1      16  30
22  75  48  62  -3   3   0 0.00  0.0    0 13.2 26 280   M    M   2        37 280
23  71  48  60  -5   5   0 0.00  0.0    0  5.9 15 330   M    M   0        18 330
24  79  46  63  -2   2   0 0.00  0.0    0  5.9 15 230   M    M   0        20 250
25  84  62  73   7   0   8 0.00  0.0    0 10.2 22 210   M    M   0        29 230
26  86  63  75   9   0  10 0.00  0.0    0  9.3 21 250   M    M   1        24 250
27  87  70  79  13   0  14 0.00  0.0    0  9.2 23 290   M    M   7 3      31 270
28  87  69  78  12   0  13 0.55  0.0    0  5.1 25 160   M    M   3 3      35 210
29  83  66  75   8   0  10 0.00  0.0    0  9.4 20 170   M    M   3        22 170
================================================================================
SM 2262 1654        56 139  2.39     0.0 226.9          M      100
================================================================================
AV 78.0 57.0                               7.8 FASTST   M    M   3    MAX(MPH)
                                 MISC ---->  # 30 320               # 39  310
================================================================================
NOTES:
# LAST OF SEVERAL OCCURRENCES

COLUMN 17 PEAK WIND IN M.P.H.

PRELIMINARY LOCAL CLIMATOLOGICAL DATA (WS FORM: F-6) , PAGE 2

                                          STATION:  WILMINGTON DE
                                          MONTH:    MAY
                                          YEAR:     2015
                                          LATITUDE:   39 40 N
                                          LONGITUDE:  75 36 W

[TEMPERATURE DATA]      [PRECIPITATION DATA]       SYMBOLS USED IN COLUMN 16

AVERAGE MONTHLY: 67.5   TOTAL FOR MONTH:   2.39    1 = FOG OR MIST
DPTR FM NORMAL:   5.1   DPTR FM NORMAL:   -1.28    2 = FOG REDUCING VISIBILITY
HIGHEST:    87 ON 28,27 GRTST 24HR  1.03 ON 18-19      TO 1/4 MILE OR LESS
LOWEST:     44 ON  2                               3 = THUNDER
                        SNOW, ICE PELLETS, HAIL    4 = ICE PELLETS
                        TOTAL MONTH:   0.0 INCH    5 = HAIL
                        GRTST 24HR     0.0         6 = FREEZING RAIN OR DRIZZLE
                        GRTST DEPTH:   0           7 = DUSTSTORM OR SANDSTORM:
                                                       VSBY 1/2 MILE OR LESS
                                                   8 = SMOKE OR HAZE
[NO. OF DAYS WITH]      [WEATHER - DAYS WITH]      9 = BLOWING SNOW
                                                   X = TORNADO
MAX 32 OR BELOW:   0    0.01 INCH OR MORE:   9
MAX 90 OR ABOVE:   0    0.10 INCH OR MORE:   5
MIN 32 OR BELOW:   0    0.50 INCH OR MORE:   2
MIN  0 OR BELOW:   0    1.00 INCH OR MORE:   0

[HDD (BASE 65) ]
TOTAL THIS MO.    56    CLEAR  (SCALE 0-3)  12
DPTR FM NORMAL   -74    PTCLDY (SCALE 4-7)  17
TOTAL FM JUL 1  5057    CLOUDY (SCALE 8-10)  0
DPTR FM NORMAL   258

[CDD (BASE 65) ]
TOTAL THIS MO.   139
DPTR FM NORMAL    80    [PRESSURE DATA]
TOTAL FM JAN 1   143    HIGHEST SLP M ON M
DPTR FM NORMAL    72    LOWEST  SLP 29.80 ON M

[REMARKS]
