000
CXUS53 KIND 290730
CF6IND
PRELIMINARY LOCAL CLIMATOLOGICAL DATA (WS FORM: F-6)

                                          STATION:   INDIANAPOLIS IN
                                          MONTH:     MARCH
                                          YEAR:      2015
                                          LATITUDE:   39 43 N
                                          LONGITUDE:  86 17 W

  TEMPERATURE IN F:       :PCPN:    SNOW:  WIND      :SUNSHINE: SKY     :PK WND
================================================================================
1   2   3   4   5  6A  6B    7    8   9   10  11  12  13   14  15   16   17  18
                                     12Z  AVG MX 2MIN
DY MAX MIN AVG DEP HDD CDD  WTR  SNW DPTH SPD SPD DIR MIN PSBL S-S WX    SPD DR
================================================================================

 1  31  22  27 -10  38   0 0.53  5.9   11  4.7 17 300   M    M  10 128    22 320
 2  34  14  24 -13  41   0 0.00  0.0   11  6.4 17 330   M    M   8        23 320
 3  40  26  33  -4  32   0 0.28  0.0    9 11.6 22 250   M    M  10 168    27 250
 4  35  19  27 -11  38   0 0.07    T    7 11.8 22 310   M    M  10 148    27 320
 5  23   8  16 -22  49   0 0.00  0.0    6  9.6 17 340   M    M   6        20 330
 6  30   2  16 -22  49   0 0.00  0.0    6  9.6 18 180   M    M   2        23 190
 7  42  21  32  -7  33   0 0.00  0.0    6 13.7 24 230   M    M   4        29 220
 8  49  27  38  -1  27   0 0.00  0.0    5  5.4 14 170   M    M   5 18     16 170
 9  48  31  40   0  25   0 0.00  0.0    2  5.3 13 190   M    M   6 18     16 220
10  49  40  45   5  20   0 0.40  0.0    T  5.3 10 350   M    M  10 128    12 140
11  64  34  49   9  16   0 0.00  0.0    0  6.1 21  10   M    M   6 128    26  10
12  60  31  46   5  19   0 0.00  0.0    0 10.8 22 110   M    M   6 18     28 110
13  53  42  48   7  17   0 0.51  0.0    0  5.7 14 100   M    M  10 1      16 110
14  59  43  51   9  14   0 0.43  0.0    0  9.1 20 320   M    M   9 1      25 320
15  65  33  49   7  16   0 0.00  0.0    0  6.9 16 230   M    M   7        20 220
16  74  47  61  19   4   0 0.00  0.0    0 14.2 23 220   M    M   7        28 220
17  60  33  47   4  18   0 0.00  0.0    0 15.8 25 360   M    M   3        32 350
18  46  27  37  -6  28   0 0.00  0.0    0  5.7 14 120   M    M   8        17 120
19  50  40  45   2  20   0 0.02  0.0    0 11.3 20 120   M    M  10        25 100
20  48  39  44   0  21   0 0.03  0.0    0  6.2 13 270   M    M  10 18     15 270
21  63  34  49   5  16   0 0.00  0.0    0  9.9 20 260   M    M   5 18     23 260
22  52  36  44   0  21   0 0.00  0.0    0 11.5 17  60   M    M   6        26  50
23  41  30  36  -9  29   0 0.03    T    0 13.4 21  80   M    M   7 4      25  90
24  44  26  35 -10  30   0 0.04  0.0    0 12.5 20 110   M    M   9 18     25 110
25  54  42  48   2  17   0 0.63  0.0    0 10.5 22 230   M    M   9 138    29 240
26  45  34  40  -6  25   0 0.50  0.0    0 11.4 20 330   M    M   8 18     22 320
27  35  21  28 -18  37   0    T    T    0 12.1 24 330   M    M   6        29 330
28  40  17  29 -18  36   0 0.00  0.0    0  5.6 13 350   M    M   2        16 350
================================================================================
SM 1334  819       736   0  3.47     5.9 262.1          M      199
================================================================================
AV 47.6 29.2                               9.4 FASTST   M    M   7    MAX(MPH)
                                 MISC ---->  # 25 360               # 32  350
================================================================================
NOTES:
# LAST OF SEVERAL OCCURRENCES

COLUMN 17 PEAK WIND IN M.P.H.

PRELIMINARY LOCAL CLIMATOLOGICAL DATA (WS FORM: F-6) , PAGE 2

                                          STATION:  INDIANAPOLIS IN
                                          MONTH:    MARCH
                                          YEAR:     2015
                                          LATITUDE:   39 43 N
                                          LONGITUDE:  86 17 W

[TEMPERATURE DATA]      [PRECIPITATION DATA]       SYMBOLS USED IN COLUMN 16

AVERAGE MONTHLY: 38.4   TOTAL FOR MONTH:   3.47    1 = FOG OR MIST
DPTR FM NORMAL:  -3.2   DPTR FM NORMAL:    0.30    2 = FOG REDUCING VISIBILITY
HIGHEST:    74 ON 16    GRTST 24HR  0.63 ON 25-25      TO 1/4 MILE OR LESS
LOWEST:      2 ON  6                               3 = THUNDER
                        SNOW, ICE PELLETS, HAIL    4 = ICE PELLETS
                        TOTAL MONTH:   5.9 INCHES  5 = HAIL
                        GRTST 24HR   5.9 ON   M    6 = FREEZING RAIN OR DRIZZLE
                        GRTST DEPTH:  11 ON  2, 1  7 = DUSTSTORM OR SANDSTORM:
                                                       VSBY 1/2 MILE OR LESS
                                                   8 = SMOKE OR HAZE
[NO. OF DAYS WITH]      [WEATHER - DAYS WITH]      9 = BLOWING SNOW
                                                   X = TORNADO
MAX 32 OR BELOW:   3    0.01 INCH OR MORE:  12
MAX 90 OR ABOVE:   0    0.10 INCH OR MORE:   7
MIN 32 OR BELOW:  15    0.50 INCH OR MORE:   4
MIN  0 OR BELOW:   0    1.00 INCH OR MORE:   0

[HDD (BASE 65) ]
TOTAL THIS MO.   736    CLEAR  (SCALE 0-3)   2
DPTR FM NORMAL    83    PTCLDY (SCALE 4-7)  14
TOTAL FM JUL 1  5462    CLOUDY (SCALE 8-10) 12
DPTR FM NORMAL   666

[CDD (BASE 65) ]
TOTAL THIS MO.     0
DPTR FM NORMAL     0    [PRESSURE DATA]
TOTAL FM JAN 1     0    HIGHEST SLP M ON M
DPTR FM NORMAL     0    LOWEST  SLP 29.74 ON  3

[REMARKS]
