000
CXUS54 KFWD 230730
CF6INJ
PRELIMINARY LOCAL CLIMATOLOGICAL DATA (WS FORM: F-6)

                                          STATION:   HILLSBORO
                                          MONTH:     APRIL
                                          YEAR:      2014
                                          LATITUDE:   32  0 N
                                          LONGITUDE:  97  6 W

  TEMPERATURE IN F:       :PCPN:    SNOW:  WIND      :SUNSHINE: SKY     :PK WND
================================================================================
1   2   3   4   5  6A  6B    7    8   9   10  11  12  13   14  15   16   17  18
                                     12Z  AVG MX 2MIN
DY MAX MIN AVG DEP HDD CDD  WTR  SNW DPTH SPD SPD DIR MIN PSBL S-S WX    SPD DR
================================================================================

 1  83  64  74  12   0   9 0.00  0.0    0 13.8 18 160   M    M   6        24 160
 2  82  70  76  14   0  11 0.00  0.0    0 15.6 23 170   M    M   7 8      30 170
 3  82  69  76  14   0  11 0.00  0.0    0 18.3 28 180   M    M   5 3      32 170
 4  67  46  57  -5   8   0 0.00  0.0    0 14.5 35 340   M    M   0        41 340
 5  60  50  55  -8  10   0 0.08  0.0    0  8.0 20  80   M    M   3 3      23  80
 6  52  47  50 -13  15   0 0.44  0.0    0 10.8 16 340   M    M  10 13     21  60
 7  68  47  58  -5   7   0 0.03  0.0    0  6.1 31 320   M    M   7 1      38 320
 8  71  45  58  -6   7   0 0.00  0.0    0 14.0 29 310   M    M   0        38 340
 9  80  44  62  -2   3   0 0.00  0.0    0 10.1 18 170   M    M   0        23 170
10  84  56  70   6   0   5 0.00  0.0    0 18.9 29 170   M    M   0        38 170
11  83  62  73   9   0   8 0.00  0.0    0 16.9 22 150   M    M   3        27 150
12  83  65  74  10   0   9 0.00  0.0    0 19.7 28 160   M    M   4        33 170
13  76  66  71   6   0   6 0.17  0.0    0 13.9 21 170   M    M   5 3      29 160
14  71  39  55 -10  10   0 0.00  0.0    0 19.3 28 330   M    M   6 3      40 330
15  62  31  47 -18  18   0 0.00  0.0    0  5.2 13 270   M    M   0        17 270
16  69  42  56  -9   9   0 0.00  0.0    0 14.8 22 160   M    M   0        33 160
17  67  49  58  -8   7   0 0.00  0.0    0  9.2 15 120   M    M   7 1       M  M
18  75  52  64  -2   1   0 0.00  0.0    0  7.1 12  50   M    M   4         M  M
19  78  54  66   0   0   1 0.00  0.0    0  8.7 13 120   M    M   1        18 170
20  79  59  69   3   0   4 0.03  0.0    0  9.5 17 160   M    M   5        24 150
21  82  64  73   6   0   8 0.00  0.0    0 10.1 14 150   M    M   5 3      18 200
22  81  58  70   3   0   5 0.00  0.0    0  5.9 12  50   M    M   4 12      M  M
================================================================================
SM 1635 1179        95  77  0.75     0.0 270.4          M       82
================================================================================
AV 74.3 53.6                              12.3 FASTST   M    M   4    MAX(MPH)
                                 MISC ---->  # 35 340                 41    M
================================================================================
NOTES:
# LAST OF SEVERAL OCCURRENCES

COLUMN 17 PEAK WIND IN M.P.H.

PRELIMINARY LOCAL CLIMATOLOGICAL DATA (WS FORM: F-6) , PAGE 2

                                          STATION:  HILLSBORO
                                          MONTH:    APRIL
                                          YEAR:     2014
                                          LATITUDE:   32  0 N
                                          LONGITUDE:  97  6 W

[TEMPERATURE DATA]      [PRECIPITATION DATA]       SYMBOLS USED IN COLUMN 16

AVERAGE MONTHLY: 64.0   TOTAL FOR MONTH:   0.75    1 = FOG OR MIST
DPTR FM NORMAL:  -0.4   DPTR FM NORMAL:   -1.34    2 = FOG REDUCING VISIBILITY
HIGHEST:    84 ON 10    GRTST 24HR  0.44 ON  6- 6      TO 1/4 MILE OR LESS
LOWEST:     31 ON 15                               3 = THUNDER
                        SNOW, ICE PELLETS, HAIL    4 = ICE PELLETS
                        TOTAL MONTH:   0.0 INCH    5 = HAIL
                        GRTST 24HR     0.0         6 = FREEZING RAIN OR DRIZZLE
                        GRTST DEPTH:   0           7 = DUSTSTORM OR SANDSTORM:
                                                       VSBY 1/2 MILE OR LESS
                                                   8 = SMOKE OR HAZE
[NO. OF DAYS WITH]      [WEATHER - DAYS WITH]      9 = BLOWING SNOW
                                                   X = TORNADO
MAX 32 OR BELOW:   0    0.01 INCH OR MORE:   5
MAX 90 OR ABOVE:   0    0.10 INCH OR MORE:   2
MIN 32 OR BELOW:   1    0.50 INCH OR MORE:   0
MIN  0 OR BELOW:   0    1.00 INCH OR MORE:   0

[HDD (BASE 65) ]
TOTAL THIS MO.    95    CLEAR  (SCALE 0-3)   9
DPTR FM NORMAL    19    PTCLDY (SCALE 4-7)  12
TOTAL FM JUL 1  2591    CLOUDY (SCALE 8-10)  1
DPTR FM NORMAL   398

[CDD (BASE 65) ]
TOTAL THIS MO.    77
DPTR FM NORMAL    16    [PRESSURE DATA]
TOTAL FM JAN 1    94    HIGHEST SLP M ON M
DPTR FM NORMAL    -4    LOWEST  SLP M ON M

[REMARKS]
