000
CXUS53 KDLH 240630
CF6INL
PRELIMINARY LOCAL CLIMATOLOGICAL DATA (WS FORM: F-6)

                                          STATION:   INTERNATIONAL FALLS
                                          MONTH:     NOVEMBER
                                          YEAR:      2017
                                          LATITUDE:   48 34 N
                                          LONGITUDE:  93 23 W

  TEMPERATURE IN F:       :PCPN:    SNOW:  WIND      :SUNSHINE: SKY     :PK WND
================================================================================
1   2   3   4   5  6A  6B    7    8   9   10  11  12  13   14  15   16   17  18
                                     12Z  AVG MX 2MIN
DY MAX MIN AVG DEP HDD CDD  WTR  SNW DPTH SPD SPD DIR MIN PSBL S-S WX    SPD DR
================================================================================

 1  31  18  25  -9  40   0 0.15  1.7    1  8.3 14 140   M    M  10 128    18 130
 2  33  27  30  -4  35   0 0.13  0.9    3  8.1 14 310   M    M   9 128    17 300
 3  28  23  26  -7  39   0    T    T    3  6.6 15 350   M    M  10 8      18 350
 4  33  24  29  -3  36   0 0.60  6.0    2 10.9 17 130   M    M  10 128    23 120
 5  34  19  27  -5  38   0    T    T    7 11.5 21 280   M    M  10 18     27 280
 6  27  10  19 -12  46   0    T    T    6  9.5 17 250   M    M   5 18     25 250
 7  25   1  13 -18  52   0 0.00  0.0    5  8.0 20 230   M    M   0 18     27 250
 8  21   6  14 -16  51   0 0.11  2.7    4  7.1 13 270   M    M   7 128    17 280
 9  12 -13   0 -30  65   0    T    T    6  8.2 24 320   M    M   4 189    30 330
10  18 -14   2 -27  63   0 0.02  0.3    5  7.6 18 140   M    M   4 8      25 140
11  29  18  24  -4  41   0 0.01  0.2    6  6.1 13 220   M    M  10 18     20 160
12  27  24  26  -2  39   0    T    T    6  3.7  9 260   M    M  10 18     12 260
13  35  13  24  -3  41   0 0.00  0.0    6  6.5 16 130   M    M   5 18     20 140
14  40  33  37  10  28   0    T  0.0    5  5.3 12 200   M    M  10 128    20 200
15  39  22  31   5  34   0 0.01    T    3 12.8 21 360   M    M  10 12     28  10
16  29  18  24  -1  41   0    T    T    3 12.3 24 140   M    M  10        33 140
17  37  21  29   4  36   0    T    T    3  8.3 22 160   M    M   7 8      36 160
18  22  13  18  -6  47   0 0.01    T    3  9.0 20 300   M    M   7 18     25 310
19  22   2  12 -12  53   0 0.00  0.0    3  4.4 13 250   M    M   4 8      17 240
20  42  13  28   5  37   0    T    T    3  9.2 33 300   M    M   7 18     47 290
21  25   7  16  -6  49   0    T    T    2 13.6 28 320   M    M   0 18     34 280
22  21   1  11 -11  54   0 0.01  0.1    2  4.7 13 210   M    M   3 8      18 210
23  40  15  28   7  37   0    T    T    2  5.0 14 210   M    M   6        19 210
================================================================================
SM  670  301      1002   0  1.05    11.9 186.7          M      158
================================================================================
AV 29.1 13.1                               8.1 FASTST   M    M   7    MAX(MPH)
                                 MISC ---->  # 33 300               # 47  290
================================================================================
NOTES:
# LAST OF SEVERAL OCCURRENCES

COLUMN 17 PEAK WIND IN M.P.H.

PRELIMINARY LOCAL CLIMATOLOGICAL DATA (WS FORM: F-6) , PAGE 2

                                          STATION:  INTERNATIONAL FALLS
                                          MONTH:    NOVEMBER
                                          YEAR:     2017
                                          LATITUDE:   48 34 N
                                          LONGITUDE:  93 23 W

[TEMPERATURE DATA]      [PRECIPITATION DATA]       SYMBOLS USED IN COLUMN 16

AVERAGE MONTHLY: 21.1   TOTAL FOR MONTH:   1.05    1 = FOG OR MIST
DPTR FM NORMAL:  -6.6   DPTR FM NORMAL:   -0.07    2 = FOG REDUCING VISIBILITY
HIGHEST:    42 ON 20    GRTST 24HR  0.60 ON  4- 4      TO 1/4 MILE OR LESS
LOWEST:    -14 ON 10                               3 = THUNDER
                        SNOW, ICE PELLETS, HAIL    4 = ICE PELLETS
                        TOTAL MONTH:  11.9 INCHES  5 = HAIL
                        GRTST 24HR   6.0 ON  4- 4  6 = FREEZING RAIN OR DRIZZLE
                        GRTST DEPTH:   7 ON  5     7 = DUSTSTORM OR SANDSTORM:
                                                       VSBY 1/2 MILE OR LESS
                                                   8 = SMOKE OR HAZE
[NO. OF DAYS WITH]      [WEATHER - DAYS WITH]      9 = BLOWING SNOW
                                                   X = TORNADO
MAX 32 OR BELOW:  14    0.01 INCH OR MORE:   9
MAX 90 OR ABOVE:   0    0.10 INCH OR MORE:   4
MIN 32 OR BELOW:  22    0.50 INCH OR MORE:   1
MIN  0 OR BELOW:   2    1.00 INCH OR MORE:   0

[HDD (BASE 65) ]
TOTAL THIS MO.  1002    CLEAR  (SCALE 0-3)   3
DPTR FM NORMAL   144    PTCLDY (SCALE 4-7)  10
TOTAL FM JUL 1  2131    CLOUDY (SCALE 8-10) 10
DPTR FM NORMAL    -4

[CDD (BASE 65) ]
TOTAL THIS MO.     0
DPTR FM NORMAL     0    [PRESSURE DATA]
TOTAL FM JAN 1    86    HIGHEST SLP M ON M
DPTR FM NORMAL  -106    LOWEST  SLP 29.32 ON 20

[REMARKS]
