000
CXUS56 KFGZ 010900
CF6INW
PRELIMINARY LOCAL CLIMATOLOGICAL DATA (WS FORM: F-6)

                                          STATION:   WINSLOW AZ AIRPORT
                                          MONTH:     JUNE
                                          YEAR:      2015
                                          LATITUDE:   35  1 N
                                          LONGITUDE: 110 44 W

  TEMPERATURE IN F:       :PCPN:    SNOW:  WIND      :SUNSHINE: SKY     :PK WND
================================================================================
1   2   3   4   5  6A  6B    7    8   9   10  11  12  13   14  15   16   17  18
                                     12Z  AVG MX 2MIN
DY MAX MIN AVG DEP HDD CDD  WTR  SNW DPTH SPD SPD DIR MIN PSBL S-S WX    SPD DR
================================================================================

 1  94  54  74   6   0   9 0.00    M    M 12.1 28 230   M    M   0        37 210
 2  92  49  71   3   0   6 0.00    M    M 10.5 25 240   M    M   0        32 210
 3  91  43  67  -2   0   2 0.00    M    M 11.1 29 240   M    M   0        35 240
 4  90  43  67  -2   0   2 0.03    M    M 11.9 36 210   M    M   2        44 200
 5  73  54  64  -5   1   0 0.19    M    M  9.8 28 150   M    M   7 13     34 140
 6  79  54  67  -3   0   2 0.20    M    M 11.1 32 200   M    M   4 13     40 190
 7  87  51  69  -1   0   4 0.00    M    M  5.1 21 240   M    M   2        28 250
 8  91  52  72   2   0   7 0.00    M    M  3.5 12  30   M    M   0        15  30
 9  85  66  76   5   0  11    T    M    M  6.0 18 310   M    M   7        24 320
10  88  59  74   3   0   9 0.05    M    M  9.8 23 210   M    M   4 1      32 220
11  87  57  72   1   0   7 0.00    M    M  8.2 28 330   M    M   2 3      37 330
12  88  54  71  -1   0   6    T    M    M  5.7 16 180   M    M   2 3      20 350
13  88  58  73   1   0   8 0.43    M    M  6.9 28 300   M    M   2 3      35  10
14  91  52  72   0   0   7 0.00    M    M  4.3 15 270   M    M   0        19 270
15  95  55  75   2   0  10 0.00    M    M  5.2 12  70   M    M   0        16  80
16  98  61  80   7   0  15 0.00    M    M  9.6 25 270   M    M   0        35 280
17  99  56  78   5   0  13 0.00    M    M  7.2 20 220   M    M   0        25 230
18 100  56  78   4   0  13 0.00    M    M  9.1 22 270   M    M   0 8      31 220
19 100  56  78   4   0  13 0.00    M    M  9.7 22 240   M    M   0 8      35 270
20 103  54  79   5   0  14 0.00    M    M  6.7 18 250   M    M   0 8      25 250
21 102  57  80   6   0  15 0.00    M    M  8.7 24 250   M    M   0 8      32 250
22 101  56  79   4   0  14 0.00    M    M  8.0 18 260   M    M   0 8      36 260
23 101  67  84   9   0  19 0.00    M    M  6.5 38 230   M    M   0 8      45 230
24  99  65  82   7   0  17 0.00    M    M  8.1 29 160   M    M   0        36 150
25 100  63  82   6   0  17 0.00    M    M  5.2 16 330   M    M   0        24 330
26 104  60  82   6   0  17 0.00    M    M  7.4 32 100   M    M   0 8      46 100
27 104  71  88  12   0  23    T    M    M 11.0 39 150   M    M   0        49 150
28  99  64  82   6   0  17 0.00    M    M  8.3 29 170   M    M   1 3      34 150
29 100  66  83   6   0  18 0.00    M    M  7.8 25 210   M    M   0        30 230
30 103  65  84   7   0  19 0.00    M    M  7.4 18 230   M    M   0 3      25  40
================================================================================
SM 2832 1718         1 334  0.90    M    241.9          M       33
================================================================================
AV 94.4 57.3                               8.1 FASTST   M    M   1    MAX(MPH)
                                 MISC ---->  # 39 150               # 49  150
================================================================================
NOTES:
# LAST OF SEVERAL OCCURRENCES

COLUMN 17 PEAK WIND IN M.P.H.

PRELIMINARY LOCAL CLIMATOLOGICAL DATA (WS FORM: F-6) , PAGE 2

                                          STATION:  WINSLOW AZ AIRPORT
                                          MONTH:    JUNE
                                          YEAR:     2015
                                          LATITUDE:   35  1 N
                                          LONGITUDE: 110 44 W

[TEMPERATURE DATA]      [PRECIPITATION DATA]       SYMBOLS USED IN COLUMN 16

AVERAGE MONTHLY: 75.8   TOTAL FOR MONTH:   0.90    1 = FOG OR MIST
DPTR FM NORMAL:   3.1   DPTR FM NORMAL:    0.72    2 = FOG REDUCING VISIBILITY
HIGHEST:   104 ON 27,26 GRTST 24HR  0.43 ON 13-13      TO 1/4 MILE OR LESS
LOWEST:     43 ON  4, 3                            3 = THUNDER
                        SNOW, ICE PELLETS, HAIL    4 = ICE PELLETS
                        TOTAL MONTH:    M          5 = HAIL
                        GRTST 24HR    M  ON   M    6 = FREEZING RAIN OR DRIZZLE
                        GRTST DEPTH:  M  ON   M    7 = DUSTSTORM OR SANDSTORM:
                                                       VSBY 1/2 MILE OR LESS
                                                   8 = SMOKE OR HAZE
[NO. OF DAYS WITH]      [WEATHER - DAYS WITH]      9 = BLOWING SNOW
                                                   X = TORNADO
MAX 32 OR BELOW:   0    0.01 INCH OR MORE:   5
MAX 90 OR ABOVE:  22    0.10 INCH OR MORE:   3
MIN 32 OR BELOW:   0    0.50 INCH OR MORE:   0
MIN  0 OR BELOW:   0    1.00 INCH OR MORE:   0

[HDD (BASE 65) ]
TOTAL THIS MO.     1    CLEAR  (SCALE 0-3)  26
DPTR FM NORMAL    -9    PTCLDY (SCALE 4-7)   4
TOTAL FM JUL 1  3829    CLOUDY (SCALE 8-10)  0
DPTR FM NORMAL  -668

[CDD (BASE 65) ]
TOTAL THIS MO.   334
DPTR FM NORMAL    93    [PRESSURE DATA]
TOTAL FM JAN 1   353    HIGHEST SLP M ON M
DPTR FM NORMAL    45    LOWEST  SLP 29.78 ON M

[REMARKS]
#FINAL-06-15#
