000
CXUS56 KFGZ 200900
CF6INW
PRELIMINARY LOCAL CLIMATOLOGICAL DATA (WS FORM: F-6)

                                          STATION:   WINSLOW AZ AIRPORT
                                          MONTH:     JANUARY
                                          YEAR:      2018
                                          LATITUDE:   35  1 N
                                          LONGITUDE: 110 44 W

  TEMPERATURE IN F:       :PCPN:    SNOW:  WIND      :SUNSHINE: SKY     :PK WND
================================================================================
1   2   3   4   5  6A  6B    7    8   9   10  11  12  13   14  15   16   17  18
                                     12Z  AVG MX 2MIN
DY MAX MIN AVG DEP HDD CDD  WTR  SNW DPTH SPD SPD DIR MIN PSBL S-S WX    SPD DR
================================================================================

 1  61  15  38   4  27   0 0.00    M    M  3.9 10 120   M    M   0        13 130
 2  49  16  33  -1  32   0 0.00    M    M  2.5  9 230   M    M   0        10 290
 3  47  14  31  -3  34   0 0.00    M    M  2.7  8 110   M    M   0        10 110
 4  57  22  40   6  25   0 0.00    M    M  2.5  8 220   M    M   0        12 320
 5  65  21  43   9  22   0 0.00    M    M  5.3 12  90   M    M   0        15 120
 6  66  23  45  11  20   0 0.00  0.0    0  7.7 23 210   M    M   1        29 220
 7  57  28  43   9  22   0    T    M    M  4.8 17 340   M    M   3        27 350
 8  50  26  38   4  27   0 0.00    M    M  2.7 10 130   M    M   2        12 130
 9  67  26  47  13  18   0 0.01    M    0 13.7 36 190   M    M   0        45 190
10  56  28  42   8  23   0    T    M    M 13.1 33 250   M    M   5        41 250
11  54  23  39   5  26   0 0.00    M    M  5.6 15 300   M    M   0        18 300
12  60  21  41   6  24   0 0.00    M    M  5.5 14 360   M    M   0        18 360
13  57  15  36   1  29   0 0.00    M    M  4.0 12 270   M    M   0        13 270
14  56  17  37   2  28   0 0.00    M    M  2.0  7 220   M    M   0         9  40
15  58  20  39   4  26   0 0.00    M    M  4.3 10 250   M    M   0        12 310
16  55  25  40   5  25   0 0.00  0.0    0  3.5 10 250   M    M   0        14  50
17  55  19  37   2  28   0 0.00  0.0    0  4.3 12 260   M    M   0        14 320
18  56  15  36   1  29   0 0.00  0.0    0  3.4 10 260   M    M   0        10 120
19  70  26  48  13  17   0 0.00    M    M  8.9 23 240   M    M   0        29 240
================================================================================
SM 1096  400       482   0  0.01     0.0 100.4          M       11
================================================================================
AV 57.7 21.1                               5.3 FASTST   M    M   1    MAX(MPH)
                                 MISC ---->  # 36 190               # 45  190
================================================================================
NOTES:
# LAST OF SEVERAL OCCURRENCES

COLUMN 17 PEAK WIND IN M.P.H.

PRELIMINARY LOCAL CLIMATOLOGICAL DATA (WS FORM: F-6) , PAGE 2

                                          STATION:  WINSLOW AZ AIRPORT
                                          MONTH:    JANUARY
                                          YEAR:     2018
                                          LATITUDE:   35  1 N
                                          LONGITUDE: 110 44 W

[TEMPERATURE DATA]      [PRECIPITATION DATA]       SYMBOLS USED IN COLUMN 16

AVERAGE MONTHLY: 39.4   TOTAL FOR MONTH:   0.01    1 = FOG OR MIST
DPTR FM NORMAL:   4.9   DPTR FM NORMAL:   -0.32    2 = FOG REDUCING VISIBILITY
HIGHEST:    70 ON 19    GRTST 24HR  0.01 ON  9- 9      TO 1/4 MILE OR LESS
LOWEST:     14 ON  3                               3 = THUNDER
                        SNOW, ICE PELLETS, HAIL    4 = ICE PELLETS
                        TOTAL MONTH:   0.0 INCH    5 = HAIL
                        GRTST 24HR     0.0         6 = FREEZING RAIN OR DRIZZLE
                        GRTST DEPTH:   0           7 = DUSTSTORM OR SANDSTORM:
                                                       VSBY 1/2 MILE OR LESS
                                                   8 = SMOKE OR HAZE
[NO. OF DAYS WITH]      [WEATHER - DAYS WITH]      9 = BLOWING SNOW
                                                   X = TORNADO
MAX 32 OR BELOW:   0    0.01 INCH OR MORE:   1
MAX 90 OR ABOVE:   0    0.10 INCH OR MORE:   0
MIN 32 OR BELOW:  19    0.50 INCH OR MORE:   0
MIN  0 OR BELOW:   0    1.00 INCH OR MORE:   0

[HDD (BASE 65) ]
TOTAL THIS MO.   482    CLEAR  (SCALE 0-3)  18
DPTR FM NORMAL   -99    PTCLDY (SCALE 4-7)   1
TOTAL FM JUL 1  1999    CLOUDY (SCALE 8-10)  0
DPTR FM NORMAL  -460

[CDD (BASE 65) ]
TOTAL THIS MO.     0
DPTR FM NORMAL     0    [PRESSURE DATA]
TOTAL FM JAN 1     0    HIGHEST SLP M ON M
DPTR FM NORMAL     0    LOWEST  SLP 29.64 ON M

[REMARKS]
