000
CXUS55 KPSR 211005
CF6IPL
PRELIMINARY LOCAL CLIMATOLOGICAL DATA (WS FORM: F-6)

                                          STATION:   IMPERIAL CA
                                          MONTH:     AUGUST
                                          YEAR:      2017
                                          LATITUDE:   32 50 N
                                          LONGITUDE: 115 35 W

  TEMPERATURE IN F:       :PCPN:    SNOW:  WIND      :SUNSHINE: SKY     :PK WND
================================================================================
1   2   3   4   5  6A  6B    7    8   9   10  11  12  13   14  15   16   17  18
                                     12Z  AVG MX 2MIN
DY MAX MIN AVG DEP HDD CDD  WTR  SNW DPTH SPD SPD DIR MIN PSBL S-S WX    SPD DR
================================================================================

 1 108  84  96   3   0  31 0.04  0.0    0  8.8 24 130   M    M   0 3      30 160
 2 106  83  95   2   0  30 0.13  0.0    0  5.3 24 360   M    M   0 38     30  10
 3 106  84  95   2   0  30 0.11  0.0    0  6.2 23 250   M    M   1 38     29 240
 4 106  83  95   2   0  30    T  0.0    0  7.0 29 230   M    M   0 3      36 230
 5 108  82  95   2   0  30 0.00  0.0    0  9.0 22 260   M    M   0        28 260
 6 107  78  93   0   0  28 0.00  0.0    0  5.2 12 220   M    M   0        17 240
 7 111  83  97   4   0  32 0.00  0.0    0  5.4 15 160   M    M   0        18 150
 8 111  82  97   4   0  32 0.00  0.0    0  5.6 15 260   M    M   0        19 260
 9 112  80  96   3   0  31 0.00  0.0    0  5.0 14 140   M    M   1        17 150
10 110  84  97   4   0  32 0.00  0.0    0  9.4 21 160   M    M   0        27 130
11 109  83  96   3   0  31 0.00  0.0    0  5.5 18 150   M    M   0         M  M
12 110  88  99   6   0  34 0.00  0.0    0 12.0 24 140   M    M   0        34 130
13 109  83  96   3   0  31 0.00  0.0    0  7.9 21 250   M    M   1        27 250
14 107  77  92  -1   0  27 0.00  0.0    0 13.6 28 270   M    M   0        36 270
15 100  79  90  -3   0  25 0.00  0.0    0 20.9 29 280   M    M   0        37 270
16 103  76  90  -3   0  25 0.00  0.0    0  8.9 22 260   M    M   0        29 260
17 104  78  91  -2   0  26 0.00  0.0    0  5.4 15 260   M    M   0        19 260
18 107  75  91  -2   0  26 0.00  0.0    0  3.3 13 240   M    M   1        17 110
19 106  76  91  -1   0  26 0.00  0.0    0  5.4 14 260   M    M   1 8      17 260
20 107  76  92   0   0  27 0.00  0.0    0  5.8 17 140   M    M   0        23 140
================================================================================
SM 2147 1614         0 584  0.28     0.0 155.6          M        5
================================================================================
AV107.4 80.7                               7.8 FASTST   M    M   0    MAX(MPH)
                                 MISC ---->  # 29 230               # 37  270
================================================================================
NOTES:
# LAST OF SEVERAL OCCURRENCES

COLUMN 17 PEAK WIND IN M.P.H.

PRELIMINARY LOCAL CLIMATOLOGICAL DATA (WS FORM: F-6) , PAGE 2

                                          STATION:  IMPERIAL CA
                                          MONTH:    AUGUST
                                          YEAR:     2017
                                          LATITUDE:   32 50 N
                                          LONGITUDE: 115 35 W

[TEMPERATURE DATA]      [PRECIPITATION DATA]       SYMBOLS USED IN COLUMN 16

AVERAGE MONTHLY: 94.0   TOTAL FOR MONTH:   0.28    1 = FOG OR MIST
DPTR FM NORMAL:   1.1   DPTR FM NORMAL:    0.03    2 = FOG REDUCING VISIBILITY
HIGHEST:   112 ON  9    GRTST 24HR  0.13 ON  2- 2      TO 1/4 MILE OR LESS
LOWEST:     75 ON 18                               3 = THUNDER
                        SNOW, ICE PELLETS, HAIL    4 = ICE PELLETS
                        TOTAL MONTH:   0.0 INCH    5 = HAIL
                        GRTST 24HR     0.0         6 = FREEZING RAIN OR DRIZZLE
                        GRTST DEPTH:   0           7 = DUSTSTORM OR SANDSTORM:
                                                       VSBY 1/2 MILE OR LESS
                                                   8 = SMOKE OR HAZE
[NO. OF DAYS WITH]      [WEATHER - DAYS WITH]      9 = BLOWING SNOW
                                                   X = TORNADO
MAX 32 OR BELOW:   0    0.01 INCH OR MORE:   3
MAX 90 OR ABOVE:  20    0.10 INCH OR MORE:   2
MIN 32 OR BELOW:   0    0.50 INCH OR MORE:   0
MIN  0 OR BELOW:   0    1.00 INCH OR MORE:   0

[HDD (BASE 65) ]
TOTAL THIS MO.     0    CLEAR  (SCALE 0-3)  20
DPTR FM NORMAL     0    PTCLDY (SCALE 4-7)   0
TOTAL FM JUL 1     0    CLOUDY (SCALE 8-10)  0
DPTR FM NORMAL     0

[CDD (BASE 65) ]
TOTAL THIS MO.   584
DPTR FM NORMAL    25    [PRESSURE DATA]
TOTAL FM JAN 1  3249    HIGHEST SLP M ON M
DPTR FM NORMAL   541    LOWEST  SLP 29.61 ON 14

[REMARKS]
