000
CXUS55 KCTP 210700
CF6IPT
PRELIMINARY LOCAL CLIMATOLOGICAL DATA (WS FORM: F-6)

                                          STATION:   WILLIAMSPORT PA
                                          MONTH:     NOVEMBER
                                          YEAR:      2017
                                          LATITUDE:   41 15 N
                                          LONGITUDE:  76 55 W

  TEMPERATURE IN F:       :PCPN:    SNOW:  WIND      :SUNSHINE: SKY     :PK WND
================================================================================
1   2   3   4   5  6A  6B    7    8   9   10  11  12  13   14  15   16   17  18
                                     12Z  AVG MX 2MIN
DY MAX MIN AVG DEP HDD CDD  WTR  SNW DPTH SPD SPD DIR MIN PSBL S-S WX    SPD DR
================================================================================

 1  47  31  39  -7  26   0 0.26  0.0    0  3.6 12  60   M    M   8 1      14  60
 2  64  46  55   9  10   0 0.03  0.0    0  3.0 14  60   M    M   9 1      17  60
 3  63  43  53   7  12   0    T  0.0    0  4.0 15 340   M    M   7 12     19 340
 4  57  36  47   1  18   0 0.02  0.0    0  4.0 18  80   M    M   4        23  80
 5  61  49  55  10  10   0 0.22  0.0    0  8.3 18 150   M    M  10 1      25 150
 6  62  37  50   5  15   0 0.19  0.0    0  4.8 18 330   M    M   8 1      23 350
 7  42  34  38  -7  27   0 0.08    T    0  4.1 12  40   M    M   7 1      14  50
 8  51  30  41  -3  24   0 0.00  0.0    0  2.1  8 240   M    M   0        12 250
 9  44  28  36  -8  29   0 0.02  0.0    0  2.7  9  70   M    M   7 12     12  60
10  43  21  32 -12  33   0    T    T    0 12.9 24 300   M    M   4 12     31 300
11  39  19  29 -14  36   0 0.00  0.0    0  4.6 12 260   M    M   0        14 280
12  43  27  35  -8  30   0 0.00  0.0    0  2.4  9  90   M    M   3        13  70
13  50  34  42  -1  23   0 0.02  0.0    0  0.0  6 160   M    M   8 1       7 240
14  48  41  45   3  20   0 0.00  0.0    0  2.5  7 290   M    M  10        10  10
15  49  32  41  -1  24   0 0.00  0.0    0  5.3 21 160   M    M   5        31 150
16  54  41  48   6  17   0 0.04  0.0    0 12.1 38 270   M    M  10 8      50 280
17  50  31  41   0  24   0 0.00  0.0    0  7.7 20 310   M    M   3        26 300
18  47  29  38  -3  27   0 0.31  0.0    0  7.2 20  50   M    M   7 1      24 140
19  53  34  44   4  21   0 0.02  0.1    0 14.4 30 250   M    M   9 1      43 250
20   M   M   M   M   M   M    M    M    M   M   M   M   M    M   M 1       M  M
================================================================================
SM  967  643       426   0  1.21     0.1 105.7          M      119
================================================================================
AV 50.9 33.8                               5.6 FASTST   M    M   6    MAX(MPH)
                                 MISC ---->  # 38 270               # 50  280
================================================================================
NOTES:
# LAST OF SEVERAL OCCURRENCES

COLUMN 17 PEAK WIND IN M.P.H.

PRELIMINARY LOCAL CLIMATOLOGICAL DATA (WS FORM: F-6) , PAGE 2

                                          STATION:  WILLIAMSPORT PA
                                          MONTH:    NOVEMBER
                                          YEAR:     2017
                                          LATITUDE:   41 15 N
                                          LONGITUDE:  76 55 W

[TEMPERATURE DATA]      [PRECIPITATION DATA]       SYMBOLS USED IN COLUMN 16

AVERAGE MONTHLY: 42.4   TOTAL FOR MONTH:   1.21    1 = FOG OR MIST
DPTR FM NORMAL:  -1.0   DPTR FM NORMAL:   -1.20    2 = FOG REDUCING VISIBILITY
HIGHEST:    64 ON  2    GRTST 24HR  0.31 ON 18-18      TO 1/4 MILE OR LESS
LOWEST:     19 ON 11                               3 = THUNDER
                        SNOW, ICE PELLETS, HAIL    4 = ICE PELLETS
                        TOTAL MONTH:   0.1 INCH    5 = HAIL
                        GRTST 24HR   0.1 ON 19-19  6 = FREEZING RAIN OR DRIZZLE
                        GRTST DEPTH:   0           7 = DUSTSTORM OR SANDSTORM:
                                                       VSBY 1/2 MILE OR LESS
                                                   8 = SMOKE OR HAZE
[NO. OF DAYS WITH]      [WEATHER - DAYS WITH]      9 = BLOWING SNOW
                                                   X = TORNADO
MAX 32 OR BELOW:   0    0.01 INCH OR MORE:  11
MAX 90 OR ABOVE:   0    0.10 INCH OR MORE:   4
MIN 32 OR BELOW:   9    0.50 INCH OR MORE:   0
MIN  0 OR BELOW:   0    1.00 INCH OR MORE:   0

[HDD (BASE 65) ]
TOTAL THIS MO.   426    CLEAR  (SCALE 0-3)   2
DPTR FM NORMAL    -6    PTCLDY (SCALE 4-7)  11
TOTAL FM JUL 1   712    CLOUDY (SCALE 8-10)  6
DPTR FM NORMAL  -263

[CDD (BASE 65) ]
TOTAL THIS MO.     0
DPTR FM NORMAL     0    [PRESSURE DATA]
TOTAL FM JAN 1   929    HIGHEST SLP M ON M
DPTR FM NORMAL   227    LOWEST  SLP 29.14 ON 19

[REMARKS]
