000
CXUS55 KEAX 300736
CF6IRK
PRELIMINARY LOCAL CLIMATOLOGICAL DATA (WS FORM: F-6)

                                          STATION:   KIRKSVILLE MO
                                          MONTH:     MAY
                                          YEAR:      2015
                                          LATITUDE:   40  5 N
                                          LONGITUDE:  92 33 W

  TEMPERATURE IN F:       :PCPN:    SNOW:  WIND      :SUNSHINE: SKY     :PK WND
================================================================================
1   2   3   4   5  6A  6B    7    8   9   10  11  12  13   14  15   16   17  18
                                     12Z  AVG MX 2MIN
DY MAX MIN AVG DEP HDD CDD  WTR  SNW DPTH SPD SPD DIR MIN PSBL S-S WX    SPD DR
================================================================================

 1  72  37  55  -2  10   0    T    M    M  2.2  8 160   M    M   2        10  80
 2  69  53  61   4   4   0 0.18    M    M  6.7 13 210   M    M   7 1      16 240
 3  82  53  68  10   0   3 0.00    M    M 12.6 23 170   M    M   1        31 220
 4  78  62  70  12   0   5 0.03    M    M  6.9 17 180   M    M   3 13     22 180
 5  81  56  69  11   0   4 0.00    M    M  5.8 13 200   M    M   5 12     17 190
 6  79  61  70  12   0   5 0.02    M    M 12.4 24 160   M    M   2        37 170
 7  80  61  71  12   0   6 0.10    M    M 10.9 32 200   M    M   2 138    46 180
 8  73  57  65   6   0   0 0.23    M    M  4.3 12  30   M    M   6 1      14  30
 9  70  55  63   3   2   0 0.00    M    M  7.0 17 100   M    M   5 1      23 100
10  75  63  69   9   0   4 0.41    M    M  9.3 25 210   M    M   7 138    35 210
11  68  50  59  -1   6   0 0.01    M    M 11.6 25 270   M    M   6        35 270
12  68  44  56  -5   9   0 0.00    M    M  9.3 22 300   M    M   1        35 330
13  70  43  57  -4   8   0 0.00    M    M 11.1 20 130   M    M   1        25 130
14  65  54  60  -1   5   0 0.45    M    M 12.7 23 150   M    M   9 1      29 160
15  78  61  70   8   0   5 0.14    M    M  4.8 18 160   M    M   6 123    24 160
16  79  61  70   8   0   5 0.45    M    M 10.3 24 170   M    M   5 123    30 170
17  79  61  70   8   0   5 0.24    M    M 13.7 29 270   M    M   3 13     39 190
18  68  45  57  -6   8   0 0.00    M    M 10.1 17 350   M    M   0        26 350
19  59  39  49 -14  16   0 0.00    M    M  6.0 15 360   M    M   3        19  10
20  52  38  45 -18  20   0 0.22    M    M  8.8 17  40   M    M   9 1      21  40
21  70  37  54 -10  11   0 0.00    M    M  7.1 15 290   M    M   2 1      20 260
22  72  50  61  -3   4   0 0.00    M    M  4.6 10 310   M    M   2        13 320
23  74  50  62  -2   3   0 0.02    M    M  9.0 21 190   M    M   7 1      30 180
24  73  59  66   1   0   1 1.01    M    M  8.4 20 160   M    M   9 13     24 160
25  79  61  70   5   0   5 0.12    M    M  9.0 20 190   M    M   4 1      25 190
26  78  60  69   4   0   4 0.06    M    M 11.3 21 240   M    M   6 1      30 240
27  82  58  70   4   0   5 0.00    M    M  4.9 13 290   M    M   1        17 310
28  80  58  69   3   0   4 0.39    M    M  8.1 28 150   M    M   4 13     34 140
29  75  63  69   3   0   4    T    M    M  5.7 13 220   M    M   8 1      16 210
================================================================================
SM 2128 1550       106  65  4.08    M    244.6          M      126
================================================================================
AV 73.4 53.4                               8.4 FASTST   M    M   4    MAX(MPH)
                                 MISC ---->  # 32 200               # 46  180
================================================================================
NOTES:
# LAST OF SEVERAL OCCURRENCES

COLUMN 17 PEAK WIND IN M.P.H.

PRELIMINARY LOCAL CLIMATOLOGICAL DATA (WS FORM: F-6) , PAGE 2

                                          STATION:  KIRKSVILLE MO
                                          MONTH:    MAY
                                          YEAR:     2015
                                          LATITUDE:   40  5 N
                                          LONGITUDE:  92 33 W

[TEMPERATURE DATA]      [PRECIPITATION DATA]       SYMBOLS USED IN COLUMN 16

AVERAGE MONTHLY: 63.4   TOTAL FOR MONTH:   4.08    1 = FOG OR MIST
DPTR FM NORMAL:   1.8   DPTR FM NORMAL:   -0.55    2 = FOG REDUCING VISIBILITY
HIGHEST:    82 ON 27, 3 GRTST 24HR  1.02 ON 23-24      TO 1/4 MILE OR LESS
LOWEST:     37 ON 21, 1                            3 = THUNDER
                        SNOW, ICE PELLETS, HAIL    4 = ICE PELLETS
                        TOTAL MONTH:    M          5 = HAIL
                        GRTST 24HR    M  ON   M    6 = FREEZING RAIN OR DRIZZLE
                        GRTST DEPTH:  M  ON   M    7 = DUSTSTORM OR SANDSTORM:
                                                       VSBY 1/2 MILE OR LESS
                                                   8 = SMOKE OR HAZE
[NO. OF DAYS WITH]      [WEATHER - DAYS WITH]      9 = BLOWING SNOW
                                                   X = TORNADO
MAX 32 OR BELOW:   0    0.01 INCH OR MORE:  17
MAX 90 OR ABOVE:   0    0.10 INCH OR MORE:  12
MIN 32 OR BELOW:   0    0.50 INCH OR MORE:   1
MIN  0 OR BELOW:   0    1.00 INCH OR MORE:   1

[HDD (BASE 65) ]
TOTAL THIS MO.   106    CLEAR  (SCALE 0-3)  12
DPTR FM NORMAL   -41    PTCLDY (SCALE 4-7)  13
TOTAL FM JUL 1  5753    CLOUDY (SCALE 8-10)  4
DPTR FM NORMAL   -84

[CDD (BASE 65) ]
TOTAL THIS MO.    65
DPTR FM NORMAL    16    [PRESSURE DATA]
TOTAL FM JAN 1    68    HIGHEST SLP  0.00 ON M
DPTR FM NORMAL    12    LOWEST  SLP  0.00 ON M

[REMARKS]
