000
CXUS53 KBIS 010726
CF6ISN
PRELIMINARY LOCAL CLIMATOLOGICAL DATA (WS FORM: F-6)

                                          STATION:   WILLISTON ND
                                          MONTH:     SEPTEMBER
                                          YEAR:      2014
                                          LATITUDE:   48 10 N
                                          LONGITUDE: 103 38 W

  TEMPERATURE IN F:       :PCPN:    SNOW:  WIND      :SUNSHINE: SKY     :PK WND
================================================================================
1   2   3   4   5  6A  6B    7    8   9   10  11  12  13   14  15   16   17  18
                                     12Z  AVG MX 2MIN
DY MAX MIN AVG DEP HDD CDD  WTR  SNW DPTH SPD SPD DIR MIN PSBL S-S WX    SPD DR
================================================================================

 1  74  46  60  -4   5   0    T    M    M  7.3 24 250   M    M   3        32 260
 2  77  50  64   1   1   0 0.02    M    M  8.0 20 280   M    M   2        26 280
 3  81  47  64   1   1   0 0.35    M    M   M   M   M   M    M   2 3       M  M
 4  67  49  58  -4   7   0    T    M    M   M   M   M   M    M   5 138     M  M
 5  75  42  59  -3   6   0 0.00    M    M  7.9 23 250   M    M   3        30 250
 6  80  43  62   1   3   0 0.00    M    M  6.9 16 310   M    M   0        21 320
 7  83  43  63   2   2   0 0.00    M    M  1.6  8 210   M    M   0        12 230
 8  71  48  60   0   5   0 0.00    M    M 10.3 21  20   M    M   2        27  90
 9  53  40  47 -13  18   0 0.02    M    M 15.0 24  20   M    M  10 1      28  20
10  48  37  43 -16  22   0    T    M    M 11.0 18  20   M    M  10        24  70
11  50  32  41 -18  24   0 0.00    M    M  7.0 16 320   M    M   7        20 320
12  59  26  43 -15  22   0 0.00    M    M  6.9 21 210   M    M   0        27 220
13  58  34  46 -12  19   0    T    M    M 11.7 30 310   M    M   5        38 310
14  59  28  44 -13  21   0 0.00    M    M  1.9 12 330   M    M   3        15 320
15  68  33  51  -6  14   0 0.00    M    M  4.5 14 210   M    M   0        17 220
16  76  31  54  -2  11   0 0.00    M    M  2.1  8 220   M    M   0 18     10 210
17  79  36  58   2   7   0 0.00    M    M  4.6 15 180   M    M   0 18     19 110
18  83  54  69  14   0   4 0.00    M    M  6.3 15 200   M    M   0        19 220
19  80  50  65  10   0   0 0.00    M    M 12.7 29 290   M    M   2 8      37 280
20  74  47  61   7   4   0    T    M    M 14.3 33 310   M    M   2        41 320
21  73  37  55   1  10   0 0.00    M    M  5.1 13 300   M    M   0 8      15 300
22  85  38  62   8   3   0 0.00    M    M  5.3 18 110   M    M   0 18     23 120
23  85  46  66  13   0   1 0.00    M    M  3.4  9 160   M    M   0 18     14 200
24  91  47  69  16   0   4 0.00    M    M  3.8 10 220   M    M   0        13 230
25  97  52  75  23   0  10 0.00    M    M  7.6 20 150   M    M   0 8      27 150
26  94  65  80  28   0  15 0.00    M    M  9.5 17 350   M    M   0        23 350
27  72  51  62  11   3   0 0.00    M    M 18.5 30 360   M    M   2        38  10
28  52  47  50  -1  15   0 0.06    M    M 11.5 23  20   M    M  10 1      27  20
29  53  45  49  -1  16   0 0.01    M    M 10.4 16 150   M    M  10        20 120
30  56  51  54   4  11   0 0.89    M    M  5.8 13 100   M    M  10 1      17 110
================================================================================
SM 2153 1295       250  34  1.35    M    220.9          M       88
================================================================================
AV 71.8 43.2                               7.9 FASTST   M    M   3    MAX(MPH)
                                 MISC ---->  # 33 310               # 41  320
================================================================================
NOTES:
# LAST OF SEVERAL OCCURRENCES

COLUMN 17 PEAK WIND IN M.P.H.

PRELIMINARY LOCAL CLIMATOLOGICAL DATA (WS FORM: F-6) , PAGE 2

                                          STATION:  WILLISTON ND
                                          MONTH:    SEPTEMBER
                                          YEAR:     2014
                                          LATITUDE:   48 10 N
                                          LONGITUDE: 103 38 W

[TEMPERATURE DATA]      [PRECIPITATION DATA]       SYMBOLS USED IN COLUMN 16

AVERAGE MONTHLY: 57.5   TOTAL FOR MONTH:   1.35    1 = FOG OR MIST
DPTR FM NORMAL:   0.8   DPTR FM NORMAL:    0.29    2 = FOG REDUCING VISIBILITY
HIGHEST:    97 ON 25    GRTST 24HR  0.89 ON 30-30      TO 1/4 MILE OR LESS
LOWEST:     26 ON 12                               3 = THUNDER
                        SNOW, ICE PELLETS, HAIL    4 = ICE PELLETS
                        TOTAL MONTH:    M          5 = HAIL
                        GRTST 24HR    M  ON   M    6 = FREEZING RAIN OR DRIZZLE
                        GRTST DEPTH:  M  ON   M    7 = DUSTSTORM OR SANDSTORM:
                                                       VSBY 1/2 MILE OR LESS
                                                   8 = SMOKE OR HAZE
[NO. OF DAYS WITH]      [WEATHER - DAYS WITH]      9 = BLOWING SNOW
                                                   X = TORNADO
MAX 32 OR BELOW:   0    0.01 INCH OR MORE:   6
MAX 90 OR ABOVE:   3    0.10 INCH OR MORE:   2
MIN 32 OR BELOW:   4    0.50 INCH OR MORE:   1
MIN  0 OR BELOW:   0    1.00 INCH OR MORE:   0

[HDD (BASE 65) ]
TOTAL THIS MO.   250    CLEAR  (SCALE 0-3)  21
DPTR FM NORMAL   -25    PTCLDY (SCALE 4-7)   4
TOTAL FM JUL 1   307    CLOUDY (SCALE 8-10)  5
DPTR FM NORMAL   -39

[CDD (BASE 65) ]
TOTAL THIS MO.    34
DPTR FM NORMAL     8    [PRESSURE DATA]
TOTAL FM JAN 1   425    HIGHEST SLP M ON M
DPTR FM NORMAL   -30    LOWEST  SLP 29.36 ON 30

[REMARKS]
#FINAL-09-14#
