000
CXUS51 KOKX 250701
CF6ISP
PRELIMINARY LOCAL CLIMATOLOGICAL DATA (WS FORM: F-6)

                                          STATION:   ISLIP NY
                                          MONTH:     JULY
                                          YEAR:      2014
                                          LATITUDE:   40 47 N
                                          LONGITUDE:  73  6 W

  TEMPERATURE IN F:       :PCPN:    SNOW:  WIND      :SUNSHINE: SKY     :PK WND
================================================================================
1   2   3   4   5  6A  6B    7    8   9   10  11  12  13   14  15   16   17  18
                                     12Z  AVG MX 2MIN
DY MAX MIN AVG DEP HDD CDD  WTR  SNW DPTH SPD SPD DIR MIN PSBL S-S WX    SPD DR
================================================================================

 1  85  72  79   7   0  14 0.00  0.0    0 12.4 22 210   M    M   6        30 190
 2  85  74  80   7   0  15    T  0.0    0 11.3 20 190   M    M   6 3      25 200
 3  86  70  78   5   0  13 0.05  0.0    0  8.1 23 300   M    M   7 13     31 290
 4  75  65  70  -3   0   5 0.91  0.0    0 12.4 26 330   M    M   9 13     33 340
 5  82  62  72  -1   0   7 0.00  0.0    0 11.1 24 330   M    M   2        31 320
 6  83  63  73   0   0   8 0.00  0.0    0 11.3 22 210   M    M   4        30 210
 7  85  70  78   5   0  13 0.00  0.0    0 13.0 23 220   M    M   4        30 220
 8  87  72  80   6   0  15    T  0.0    0 11.5 21 210   M    M   7        32 200
 9  87  71  79   5   0  14    T  0.0    0  9.7 15 250   M    M   6 8      22 190
10  84  69  77   3   0  12 0.14  0.0    0  5.7 14  20   M    M   7 1      17  40
11  85  67  76   2   0  11 0.00  0.0    0  6.9 15 150   M    M   4        20 140
12  83  63  73  -1   0   8 0.00  0.0    0  6.6 15 200   M    M   3        18 180
13  80  71  76   2   0  11    T  0.0    0 13.8 21 220   M    M   8        29 220
14  83  73  78   4   0  13 0.64  0.0    0  8.1 18 220   M    M   8 138    23 220
15  80  71  76   2   0  11 0.72  0.0    0  9.1 18 240   M    M   9 1238   28 230
16  81  70  76   2   0  11 0.10  0.0    0  6.2 17 330   M    M   8 18     21 330
17  82  66  74   0   0   9 0.00  0.0    0  5.9 13 160   M    M   6        18 140
18  83  64  74   0   0   9 0.00  0.0    0  5.7 13 320   M    M   5        17 330
19  79  65  72  -2   0   7    T  0.0    0  4.6 12 120   M    M   7        14 130
20  80  65  73  -1   0   8 0.05  0.0    0  6.3 13  30   M    M   7        23  80
21  84  62  73  -1   0   8 0.00  0.0    0  5.8 13 180   M    M   2        17  30
22  86  68  77   3   0  12 0.00  0.0    0  8.2 18 210   M    M   1        23 210
23  84  72  78   4   0  13 0.00  0.0    0  9.6 21 210   M    M   4        26 190
24  82  71  77   3   0  12 0.01  0.0    0  9.9 17 350   M    M   6        24 340
================================================================================
SM 1991 1636         0 259  2.62     0.0 213.2          M      136
================================================================================
AV 83.0 68.2                               8.9 FASTST   M    M   6    MAX(MPH)
                                 MISC ---->  # 26 330               # 33  340
================================================================================
NOTES:
# LAST OF SEVERAL OCCURRENCES

COLUMN 17 PEAK WIND IN M.P.H.

PRELIMINARY LOCAL CLIMATOLOGICAL DATA (WS FORM: F-6) , PAGE 2

                                          STATION:  ISLIP NY
                                          MONTH:    JULY
                                          YEAR:     2014
                                          LATITUDE:   40 47 N
                                          LONGITUDE:  73  6 W

[TEMPERATURE DATA]      [PRECIPITATION DATA]       SYMBOLS USED IN COLUMN 16

AVERAGE MONTHLY: 75.6   TOTAL FOR MONTH:   2.62    1 = FOG OR MIST
DPTR FM NORMAL:   1.9   DPTR FM NORMAL:    0.04    2 = FOG REDUCING VISIBILITY
HIGHEST:    87 ON  9, 8 GRTST 24HR  1.28 ON 14-15      TO 1/4 MILE OR LESS
LOWEST:     62 ON 21, 5                            3 = THUNDER
                        SNOW, ICE PELLETS, HAIL    4 = ICE PELLETS
                        TOTAL MONTH:   0.0 INCH    5 = HAIL
                        GRTST 24HR     0.0         6 = FREEZING RAIN OR DRIZZLE
                        GRTST DEPTH:   0           7 = DUSTSTORM OR SANDSTORM:
                                                       VSBY 1/2 MILE OR LESS
                                                   8 = SMOKE OR HAZE
[NO. OF DAYS WITH]      [WEATHER - DAYS WITH]      9 = BLOWING SNOW
                                                   X = TORNADO
MAX 32 OR BELOW:   0    0.01 INCH OR MORE:   8
MAX 90 OR ABOVE:   0    0.10 INCH OR MORE:   5
MIN 32 OR BELOW:   0    0.50 INCH OR MORE:   3
MIN  0 OR BELOW:   0    1.00 INCH OR MORE:   0

[HDD (BASE 65) ]
TOTAL THIS MO.     0    CLEAR  (SCALE 0-3)   4
DPTR FM NORMAL     0    PTCLDY (SCALE 4-7)  17
TOTAL FM JUL 1     0    CLOUDY (SCALE 8-10)  3
DPTR FM NORMAL     0

[CDD (BASE 65) ]
TOTAL THIS MO.   259
DPTR FM NORMAL    50    [PRESSURE DATA]
TOTAL FM JAN 1   459    HIGHEST SLP M ON M
DPTR FM NORMAL    86    LOWEST  SLP 29.73 ON M

[REMARKS]
