000
CXUS51 KOKX 230702
CF6ISP
PRELIMINARY LOCAL CLIMATOLOGICAL DATA (WS FORM: F-6)

                                          STATION:   ISLIP NY
                                          MONTH:     MAY
                                          YEAR:      2017
                                          LATITUDE:   40 47 N
                                          LONGITUDE:  73  6 W

  TEMPERATURE IN F:       :PCPN:    SNOW:  WIND      :SUNSHINE: SKY     :PK WND
================================================================================
1   2   3   4   5  6A  6B    7    8   9   10  11  12  13   14  15   16   17  18
                                     12Z  AVG MX 2MIN
DY MAX MIN AVG DEP HDD CDD  WTR  SNW DPTH SPD SPD DIR MIN PSBL S-S WX    SPD DR
================================================================================

 1  68  48  58   4   7   0 0.00  0.0    0 10.5 24 200   M    M   9 12     34 200
 2  78  59  69  15   0   4 0.24  0.0    0 16.9 32 240   M    M   7 123    44 250
 3  66  45  56   1   9   0 0.00  0.0    0 12.6 26 300   M    M   4        34 300
 4  60  39  50  -5  15   0 0.00  0.0    0  9.6 20 130   M    M   6        26 140
 5  61  49  55   0  10   0 0.89  0.0    0 15.5 29 110   M    M  10 13     39 120
 6  63  54  59   3   6   0 0.01  0.0    0 15.5 25 150   M    M   8 12     36 170
 7  59  46  53  -3  12   0    T  0.0    0 13.7 22 260   M    M   8        29 230
 8  58  40  49  -7  16   0 0.00  0.0    0 10.8 24 290   M    M   5        30 290
 9  59  45  52  -4  13   0 0.00  0.0    0  7.1 15  70   M    M   8        19  70
10  61  45  53  -4  12   0 0.00  0.0    0  5.0 14 350   M    M   7        17 350
11  62  46  54  -3  11   0 0.00  0.0    0  6.5 15 120   M    M   8        18 160
12  61  45  53  -4  12   0 0.00  0.0    0  8.0 17  50   M    M   8        24  40
13  51  46  49  -9  16   0 1.32  0.0    0 13.0 24 360   M    M  10 1      32 350
14  67  45  56  -2   9   0 0.13  0.0    0 13.9 26 310   M    M   7 13     36  20
15  68  51  60   2   5   0 0.00  0.0    0 17.2 29 320   M    M   6        45 330
16  79  50  65   6   0   0 0.00  0.0    0  8.1 18 300   M    M   5        24 290
17  79  53  66   7   0   1 0.00  0.0    0 10.2 20 230   M    M   2        27 230
18  89  62  76  17   0  11 0.00  0.0    0 10.7 22 210   M    M   4 1      27 230
19  89  65  77  17   0  12 0.03  0.0    0  9.6 20 220   M    M   3 3      26 210
20  65  47  56  -4   9   0    T  0.0    0  9.3 21  10   M    M   8        27  10
21  65  43  54  -6  11   0 0.00  0.0    0  6.9 16 160   M    M   6        19 160
22  60  53  57  -3   8   0 0.58  0.0    0  7.9 17 150   M    M  10 12     23 140
================================================================================
SM 1468 1076       181  28  3.20     0.0 238.5          M      149
================================================================================
AV 66.7 48.9                              10.8 FASTST   M    M   7    MAX(MPH)
                                 MISC ---->  # 32 240               # 45  330
================================================================================
NOTES:
# LAST OF SEVERAL OCCURRENCES

COLUMN 17 PEAK WIND IN M.P.H.

PRELIMINARY LOCAL CLIMATOLOGICAL DATA (WS FORM: F-6) , PAGE 2

                                          STATION:  ISLIP NY
                                          MONTH:    MAY
                                          YEAR:     2017
                                          LATITUDE:   40 47 N
                                          LONGITUDE:  73  6 W

[TEMPERATURE DATA]      [PRECIPITATION DATA]       SYMBOLS USED IN COLUMN 16

AVERAGE MONTHLY: 57.8   TOTAL FOR MONTH:   3.20    1 = FOG OR MIST
DPTR FM NORMAL:   0.6   DPTR FM NORMAL:    0.64    2 = FOG REDUCING VISIBILITY
HIGHEST:    89 ON 19,18 GRTST 24HR  1.32 ON 13-13      TO 1/4 MILE OR LESS
LOWEST:     39 ON  4                               3 = THUNDER
                        SNOW, ICE PELLETS, HAIL    4 = ICE PELLETS
                        TOTAL MONTH:   0.0 INCH    5 = HAIL
                        GRTST 24HR     0.0         6 = FREEZING RAIN OR DRIZZLE
                        GRTST DEPTH:   0           7 = DUSTSTORM OR SANDSTORM:
                                                       VSBY 1/2 MILE OR LESS
                                                   8 = SMOKE OR HAZE
[NO. OF DAYS WITH]      [WEATHER - DAYS WITH]      9 = BLOWING SNOW
                                                   X = TORNADO
MAX 32 OR BELOW:   0    0.01 INCH OR MORE:   7
MAX 90 OR ABOVE:   0    0.10 INCH OR MORE:   5
MIN 32 OR BELOW:   0    0.50 INCH OR MORE:   3
MIN  0 OR BELOW:   0    1.00 INCH OR MORE:   1

[HDD (BASE 65) ]
TOTAL THIS MO.   181    CLEAR  (SCALE 0-3)   2
DPTR FM NORMAL     1    PTCLDY (SCALE 4-7)  15
TOTAL FM JUL 1  4691    CLOUDY (SCALE 8-10)  5
DPTR FM NORMAL  -660

[CDD (BASE 65) ]
TOTAL THIS MO.    28
DPTR FM NORMAL    22    [PRESSURE DATA]
TOTAL FM JAN 1    39    HIGHEST SLP M ON M
DPTR FM NORMAL    31    LOWEST  SLP 29.35 ON  6

[REMARKS]
