000
CXUS53 KGRB 250748
CF6ISW
PRELIMINARY LOCAL CLIMATOLOGICAL DATA (WS FORM: F-6)

                                          STATION:   WISCONSIN RAPIDS ASOS
                                          MONTH:     APRIL
                                          YEAR:      2014
                                          LATITUDE:   44 22 N
                                          LONGITUDE:  89 50 W

  TEMPERATURE IN F:       :PCPN:    SNOW:  WIND      :SUNSHINE: SKY     :PK WND
================================================================================
1   2   3   4   5  6A  6B    7    8   9   10  11  12  13   14  15   16   17  18
                                     12Z  AVG MX 2MIN
DY MAX MIN AVG DEP HDD CDD  WTR  SNW DPTH SPD SPD DIR MIN PSBL S-S WX    SPD DR
================================================================================

 1  52  27  40   2  25   0    T    T    5 14.7 26 300   M    M   6 168    37 240
 2  47  20  34  -5  31   0 0.00  0.0    4  7.0 15 110   M    M   1 1      19 120
 3  36  30  33  -6  32   0 0.35  0.2    2 12.9 22  70   M    M  10 168    30  70
 4  34  29  32  -8  33   0 0.34    T    1 11.7 28 320   M    M   9 16     38 320
 5  52  21  37  -3  28   0 0.00  0.0    1  5.1 18 220   M    M   0 1      24 220
 6  63  33  48   7  17   0    T  0.0    0  9.9 23 190   M    M   7        30 190
 7  60  32  46   5  19   0 0.28  0.0    0  3.9 14 270   M    M   7 1      18 290
 8  58  29  44   2  21   0 0.00  0.0    0  8.0 21 320   M    M   2 12     29 320
 9  63  25  44   2  21   0 0.00  0.0    0  9.3 22 210   M    M   1        30 220
10  63  29  46   3  19   0 0.00  0.0    0 11.6 26 310   M    M   1        38 300
11  61  29  45   2  20   0    T  0.0    0  5.6 23 230   M    M   3        33 230
12  49  40  45   1  20   0 0.52  0.0    0 10.4 20 100   M    M  10 13     26 100
13  49  34  42  -2  23   0 0.55    T    0  9.2 24  20   M    M  10 1      32  10
14  34  16  25 -19  40   0 1.20    M    M 12.9 24 360   M    M   9 1      31 360
15  32  12  22 -23  43   0    T    T    T  4.6 16 310   M    M   4 18     20 310
16  45  23  34 -11  31   0    T    T    0 11.6 21 130   M    M   9 18     31 130
17  51  35  43  -3  22   0 0.02  0.0    0  8.6 16 300   M    M   9        22 120
18  53  26  40  -6  25   0 0.00  0.0    0  6.6 16 120   M    M   2        22 120
19  66  30  48   1  17   0 0.00  0.0    0 10.4 18 170   M    M   2        26 150
20  61  50  56   9   9   0 0.41  0.0    0  5.3 13 160   M    M   9 1      19 170
21  73  45  59  11   6   0 0.03  0.0    0  9.2 23 330   M    M   6 123    34 340
22  56  32  44  -4  21   0 0.00  0.0    0 11.0 23 350   M    M   4        29 320
23  54  26  40  -8  25   0 0.09  0.0    0  6.4 14 110   M    M   3        20 120
24  43  34  39 -10  26   0 0.85  0.0    0  9.4 21 120   M    M  10 1      32 100
================================================================================
SM 1255  707       574   0  4.64     0.2 215.3          M      134
================================================================================
AV 52.3 29.5                               9.0 FASTST   M    M   6    MAX(MPH)
                                 MISC ---->  # 28 320               # 38  320
================================================================================
NOTES:
# LAST OF SEVERAL OCCURRENCES

COLUMN 17 PEAK WIND IN M.P.H.

PRELIMINARY LOCAL CLIMATOLOGICAL DATA (WS FORM: F-6) , PAGE 2

                                          STATION:  WISCONSIN RAPIDS ASOS
                                          MONTH:    APRIL
                                          YEAR:     2014
                                          LATITUDE:   44 22 N
                                          LONGITUDE:  89 50 W

[TEMPERATURE DATA]      [PRECIPITATION DATA]       SYMBOLS USED IN COLUMN 16

AVERAGE MONTHLY: 40.9   TOTAL FOR MONTH:   4.64    1 = FOG OR MIST
DPTR FM NORMAL:  -2.8   DPTR FM NORMAL:    2.48    2 = FOG REDUCING VISIBILITY
HIGHEST:    73 ON 21    GRTST 24HR  1.20 ON 14-14      TO 1/4 MILE OR LESS
LOWEST:     12 ON 15                               3 = THUNDER
                        SNOW, ICE PELLETS, HAIL    4 = ICE PELLETS
                        TOTAL MONTH:   0.2 INCH    5 = HAIL
                        GRTST 24HR   0.2 ON   M    6 = FREEZING RAIN OR DRIZZLE
                        GRTST DEPTH:   5 ON  1     7 = DUSTSTORM OR SANDSTORM:
                                                       VSBY 1/2 MILE OR LESS
                                                   8 = SMOKE OR HAZE
[NO. OF DAYS WITH]      [WEATHER - DAYS WITH]      9 = BLOWING SNOW
                                                   X = TORNADO
MAX 32 OR BELOW:   1    0.01 INCH OR MORE:  11
MAX 90 OR ABOVE:   0    0.10 INCH OR MORE:   8
MIN 32 OR BELOW:  17    0.50 INCH OR MORE:   4
MIN  0 OR BELOW:   0    1.00 INCH OR MORE:   1

[HDD (BASE 65) ]
TOTAL THIS MO.   574    CLEAR  (SCALE 0-3)   9
DPTR FM NORMAL    61    PTCLDY (SCALE 4-7)   6
TOTAL FM JUL 1  8555    CLOUDY (SCALE 8-10)  9
DPTR FM NORMAL  1024

[CDD (BASE 65) ]
TOTAL THIS MO.     0
DPTR FM NORMAL     0    [PRESSURE DATA]
TOTAL FM JAN 1     0    HIGHEST SLP M ON M
DPTR FM NORMAL     0    LOWEST  SLP 29.47 ON  4

[REMARKS]
