000
CXUS53 KGRB 010640
CF6ISW
PRELIMINARY LOCAL CLIMATOLOGICAL DATA (WS FORM: F-6)

                                          STATION:   WISCONSIN RAPIDS ASOS
                                          MONTH:     FEBRUARY
                                          YEAR:      2015
                                          LATITUDE:   44 22 N
                                          LONGITUDE:  89 50 W

  TEMPERATURE IN F:       :PCPN:    SNOW:  WIND      :SUNSHINE: SKY     :PK WND
================================================================================
1   2   3   4   5  6A  6B    7    8   9   10  11  12  13   14  15   16   17  18
                                     12Z  AVG MX 2MIN
DY MAX MIN AVG DEP HDD CDD  WTR  SNW DPTH SPD SPD DIR MIN PSBL S-S WX    SPD DR
================================================================================

 1  22   6  14  -3  51   0 0.18  2.0    6 13.0 22  30   M    M   9        27  40
 2  16  -9   4 -13  61   0 0.00  0.0    6  6.6 13 250   M    M   0        16 250
 3  18  -4   7 -10  58   0 0.04  0.5    7  3.0 12 220   M    M   5 18     14 230
 4  15   0   8  -9  57   0    T    T    6  8.6 24 310   M    M   3 1      31 310
 5  17 -16   1 -16  64   0 0.00  0.0    6  8.4 23 220   M    M   1 18     30 210
 6  30   8  19   1  46   0 0.00  0.0    6  4.0 10 240   M    M   4        14 230
 7  33  14  24   6  41   0 0.00  0.0    6  6.9 16 120   M    M   4 18     22 120
 8  30  21  26   8  39   0 0.00  0.0    6  8.9 18  60   M    M  10 18     21  60
 9  26   9  18   0  47   0 0.00  0.0    6  4.9 10  50   M    M   4        15  30
10  25   5  15  -3  50   0 0.08  1.0    6  6.2 17 160   M    M   5 1      25 160
11  27  10  19   0  46   0    T    T    6 14.6 28 300   M    M   7 18     37 320
12  10  -5   3 -16  62   0 0.00  0.0    6  8.4 22 360   M    M   1        28 340
13  23  -6   9 -10  56   0    T    T    6  9.6 21 300   M    M   7        26 310
14  16 -11   3 -17  62   0    T    T    6 16.3 30 340   M    M   4 89     42 340
15   8 -10  -1 -21  66   0 0.00  0.0    6  5.4 12 120   M    M   5        16  20
16  16   6  11  -9  54   0    T    T    6  5.2 10 240   M    M  10 18     13 190
17  12   0   6 -14  59   0    T    T    6  9.2 18 300   M    M   7 18     22 290
18   0 -11  -5 -26  70   0 0.00  0.0    6 12.5 24 330   M    M   4 8      32 320
19   4 -19  -7 -28  72   0 0.00  0.0    6  5.4 18 310   M    M   0        22 310
20  15 -16   0 -21  65   0    M    M    M  7.4 18 200   M    M   8 8      24 210
21  25   8  17  -5  48   0    M    M    M  5.5 15 310   M    M   9 8      20 310
22   9 -10   0 -22  65   0 0.00  0.0    M 10.0 20 300   M    M   1 8      27 300
23  10 -18  -4 -26  69   0 0.00  0.0    M 10.3 20 220   M    M   0        24 220
24  31   8  20  -3  45   0    M    M    M 16.2 31 300   M    M   5 18     47 300
25  13  -5   4 -19  61   0 0.00  0.0    M  4.8 16 360   M    M   5        20 360
26  10  -6   2 -21  63   0 0.00  0.0    M  8.4 17 330   M    M   0        23 330
27  17 -13   2 -22  63   0 0.00  0.0    M  5.4 14 280   M    M   0        19 290
28  19 -12   4 -20  61   0 0.00  0.0    M  6.9 15 210   M    M   2        19 200
================================================================================
SM  497  -76      1601   0  0.30     3.5 232.0          M      120
================================================================================
AV 17.8 -2.7                               8.3 FASTST   M    M   4    MAX(MPH)
                                 MISC ---->  # 31 300               # 47  300
================================================================================
NOTES:
# LAST OF SEVERAL OCCURRENCES

COLUMN 17 PEAK WIND IN M.P.H.

PRELIMINARY LOCAL CLIMATOLOGICAL DATA (WS FORM: F-6) , PAGE 2

                                          STATION:  WISCONSIN RAPIDS ASOS
                                          MONTH:    FEBRUARY
                                          YEAR:     2015
                                          LATITUDE:   44 22 N
                                          LONGITUDE:  89 50 W

[TEMPERATURE DATA]      [PRECIPITATION DATA]       SYMBOLS USED IN COLUMN 16

AVERAGE MONTHLY:  7.5   TOTAL FOR MONTH:   0.30    1 = FOG OR MIST
DPTR FM NORMAL: -12.4   DPTR FM NORMAL:   -0.51    2 = FOG REDUCING VISIBILITY
HIGHEST:    33 ON  7    GRTST 24HR  0.18 ON  1- 1      TO 1/4 MILE OR LESS
LOWEST:    -19 ON 19                               3 = THUNDER
                        SNOW, ICE PELLETS, HAIL    4 = ICE PELLETS
                        TOTAL MONTH:   3.5 INCHES  5 = HAIL
                        GRTST 24HR   2.0 ON  1- 1  6 = FREEZING RAIN OR DRIZZLE
                        GRTST DEPTH:   7 ON  3     7 = DUSTSTORM OR SANDSTORM:
                                                       VSBY 1/2 MILE OR LESS
                                                   8 = SMOKE OR HAZE
[NO. OF DAYS WITH]      [WEATHER - DAYS WITH]      9 = BLOWING SNOW
                                                   X = TORNADO
MAX 32 OR BELOW:  27    0.01 INCH OR MORE:   3
MAX 90 OR ABOVE:   0    0.10 INCH OR MORE:   1
MIN 32 OR BELOW:  28    0.50 INCH OR MORE:   0
MIN  0 OR BELOW:  18    1.00 INCH OR MORE:   0

[HDD (BASE 65) ]
TOTAL THIS MO.  1601    CLEAR  (SCALE 0-3)  10
DPTR FM NORMAL   338    PTCLDY (SCALE 4-7)  13
TOTAL FM JUL 1  6330    CLOUDY (SCALE 8-10)  5
DPTR FM NORMAL   366

[CDD (BASE 65) ]
TOTAL THIS MO.     0
DPTR FM NORMAL     0    [PRESSURE DATA]
TOTAL FM JAN 1     0    HIGHEST SLP M ON M
DPTR FM NORMAL     0    LOWEST  SLP 29.51 ON 24

[REMARKS]
#FINAL-02-15#
