000
CXUS53 KIWX 240800
CF6IWX
PRELIMINARY LOCAL CLIMATOLOGICAL DATA (WS FORM: F-6)

                                          STATION:   NORTH WEBSTER WFO
                                          MONTH:     OCTOBER
                                          YEAR:      2014
                                          LATITUDE:   41 21 N
                                          LONGITUDE:  85 42 W

  TEMPERATURE IN F:       :PCPN:    SNOW:  WIND      :SUNSHINE: SKY     :PK WND
================================================================================
1   2   3   4   5  6A  6B    7    8   9   10  11  12  13   14  15   16   17  18
                                     12Z  AVG MX 2MIN
DY MAX MIN AVG DEP HDD CDD  WTR  SNW DPTH SPD SPD DIR MIN PSBL S-S WX    SPD DR
================================================================================

 1  66  46  56  -2   9   0 0.00  0.0    0   M   M   M   M    M   M 1       M  M
 2  74  57  66   9   0   1    T  0.0    0   M   M   M   M    M   M         M  M
 3  71  43  57   0   8   0 0.65  0.0    0   M   M   M   M    M   M 1       M  M
 4  44  38  41 -16  24   0 0.01    T    0   M   M   M   M    M   M         M  M
 5  57  39  48  -8  17   0    T  0.0    0   M   M   M   M    M   M         M  M
 6  60  43  52  -4  13   0 0.01    T    0   M   M   M   M    M   M 135     M  M
 7  61  42  52  -3  13   0 0.15  0.0    0   M   M   M   M    M   M 3       M  M
 8  63  44  54  -1  11   0 0.00  0.0    0   M   M   M   M    M   M         M  M
 9  64  42  53  -2  12   0 0.00  0.0    0   M   M   M   M    M   M         M  M
10  56  39  48  -6  17   0 0.00  0.0    0   M   M   M   M    M   M         M  M
11  57  35  46  -8  19   0 0.00  0.0    0   M   M   M   M    M   M         M  M
12  62  35  49  -5  16   0    T  0.0    0   M   M   M   M    M   M         M  M
13  74  53  64  11   1   0 0.64  0.0    0   M   M   M   M    M   M         M  M
14  67  57  62   9   3   0 0.34  0.0    0   M   M   M   M    M   M         M  M
15  57  52  55   2  10   0 0.04  0.0    0   M   M   M   M    M   M         M  M
16  65  51  58   6   7   0 0.00  0.0    0   M   M   M   M    M   M         M  M
17  65  48  57   5   8   0 0.03  0.0    0   M   M   M   M    M   M         M  M
18  48  38  43  -9  22   0 0.07  0.0    0   M   M   M   M    M   M         M  M
19  54  31  43  -8  22   0 0.00  0.0    0   M   M   M   M    M   M         M  M
20  66  47  57   6   8   0 0.02    T    0   M   M   M   M    M   M 3       M  M
21  52  37  45  -6  20   0    T  0.0    0   M   M   M   M    M   M         M  M
22  51  34  43  -7  22   0 0.00  0.0    M   M   M   M   M    M   M         M  M
23  60  33  47  -3  18   0 0.00  0.0    0   M   M   M   M    M   M 128     M  M
================================================================================
SM 1394  984       300   1  1.96    T        M          M        M
================================================================================
AV 60.6 42.8                                 M FASTST   M    M   5    MAX(MPH)
                                 MISC ---->     M   M                  M    M
================================================================================
NOTES:
# LAST OF SEVERAL OCCURRENCES

COLUMN 17 PEAK WIND IN M.P.H.

PRELIMINARY LOCAL CLIMATOLOGICAL DATA (WS FORM: F-6) , PAGE 2

                                          STATION:  NORTH WEBSTER WFO
                                          MONTH:    OCTOBER
                                          YEAR:     2014
                                          LATITUDE:   41 21 N
                                          LONGITUDE:  85 42 W

[TEMPERATURE DATA]      [PRECIPITATION DATA]       SYMBOLS USED IN COLUMN 16

AVERAGE MONTHLY: 51.7   TOTAL FOR MONTH:   1.96    1 = FOG OR MIST
DPTR FM NORMAL:  -2.0   DPTR FM NORMAL:   -0.44    2 = FOG REDUCING VISIBILITY
HIGHEST:    74 ON 13, 2 GRTST 24HR  0.65 ON  3- 3      TO 1/4 MILE OR LESS
LOWEST:     31 ON 19                               3 = THUNDER
                        SNOW, ICE PELLETS, HAIL    4 = ICE PELLETS
                        TOTAL MONTH:    T          5 = HAIL
                        GRTST 24HR    T  ON 20-20  6 = FREEZING RAIN OR DRIZZLE
                        GRTST DEPTH:   0           7 = DUSTSTORM OR SANDSTORM:
                                                       VSBY 1/2 MILE OR LESS
                                                   8 = SMOKE OR HAZE
[NO. OF DAYS WITH]      [WEATHER - DAYS WITH]      9 = BLOWING SNOW
                                                   X = TORNADO
MAX 32 OR BELOW:   0    0.01 INCH OR MORE:  10
MAX 90 OR ABOVE:   0    0.10 INCH OR MORE:   4
MIN 32 OR BELOW:   1    0.50 INCH OR MORE:   2
MIN  0 OR BELOW:   0    1.00 INCH OR MORE:   0

[HDD (BASE 65) ]
TOTAL THIS MO.   300    CLEAR  (SCALE 0-3)   0
DPTR FM NORMAL    41    PTCLDY (SCALE 4-7)   0
TOTAL FM JUL 1   469    CLOUDY (SCALE 8-10)  0
DPTR FM NORMAL   127

[CDD (BASE 65) ]
TOTAL THIS MO.     1
DPTR FM NORMAL     1    [PRESSURE DATA]
TOTAL FM JAN 1   681    HIGHEST SLP M ON M
DPTR FM NORMAL   -31    LOWEST  SLP M ON M

[REMARKS]
