544
CXUS55 KEAX 160736
CF6IXD
PRELIMINARY LOCAL CLIMATOLOGICAL DATA (WS FORM: F-6)

                                          STATION:   New Century Air Center KS
                                          MONTH:     DECEMBER
                                          YEAR:      2017
                                          LATITUDE:   38 49 N
                                          LONGITUDE:  94 54 W

  TEMPERATURE IN F:       :PCPN:    SNOW:  WIND      :SUNSHINE: SKY     :PK WND
================================================================================
1   2   3   4   5  6A  6B    7    8   9   10  11  12  13   14  15   16   17  18
                                     12Z  AVG MX 2MIN
DY MAX MIN AVG DEP HDD CDD  WTR  SNW DPTH SPD SPD DIR MIN PSBL S-S WX    SPD DR
================================================================================

 1  58  27  43   7  22   0 0.00    M    M  8.1 17 200   M    M   0        22 160
 2  64  33  49  13  16   0 0.00    M    M  2.7  8 100   M    M   0        12 350
 3  69  38  54  19  11   0 0.00    M    M 11.8 22 180   M    M   0        33 190
 4  71  32  52  17  13   0 0.00    M    M 22.4 36 290   M    M   5        46 310
 5  47  27  37   2  28   0 0.00    M    M 13.2 25 270   M    M   0        33 310
 6  48  23  36   2  29   0    T    M    M 13.8 28 340   M    M   3        36 340
 7  30  12  21 -13  44   0 0.00    M    M 10.6 23 320   M    M   1        28 340
 8  40  12  26  -8  39   0 0.00    M    M  9.1 16 230   M    M   1        20 210
 9  41  20  31  -2  34   0 0.00    M    M 10.4 25 340   M    M   0        36 320
10  57  23  40   7  25   0 0.00    M    M  8.5 20 330   M    M   0        26 290
11  56  28  42  10  23   0    T    M    M 16.6 32 330   M    M   2        43 330
12  41  20  31  -1  34   0 0.00    M    M  9.7 23 340   M    M   0        29 340
13  60  29  45  13  20   0 0.00    M    M 15.5 37 330   M    M   0        45 320
14  41  28  35   3  30   0 0.00    M    M  5.3 12 310   M    M   9        17 320
15  45  29  37   6  28   0 0.00    M    M 11.3 23 210   M    M   3        32 210
================================================================================
SM  768  381       396   0    T     M    169.0          M       24
================================================================================
AV 51.2 25.4                              11.3 FASTST   M    M   2    MAX(MPH)
                                 MISC ---->  # 37 330               # 46  310
================================================================================
NOTES:
# LAST OF SEVERAL OCCURRENCES

COLUMN 17 PEAK WIND IN M.P.H.

PRELIMINARY LOCAL CLIMATOLOGICAL DATA (WS FORM: F-6) , PAGE 2

                                          STATION:  New Century Air Center KS
                                          MONTH:    DECEMBER
                                          YEAR:     2017
                                          LATITUDE:   38 49 N
                                          LONGITUDE:  94 54 W

[TEMPERATURE DATA]      [PRECIPITATION DATA]       SYMBOLS USED IN COLUMN 16

AVERAGE MONTHLY: 38.3   TOTAL FOR MONTH:      T    1 = FOG OR MIST
DPTR FM NORMAL:   4.7   DPTR FM NORMAL:   -0.74    2 = FOG REDUCING VISIBILITY
HIGHEST:    71 ON  4    GRTST 24HR    T  ON 11-11      TO 1/4 MILE OR LESS
LOWEST:     12 ON  8, 7                            3 = THUNDER
                        SNOW, ICE PELLETS, HAIL    4 = ICE PELLETS
                        TOTAL MONTH:    M          5 = HAIL
                        GRTST 24HR    M  ON   M    6 = FREEZING RAIN OR DRIZZLE
                        GRTST DEPTH:  M  ON   M    7 = DUSTSTORM OR SANDSTORM:
                                                       VSBY 1/2 MILE OR LESS
                                                   8 = SMOKE OR HAZE
[NO. OF DAYS WITH]      [WEATHER - DAYS WITH]      9 = BLOWING SNOW
                                                   X = TORNADO
MAX 32 OR BELOW:   1    0.01 INCH OR MORE:   0
MAX 90 OR ABOVE:   0    0.10 INCH OR MORE:   0
MIN 32 OR BELOW:  13    0.50 INCH OR MORE:   0
MIN  0 OR BELOW:   0    1.00 INCH OR MORE:   0

[HDD (BASE 65) ]
TOTAL THIS MO.   396    CLEAR  (SCALE 0-3)  12
DPTR FM NORMAL   -75    PTCLDY (SCALE 4-7)   2
TOTAL FM JUL 1  1271    CLOUDY (SCALE 8-10)  1
DPTR FM NORMAL  -198

[CDD (BASE 65) ]
TOTAL THIS MO.     0
DPTR FM NORMAL     0    [PRESSURE DATA]
TOTAL FM JAN 1  1336    HIGHEST SLP  0.00 ON M
DPTR FM NORMAL   -16    LOWEST  SLP  0.00 ON M

[REMARKS]
