000
CXUS55 KRIW 250945
CF6JAC
PRELIMINARY LOCAL CLIMATOLOGICAL DATA (WS FORM: F-6)

                                          STATION:   JACKSON  WY
                                          MONTH:     SEPTEMBER
                                          YEAR:      2016
                                          LATITUDE:   43 35 N
                                          LONGITUDE: 110 44 W

  TEMPERATURE IN F:       :PCPN:    SNOW:  WIND      :SUNSHINE: SKY     :PK WND
================================================================================
1   2   3   4   5  6A  6B    7    8   9   10  11  12  13   14  15   16   17  18
                                     12Z  AVG MX 2MIN
DY MAX MIN AVG DEP HDD CDD  WTR  SNW DPTH SPD SPD DIR MIN PSBL S-S WX    SPD DR
================================================================================

 1  81  46  64   8   1   0    M    M    M  6.8 21 240   M    M   4 3      33 240
 2  81  45  63   7   2   0    M    M    M  8.4 23 190   M    M   3        32 190
 3  73  41  57   1   8   0    M    M    M  5.6 16 220   M    M   3        23 220
 4  66  46  56   0   9   0    M    M    0  8.3 23 210   M    M   4        27 210
 5  57  34  46  -9  19   0 0.03    M    0  8.3 18 180   M    M   6        24 180
 6  70  25  48  -7  17   0    M    M    M  7.5 23 160   M    M   2        23 170
 7  68  46  57   2   8   0    M    M    M 10.3 17 220   M    M   1        29 240
 8  70  39  55   1  10   0    M    M    M 12.2 23 220   M    M   1        29 220
 9  64  30  47  -7  18   0    M    M    M  6.5 16 220   M    M   0        24 220
10  73  27  50  -4  15   0 0.00  0.0    0  6.3 16 230   M    M   0        23 250
11  77  28  53   0  12   0    M    M    M 13.0 33 210   M    M   0        52 250
12  57  41  49  -4  16   0    M    M    M 14.0 24  10   M    M   6        30  10
13  63  39  51  -1  14   0    M    M    M  3.8 10 360   M    M   7         M  M
14  57  43  50  -2  15   0    M    M    M  5.0 22 200   M    M   7 13      M  M
15  57  37  47  -5  18   0    M    M    M  2.3 12 280   M    M   8 1       M  M
16  64  32  48  -3  17   0    M    M    M  4.7 10 270   M    M   2         M  M
17  68  30  49  -2  16   0    M    M    M  8.1 21 230   M    M   2        32 270
18  72  52  62  11   3   0    M    M    M 15.2 37 220   M    M   7        32 200
19  73  48  61  11   4   0    M    M    M  8.7 14 170   M    M   5        28 270
20   M   M   M   M   M   M 0.00  0.0    0  7.2 31 220   M    M   1        25 230
21  73  37  55   6  10   0    M    M    0  5.8 16 200   M    M   3         M  M
22  64  48  56   7   9   0    M    M    M  3.8  9 110   M    M   9        20 110
23  54  39  47  -2  18   0    M    M    M  7.2 17  10   M    M   8 1      24  30
24  52  34  43  -5  22   0    M    M    M  4.8 15 230   M    M   7        17 250
================================================================================
SM 1534  887       281   0  0.03     0.0 183.8          M       96
================================================================================
AV 66.7 38.6                               7.7 FASTST   M    M   4    MAX(MPH)
                                 MISC ---->    37   M               # 52  250
================================================================================
NOTES:
# LAST OF SEVERAL OCCURRENCES

COLUMN 17 PEAK WIND IN M.P.H.

PRELIMINARY LOCAL CLIMATOLOGICAL DATA (WS FORM: F-6) , PAGE 2

                                          STATION:  JACKSON  WY
                                          MONTH:    SEPTEMBER
                                          YEAR:     2016
                                          LATITUDE:   43 35 N
                                          LONGITUDE: 110 44 W

[TEMPERATURE DATA]      [PRECIPITATION DATA]       SYMBOLS USED IN COLUMN 16

AVERAGE MONTHLY: 52.6   TOTAL FOR MONTH:   0.03    1 = FOG OR MIST
DPTR FM NORMAL:   0.1   DPTR FM NORMAL:   -1.12    2 = FOG REDUCING VISIBILITY
HIGHEST:    81 ON  2, 1 GRTST 24HR  0.03 ON  5- 5      TO 1/4 MILE OR LESS
LOWEST:     25 ON  6                               3 = THUNDER
                        SNOW, ICE PELLETS, HAIL    4 = ICE PELLETS
                        TOTAL MONTH:   0.0 INCH    5 = HAIL
                        GRTST 24HR     0.0         6 = FREEZING RAIN OR DRIZZLE
                        GRTST DEPTH:   0           7 = DUSTSTORM OR SANDSTORM:
                                                       VSBY 1/2 MILE OR LESS
                                                   8 = SMOKE OR HAZE
[NO. OF DAYS WITH]      [WEATHER - DAYS WITH]      9 = BLOWING SNOW
                                                   X = TORNADO
MAX 32 OR BELOW:   0    0.01 INCH OR MORE:   1
MAX 90 OR ABOVE:   0    0.10 INCH OR MORE:   0
MIN 32 OR BELOW:   6    0.50 INCH OR MORE:   0
MIN  0 OR BELOW:   0    1.00 INCH OR MORE:   0

[HDD (BASE 65) ]
TOTAL THIS MO.   281    CLEAR  (SCALE 0-3)  11
DPTR FM NORMAL   -18    PTCLDY (SCALE 4-7)  11
TOTAL FM JUL 1   562    CLOUDY (SCALE 8-10)  2
DPTR FM NORMAL   -20

[CDD (BASE 65) ]
TOTAL THIS MO.     0
DPTR FM NORMAL     0    [PRESSURE DATA]
TOTAL FM JAN 1    24    HIGHEST SLP M ON M
DPTR FM NORMAL   -19    LOWEST  SLP M ON M

[REMARKS]
