000
CXUS55 KGGW 240800
CF6JDN
PRELIMINARY LOCAL CLIMATOLOGICAL DATA (WS FORM: F-6)

                                          STATION:   JORDAN  ASOS MT
                                          MONTH:     JULY
                                          YEAR:      2016
                                          LATITUDE:   47 19 N
                                          LONGITUDE: 106 50 W

  TEMPERATURE IN F:       :PCPN:    SNOW:  WIND      :SUNSHINE: SKY     :PK WND
================================================================================
1   2   3   4   5  6A  6B    7    8   9   10  11  12  13   14  15   16   17  18
                                     12Z  AVG MX 2MIN
DY MAX MIN AVG DEP HDD CDD  WTR  SNW DPTH SPD SPD DIR MIN PSBL S-S WX    SPD DR
================================================================================

 1  92  59  76   9   0  11 0.00  0.0    0 10.2 23  20   M    M   0        28  30
 2  95  57  76   9   0  11 0.04  0.0    0  6.2 22 220   M    M   0        29 220
 3  91  65  78  10   0  13 0.00  0.0    0  8.8 22 260   M    M   0        28 270
 4  89  57  73   5   0   8 0.01  0.0    0  8.7 18 300   M    M   0        25 290
 5  82  52  67  -1   0   2 0.00  0.0    0  9.2 22 300   M    M   0        27 300
 6  74  50  62  -6   3   0 0.14  0.0    0  6.9 26 310   M    M   0        31 320
 7  81  48  65  -3   0   0 0.00  0.0    0  9.6 21 310   M    M   0        28 340
 8  95  59  77   8   0  12 0.00  0.0    0 10.4 24 230   M    M   0        33 230
 9  94  59  77   8   0  12 0.01  0.0    0  5.8 20 230   M    M   0        28 240
10  69  58  64  -5   1   0 0.35  0.0    0  7.9 28 270   M    M   0        37 280
11  68  52  60  -9   5   0 0.44  0.0    0 18.1 36 270   M    M   0        50 280
12  78  53  66  -4   0   1 0.00  0.0    0 17.8 33 320   M    M   0        42 320
13  79  52  66  -4   0   1 0.03  0.0    0 10.5 26 310   M    M   0        33 330
14  81  54  68  -2   0   3 0.17  0.0    0  6.1 41 300   M    M   0        50 300
15  79  49  64  -6   1   0 0.03    M    0  8.5 22 150   M    M   0        29 130
16  74  52  63  -7   2   0 0.04  0.0    0  9.3 32 270   M    M   0        37 270
17  81  47  64  -6   1   0 0.08    M    0  5.5 17  50   M    M   0        22  40
18  91  57  74   3   0   9 0.01  0.0    0 12.4 36 350   M    M   0        50  10
19 101  61  81  10   0  16 0.06  0.0    0  7.1 35 220   M    M   0        45 230
20  90  56  73   2   0   8 0.00  0.0    0  5.0 14 310   M    M   0        16 300
21  95  57  76   5   0  11 0.00  0.0    0  5.1 16 310   M    M   0        22 250
22  98  56  77   6   0  12 0.00  0.0    0  8.9 29 140   M    M   0        34 140
23  85  55  70  -1   0   5 0.00  0.0    0 13.4 32 270   M    M   0        41 280
================================================================================
SM 1962 1265        13 135  1.41     0.0 211.4          M        0
================================================================================
AV 85.3 55.0                               9.2 FASTST   M    M   0    MAX(MPH)
                                 MISC ---->  # 41 300               # 50  280
================================================================================
NOTES:
# LAST OF SEVERAL OCCURRENCES

COLUMN 17 PEAK WIND IN M.P.H.

PRELIMINARY LOCAL CLIMATOLOGICAL DATA (WS FORM: F-6) , PAGE 2

                                          STATION:  JORDAN  ASOS MT
                                          MONTH:    JULY
                                          YEAR:     2016
                                          LATITUDE:   47 19 N
                                          LONGITUDE: 106 50 W

[TEMPERATURE DATA]      [PRECIPITATION DATA]       SYMBOLS USED IN COLUMN 16

AVERAGE MONTHLY: 70.2   TOTAL FOR MONTH:   1.41    1 = FOG OR MIST
DPTR FM NORMAL:   0.8   DPTR FM NORMAL:   -0.14    2 = FOG REDUCING VISIBILITY
HIGHEST:   101 ON 19    GRTST 24HR  0.46 ON 10-11      TO 1/4 MILE OR LESS
LOWEST:     47 ON 17                               3 = THUNDER
                        SNOW, ICE PELLETS, HAIL    4 = ICE PELLETS
                        TOTAL MONTH:   0.0 INCH    5 = HAIL
                        GRTST 24HR     0.0         6 = FREEZING RAIN OR DRIZZLE
                        GRTST DEPTH:   0           7 = DUSTSTORM OR SANDSTORM:
                                                       VSBY 1/2 MILE OR LESS
                                                   8 = SMOKE OR HAZE
[NO. OF DAYS WITH]      [WEATHER - DAYS WITH]      9 = BLOWING SNOW
                                                   X = TORNADO
MAX 32 OR BELOW:   0    0.01 INCH OR MORE:  13
MAX 90 OR ABOVE:  10    0.10 INCH OR MORE:   4
MIN 32 OR BELOW:   0    0.50 INCH OR MORE:   0
MIN  0 OR BELOW:   0    1.00 INCH OR MORE:   0

[HDD (BASE 65) ]
TOTAL THIS MO.    13    CLEAR  (SCALE 0-3)  23
DPTR FM NORMAL   -11    PTCLDY (SCALE 4-7)   0
TOTAL FM JUL 1    13    CLOUDY (SCALE 8-10)  0
DPTR FM NORMAL   -11

[CDD (BASE 65) ]
TOTAL THIS MO.   135
DPTR FM NORMAL    13    [PRESSURE DATA]
TOTAL FM JAN 1   216    HIGHEST SLP M ON M
DPTR FM NORMAL    40    LOWEST  SLP 29.48 ON 11

[REMARKS]
