000
CXUS55 KGGW 310800
CF6JDN
PRELIMINARY LOCAL CLIMATOLOGICAL DATA (WS FORM: F-6)

                                          STATION:   JORDAN  ASOS MT
                                          MONTH:     JANUARY
                                          YEAR:      2015
                                          LATITUDE:   47 19 N
                                          LONGITUDE: 106 50 W

  TEMPERATURE IN F:       :PCPN:    SNOW:  WIND      :SUNSHINE: SKY     :PK WND
================================================================================
1   2   3   4   5  6A  6B    7    8   9   10  11  12  13   14  15   16   17  18
                                     12Z  AVG MX 2MIN
DY MAX MIN AVG DEP HDD CDD  WTR  SNW DPTH SPD SPD DIR MIN PSBL S-S WX    SPD DR
================================================================================

 1  37  17  27  11  38   0 0.00  0.0    0  7.8 16 270   M    M   0        19 270
 2  42  10  26  10  39   0 0.00  0.0    0 10.4 35 340   M    M   0        42 340
 3  10   0   5 -11  60   0 0.02    M    0 11.4 31 340   M    M   0        36 340
 4   3 -14  -5 -21  70   0 0.03    M    0  6.6 15 360   M    M   0        18 340
 5  10  -1   5 -11  60   0 0.28    M    0 10.0 28 330   M    M   0        34 140
 6   8   2   5 -11  60   0 0.24    M    0  6.9 16 330   M    M   0        18 320
 7  25 -22   2 -14  63   0 0.00  0.0    0  6.7 20 180   M    M   0        24 170
 8  30 -12   9  -7  56   0 0.03    M    0 18.5 38 330   M    M   0        47 340
 9   7 -25  -9 -25  74   0 0.00  0.0    0  3.4  9 120   M    M   0        11 120
10  16  -5   6 -11  59   0 0.00  0.0    0  4.8 15 320   M    M   0        17 320
11  16 -17   0 -17  65   0 0.01    M    0  2.8  9  10   M    M   0        10  10
12  14 -21  -3 -20  68   0 0.00  0.0    0  4.0 14 170   M    M   0        15 170
13  28   2  15  -2  50   0 0.00  0.0    0  9.2 20 270   M    M   0        24 270
14  33   7  20   3  45   0 0.00  0.0    0  8.8 16 270   M    M   0        19 260
15  41  14  28  11  37   0 0.00  0.0    0  6.4 15 270   M    M   0        16 270
16  45   7  26   9  39   0 0.00  0.0    0 10.0 39 300   M    M   0        47 300
17  42  27  35  18  30   0 0.00  0.0    0 10.5 22 290   M    M   0        28 290
18  43  21  32  15  33   0 0.01    M    0  7.1 15 240   M    M   0        19 280
19  43  29  36  19  29   0 0.00  0.0    0 12.2 29 300   M    M   0        38 300
20  40  28  34  17  31   0 0.00  0.0    0 14.6 29 310   M    M   0        36 310
21  36  24  30  12  35   0 0.00  0.0    0  8.0 17 330   M    M   0        20 340
22  47  23  35  17  30   0 0.00  0.0    0  9.0 16 270   M    M   0        20 270
23  48  26  37  19  28   0 0.00  0.0    0  9.2 22 290   M    M   0        27 270
24  46  28  37  19  28   0 0.06    M    0 12.7 35 320   M    M   0        46 310
25  55  27  41  23  24   0 0.00  0.0    0  5.5 16 280   M    M   0        22 280
26  53  29  41  23  24   0 0.00  0.0    0  5.1 13 300   M    M   0        14 300
27  59  26  43  25  22   0 0.00  0.0    0  1.6  9 280   M    M   0        13 280
28  39  24  32  14  33   0 0.00  0.0    0 11.2 25 320   M    M   0        32 310
29  45  18  32  13  33   0 0.00  0.0    0  4.2 17 170   M    M   0        20 170
30  46  22  34  15  31   0 0.00  0.0    0  4.1 10 280   M    M   0        12 280
================================================================================
SM 1007  294      1294   0  0.68     0.0 242.7          M        0
================================================================================
AV 33.6  9.8                               8.1 FASTST   M    M   0    MAX(MPH)
                                 MISC ---->  # 39 300               # 47  340
================================================================================
NOTES:
# LAST OF SEVERAL OCCURRENCES

COLUMN 17 PEAK WIND IN M.P.H.

PRELIMINARY LOCAL CLIMATOLOGICAL DATA (WS FORM: F-6) , PAGE 2

                                          STATION:  JORDAN  ASOS MT
                                          MONTH:    JANUARY
                                          YEAR:     2015
                                          LATITUDE:   47 19 N
                                          LONGITUDE: 106 50 W

[TEMPERATURE DATA]      [PRECIPITATION DATA]       SYMBOLS USED IN COLUMN 16

AVERAGE MONTHLY: 21.7   TOTAL FOR MONTH:   0.68    1 = FOG OR MIST
DPTR FM NORMAL:   4.6   DPTR FM NORMAL:    0.45    2 = FOG REDUCING VISIBILITY
HIGHEST:    59 ON 27    GRTST 24HR  0.29 ON  4- 5      TO 1/4 MILE OR LESS
LOWEST:    -25 ON  9                               3 = THUNDER
                        SNOW, ICE PELLETS, HAIL    4 = ICE PELLETS
                        TOTAL MONTH:   0.0 INCH    5 = HAIL
                        GRTST 24HR     0.0         6 = FREEZING RAIN OR DRIZZLE
                        GRTST DEPTH:   0           7 = DUSTSTORM OR SANDSTORM:
                                                       VSBY 1/2 MILE OR LESS
                                                   8 = SMOKE OR HAZE
[NO. OF DAYS WITH]      [WEATHER - DAYS WITH]      9 = BLOWING SNOW
                                                   X = TORNADO
MAX 32 OR BELOW:  11    0.01 INCH OR MORE:   8
MAX 90 OR ABOVE:   0    0.10 INCH OR MORE:   2
MIN 32 OR BELOW:  30    0.50 INCH OR MORE:   0
MIN  0 OR BELOW:   9    1.00 INCH OR MORE:   0

[HDD (BASE 65) ]
TOTAL THIS MO.  1294    CLEAR  (SCALE 0-3)  30
DPTR FM NORMAL  -141    PTCLDY (SCALE 4-7)   0
TOTAL FM JUL 1  4581    CLOUDY (SCALE 8-10)  0
DPTR FM NORMAL  -304

[CDD (BASE 65) ]
TOTAL THIS MO.     0
DPTR FM NORMAL     0    [PRESSURE DATA]
TOTAL FM JAN 1     0    HIGHEST SLP M ON M
DPTR FM NORMAL     0    LOWEST  SLP 29.61 ON 16

[REMARKS]
