000
CXUS55 KGGW 300800
CF6JDN
PRELIMINARY LOCAL CLIMATOLOGICAL DATA (WS FORM: F-6)

                                          STATION:   JORDAN  ASOS MT
                                          MONTH:     AUGUST
                                          YEAR:      2015
                                          LATITUDE:   47 19 N
                                          LONGITUDE: 106 50 W

  TEMPERATURE IN F:       :PCPN:    SNOW:  WIND      :SUNSHINE: SKY     :PK WND
================================================================================
1   2   3   4   5  6A  6B    7    8   9   10  11  12  13   14  15   16   17  18
                                     12Z  AVG MX 2MIN
DY MAX MIN AVG DEP HDD CDD  WTR  SNW DPTH SPD SPD DIR MIN PSBL S-S WX    SPD DR
================================================================================

 1  99  51  75   3   0  10 0.00  0.0    0 10.5 23 290   M    M   0        29 300
 2  85  56  71  -1   0   6 0.00  0.0    0  7.0 15  60   M    M   0        19  60
 3  92  50  71  -1   0   6 0.00  0.0    0  9.6 20  90   M    M   0        26 100
 4  93  60  77   6   0  12 0.15  0.0    0 11.2 28 270   M    M   0        36 270
 5  88  55  72   1   0   7 1.33  0.0    0  3.7 22 130   M    M   0        35 120
 6  85  54  70  -1   0   5 0.06  0.0    0  9.9 22 280   M    M   0        28 310
 7  81  50  66  -5   0   1 0.00  0.0    0  8.5 22 300   M    M   0        29 280
 8  84  49  67  -4   0   2 0.00  0.0    0  6.2 15  20   M    M   0        18  20
 9  85  63  74   3   0   9 0.00  0.0    0  3.5  9 100   M    M   0        13  40
10  90  55  73   2   0   8 0.00  0.0    0  6.4 15 140   M    M   0        22 140
11 100  61  81  10   0  16 0.00  0.0    M  4.5 15 150   M    M   0        19 110
12 103  56  80  10   0  15 0.00  0.0    0  6.2 32 320   M    M   0        39 330
13 100  58  79   9   0  14 0.00  0.0    0  4.7 12 330   M    M   0        14 350
14 106  61  84  14   0  19 0.00  0.0    0  8.1 22 190   M    M   0        31 180
15  87  58  73   3   0   8 0.00  0.0    0 14.6 29 320   M    M   0        37 310
16  65  52  59 -11   6   0 0.01  0.0    0  5.5 13 350   M    M   0        16 320
17  68  44  56 -13   9   0 0.02    M    0  5.1 17 340   M    M   0        20 340
18  72  43  58 -11   7   0 0.00  0.0    0  7.8 35 360   M    M   0        42 360
19  80  41  61  -8   4   0 0.00  0.0    0  3.0 15 260   M    M   0        19 210
20  90  47  69   1   0   4 0.00  0.0    0  7.0 23 340   M    M   0        28 320
21  88  48  68   0   0   3 0.00  0.0    0  9.0 35 320   M    M   0        43 320
22  64  38  51 -17  14   0 0.03    M    0 19.9 36 310   M    M   0        44 310
23  78  30  54 -13  11   0 0.00  0.0    0  4.3 12  70   M    M   0        14  90
24  90  39  65  -2   0   0 0.00  0.0    0  8.2 17 160   M    M   0        24 160
25  94  50  72   5   0   7 0.00  0.0    0  5.0 16 340   M    M   0        23 310
26  95  54  75   9   0  10 0.00  0.0    0 10.9 21  60   M    M   0        27  80
27  93  56  75   9   0  10 0.00  0.0    0  3.5 13 230   M    M   0        15  60
28  92  53  73   7   0   8 0.00  0.0    0  6.8 18 300   M    M   0        26 310
29  98  58  78  13   0  13 0.00  0.0    0  5.6 15 160   M    M   0        20 170
================================================================================
SM 2545 1490        51 193  1.60     0.0 216.2          M        0
================================================================================
AV 87.8 51.4                               7.5 FASTST   M    M   0    MAX(MPH)
                                 MISC ---->  # 36 310               # 44  310
================================================================================
NOTES:
# LAST OF SEVERAL OCCURRENCES

COLUMN 17 PEAK WIND IN M.P.H.

PRELIMINARY LOCAL CLIMATOLOGICAL DATA (WS FORM: F-6) , PAGE 2

                                          STATION:  JORDAN  ASOS MT
                                          MONTH:    AUGUST
                                          YEAR:     2015
                                          LATITUDE:   47 19 N
                                          LONGITUDE: 106 50 W

[TEMPERATURE DATA]      [PRECIPITATION DATA]       SYMBOLS USED IN COLUMN 16

AVERAGE MONTHLY: 69.6   TOTAL FOR MONTH:   1.60    1 = FOG OR MIST
DPTR FM NORMAL:   0.3   DPTR FM NORMAL:    0.47    2 = FOG REDUCING VISIBILITY
HIGHEST:   106 ON 14    GRTST 24HR  1.39 ON  5- 6      TO 1/4 MILE OR LESS
LOWEST:     30 ON 23                               3 = THUNDER
                        SNOW, ICE PELLETS, HAIL    4 = ICE PELLETS
                        TOTAL MONTH:   0.0 INCH    5 = HAIL
                        GRTST 24HR     0.0         6 = FREEZING RAIN OR DRIZZLE
                        GRTST DEPTH:   0           7 = DUSTSTORM OR SANDSTORM:
                                                       VSBY 1/2 MILE OR LESS
                                                   8 = SMOKE OR HAZE
[NO. OF DAYS WITH]      [WEATHER - DAYS WITH]      9 = BLOWING SNOW
                                                   X = TORNADO
MAX 32 OR BELOW:   0    0.01 INCH OR MORE:   6
MAX 90 OR ABOVE:  15    0.10 INCH OR MORE:   2
MIN 32 OR BELOW:   1    0.50 INCH OR MORE:   1
MIN  0 OR BELOW:   0    1.00 INCH OR MORE:   1

[HDD (BASE 65) ]
TOTAL THIS MO.    51    CLEAR  (SCALE 0-3)  29
DPTR FM NORMAL    16    PTCLDY (SCALE 4-7)   0
TOTAL FM JUL 1    53    CLOUDY (SCALE 8-10)  0
DPTR FM NORMAL    -7

[CDD (BASE 65) ]
TOTAL THIS MO.   193
DPTR FM NORMAL    36    [PRESSURE DATA]
TOTAL FM JAN 1   497    HIGHEST SLP M ON M
DPTR FM NORMAL   109    LOWEST  SLP 29.48 ON 21

[REMARKS]
