000
CXUS53 KLSX 211600
CF6JEF
PRELIMINARY LOCAL CLIMATOLOGICAL DATA (WS FORM: F-6)

                                          STATION:   JEFFERSON CITY
                                          MONTH:     FEBRUARY
                                          YEAR:      2017
                                          LATITUDE:   38 35 N
                                          LONGITUDE:  92 10 W

  TEMPERATURE IN F:       :PCPN:    SNOW:  WIND      :SUNSHINE: SKY     :PK WND
================================================================================
1   2   3   4   5  6A  6B    7    8   9   10  11  12  13   14  15   16   17  18
                                     12Z  AVG MX 2MIN
DY MAX MIN AVG DEP HDD CDD  WTR  SNW DPTH SPD SPD DIR MIN PSBL S-S WX    SPD DR
================================================================================

 1  47  32  40   6  25   0 0.00  0.0    0  5.8 15  10   M    M   0        21 350
 2  36  26  31  -3  34   0 0.00  0.0    0  6.3 15 350   M    M   3        19 350
 3  36  19  28  -6  37   0 0.00  0.0    0  4.9 14 340   M    M   3        18 310
 4  40  14  27  -7  38   0 0.00  0.0    0  8.8 20 170   M    M   3        25 180
 5  56  24  40   6  25   0 0.00  0.0    0  2.0  8 290   M    M   0        10 320
 6  65  28  47  13  18   0 0.00  0.0    0  6.7 14 190   M    M   6 1      18 170
 7  66  35  51  16  14   0    T  0.0    0 10.5 22 290   M    M   7 3      28 300
 8  36  20  28  -7  37   0 0.00  0.0    0  9.7 23 350   M    M   7        29 350
 9  32  18  25 -10  40   0 0.00  0.0    0  6.1 12 110   M    M   1        17 300
10  71  24  48  13  17   0 0.00  0.0    0  9.2 25 220   M    M   0        32 220
11  76  40  58  22   7   0 0.00  0.0    0  5.2 13  20   M    M   1        16 200
12  55  28  42   6  23   0 0.00  0.0    0  9.8 23 340   M    M   1        31 330
13  49  22  36   0  29   0 0.00  0.0    0  1.4  8 200   M    M   4        10 200
14  55  34  45   9  20   0 0.00  0.0    0  4.1 12 330   M    M   2        15 330
15  49  27  38   1  27   0 0.00  0.0    0  6.9 15 330   M    M   0        20 320
16  69  23  46   9  19   0 0.00  0.0    0  6.8 21 240   M    M   0        28 230
17  74  46  60  23   5   0 0.00  0.0    0  4.8 17 230   M    M   0        22 220
18  71  42  57  20   8   0 0.00  0.0    0  4.0 14 270   M    M   0        19 280
19  77  32  55  17  10   0 0.00  0.0    0  6.5 17 140   M    M   2 12     20 140
20  77  58  68  30   0   3 0.49  0.0    0 10.1 24 160   M    M   4 13     34 160
================================================================================
SM 1137  592       433   3  0.49     0.0 129.6          M       44
================================================================================
AV 56.9 29.6                               6.5 FASTST   M    M   2    MAX(MPH)
                                 MISC ---->  # 25 220               # 34  160
================================================================================
NOTES:
# LAST OF SEVERAL OCCURRENCES

COLUMN 17 PEAK WIND IN M.P.H.

PRELIMINARY LOCAL CLIMATOLOGICAL DATA (WS FORM: F-6) , PAGE 2

                                          STATION:  JEFFERSON CITY
                                          MONTH:    FEBRUARY
                                          YEAR:     2017
                                          LATITUDE:   38 35 N
                                          LONGITUDE:  92 10 W

[TEMPERATURE DATA]      [PRECIPITATION DATA]       SYMBOLS USED IN COLUMN 16

AVERAGE MONTHLY: 43.2   TOTAL FOR MONTH:   0.49    1 = FOG OR MIST
DPTR FM NORMAL:   7.6   DPTR FM NORMAL:   -1.12    2 = FOG REDUCING VISIBILITY
HIGHEST:    77 ON 20,19 GRTST 24HR  0.49 ON 20-20      TO 1/4 MILE OR LESS
LOWEST:     14 ON  4                               3 = THUNDER
                        SNOW, ICE PELLETS, HAIL    4 = ICE PELLETS
                        TOTAL MONTH:   0.0 INCH    5 = HAIL
                        GRTST 24HR     0.0         6 = FREEZING RAIN OR DRIZZLE
                        GRTST DEPTH:   0           7 = DUSTSTORM OR SANDSTORM:
                                                       VSBY 1/2 MILE OR LESS
                                                   8 = SMOKE OR HAZE
[NO. OF DAYS WITH]      [WEATHER - DAYS WITH]      9 = BLOWING SNOW
                                                   X = TORNADO
MAX 32 OR BELOW:   1    0.01 INCH OR MORE:   1
MAX 90 OR ABOVE:   0    0.10 INCH OR MORE:   1
MIN 32 OR BELOW:  14    0.50 INCH OR MORE:   0
MIN  0 OR BELOW:   0    1.00 INCH OR MORE:   0

[HDD (BASE 65) ]
TOTAL THIS MO.   433    CLEAR  (SCALE 0-3)  15
DPTR FM NORMAL  -155    PTCLDY (SCALE 4-7)   5
TOTAL FM JUL 1  2919    CLOUDY (SCALE 8-10)  0
DPTR FM NORMAL  -536

[CDD (BASE 65) ]
TOTAL THIS MO.     3
DPTR FM NORMAL     3    [PRESSURE DATA]
TOTAL FM JAN 1     3    HIGHEST SLP M ON M
DPTR FM NORMAL     3    LOWEST  SLP 29.40 ON  7

[REMARKS]
