000
CXUS55 KBOI 271002
CF6JER
PRELIMINARY LOCAL CLIMATOLOGICAL DATA (WS FORM: F-6)

                                          STATION:   JEROME ID
                                          MONTH:     FEBRUARY
                                          YEAR:      2015
                                          LATITUDE:   42 43 N
                                          LONGITUDE: 114 27 W

  TEMPERATURE IN F:       :PCPN:    SNOW:  WIND      :SUNSHINE: SKY     :PK WND
================================================================================
1   2   3   4   5  6A  6B    7    8   9   10  11  12  13   14  15   16   17  18
                                     12Z  AVG MX 2MIN
DY MAX MIN AVG DEP HDD CDD  WTR  SNW DPTH SPD SPD DIR MIN PSBL S-S WX    SPD DR
================================================================================

 1  40  27  34   6  31   0    T    M    M 10.7 18  30   M    M   5 1      23  40
 2  46  33  40  12  25   0 0.07    M    M  5.7 13 210   M    M   9 1      16 210
 3  46  36  41  13  24   0 0.19    M    M  7.1 18 240   M    M   8 1      24 250
 4  52  39  46  18  19   0 0.02    M    M  6.9 18 230   M    M   4 12     23 230
 5  61  34  48  20  17   0 0.00    M    M 10.9 21 130   M    M   2        31 130
 6  60  42  51  23  14   0 0.00    M    M  8.7 17  30   M    M   4        22 140
 7  61  43  52  24  13   0 0.02    M    M 12.2 35 230   M    M   6        45 230
 8  62  36  49  20  16   0    T    M    M  9.9 17  40   M    M   2        22  30
 9  55  39  47  18  18   0 0.01    M    M 12.2 32 260   M    M   7        44 200
10  48  34  41  12  24   0 0.00    M    M 11.7 22 240   M    M   4        25 230
11  54  31  43  14  22   0 0.00    M    M 11.2 18  40   M    M   0        22  70
12  59  35  47  17  18   0 0.00    M    M  7.1 16  50   M    M   0        20  30
13  59  33  46  16  19   0 0.00    M    M 12.4 20  50   M    M   0        24  50
14  54  34  44  14  21   0    T    M    M  9.3 22  30   M    M   0        26  30
15  50  32  41  11  24   0 0.00    M    M 13.5 26 250   M    M   0        33 260
16  49  25  37   6  28   0 0.00    M    M  7.5 16  60   M    M   0        24  60
17  49  24  37   6  28   0 0.00    M    M  7.4 16  50   M    M   0        18  50
18  55  28  42  11  23   0 0.00    M    M  2.9  7 260   M    M   0        10 220
19  57  32  45  13  20   0 0.00    M    M  7.2 17 240   M    M   0        22 250
20  50  31  41   9  24   0 0.00    M    M 18.3 30 260   M    M   2        37 240
21  44  27  36   4  29   0 0.01    M    M 12.0 30  60   M    M   4 1      37  40
22  37  20  29  -4  36   0    T    M    M 14.7 28  60   M    M   4        37  70
23  39  15  27  -6  38   0 0.00    M    M  8.7 22  50   M    M   0        27  50
24  50  20  35   1  30   0 0.00    M    M 11.0 25 240   M    M   0        32 250
25  51  33  42   8  23   0 0.00    M    M 16.6 32 240   M    M   0        40 240
26  43  29  36   2  29   0    T    M    M  6.5 15 180   M    M   6        18 180
================================================================================
SM 1331  812       613   0  0.32    M    262.3          M       67
================================================================================
AV 51.2 31.2                              10.1 FASTST   M    M   3    MAX(MPH)
                                 MISC ---->  # 35 230               # 45  230
================================================================================
NOTES:
# LAST OF SEVERAL OCCURRENCES

COLUMN 17 PEAK WIND IN M.P.H.

PRELIMINARY LOCAL CLIMATOLOGICAL DATA (WS FORM: F-6) , PAGE 2

                                          STATION:  JEROME ID
                                          MONTH:    FEBRUARY
                                          YEAR:     2015
                                          LATITUDE:   42 43 N
                                          LONGITUDE: 114 27 W

[TEMPERATURE DATA]      [PRECIPITATION DATA]       SYMBOLS USED IN COLUMN 16

AVERAGE MONTHLY: 41.2   TOTAL FOR MONTH:   0.32    1 = FOG OR MIST
DPTR FM NORMAL:  10.9   DPTR FM NORMAL:   -0.49    2 = FOG REDUCING VISIBILITY
HIGHEST:    62 ON  8    GRTST 24HR  0.21 ON  2- 3      TO 1/4 MILE OR LESS
LOWEST:     15 ON 23                               3 = THUNDER
                        SNOW, ICE PELLETS, HAIL    4 = ICE PELLETS
                        TOTAL MONTH:    M          5 = HAIL
                        GRTST 24HR    M  ON   M    6 = FREEZING RAIN OR DRIZZLE
                        GRTST DEPTH:  M  ON   M    7 = DUSTSTORM OR SANDSTORM:
                                                       VSBY 1/2 MILE OR LESS
                                                   8 = SMOKE OR HAZE
[NO. OF DAYS WITH]      [WEATHER - DAYS WITH]      9 = BLOWING SNOW
                                                   X = TORNADO
MAX 32 OR BELOW:   0    0.01 INCH OR MORE:   6
MAX 90 OR ABOVE:   0    0.10 INCH OR MORE:   1
MIN 32 OR BELOW:  13    0.50 INCH OR MORE:   0
MIN  0 OR BELOW:   0    1.00 INCH OR MORE:   0

[HDD (BASE 65) ]
TOTAL THIS MO.   613    CLEAR  (SCALE 0-3)  15
DPTR FM NORMAL  -288    PTCLDY (SCALE 4-7)  10
TOTAL FM JUL 1  3987    CLOUDY (SCALE 8-10)  1
DPTR FM NORMAL  -839

[CDD (BASE 65) ]
TOTAL THIS MO.     0
DPTR FM NORMAL     0    [PRESSURE DATA]
TOTAL FM JAN 1     0    HIGHEST SLP M ON M
DPTR FM NORMAL     0    LOWEST  SLP 29.64 ON  6

[REMARKS]
