000
CXUS55 KJKL 252023
CF6JKL
PRELIMINARY LOCAL CLIMATOLOGICAL DATA (WS FORM: F-6)

                                          STATION:   JACKSON KY
                                          MONTH:     MAY
                                          YEAR:      2015
                                          LATITUDE:   37 35 N
                                          LONGITUDE:  83 19 W

  TEMPERATURE IN F:       :PCPN:    SNOW:  WIND      :SUNSHINE: SKY     :PK WND
================================================================================
1   2   3   4   5  6A  6B    7    8   9   10  11  12  13   14  15   16   17  18
                                     12Z  AVG MX 2MIN
DY MAX MIN AVG DEP HDD CDD  WTR  SNW DPTH SPD SPD DIR MIN PSBL S-S WX    SPD DR
================================================================================

 1  65  43  54  -8  11   0 0.00  0.0    0  2.7  7 300   M    M   6 18     11 220
 2  75  47  61  -1   4   0 0.00  0.0    0  1.4  9 310   M    M   1        12 310
 3  79  51  65   3   0   0 0.00  0.0    0  1.9  8 170   M    M   1        12 300
 4  83  56  70   8   0   5 0.00  0.0    0  2.4  9 270   M    M   1        18 280
 5  84  60  72  10   0   7 0.00  0.0    0  1.6  8 280   M    M   2        13 270
 6  85  56  71   9   0   6 0.00  0.0    0  2.1  8 140   M    M   3        13 160
 7  85  64  75  12   0  10 0.01  0.0    0  1.6  8 300   M    M   2 3      10 120
 8  87  61  74  11   0   9 0.00  0.0    0  1.3  8 310   M    M   0        12 120
 9  87  65  76  13   0  11 0.02  0.0    0  1.7  9 190   M    M   1 38     20 200
10  87  64  76  13   0  11 0.00  0.0    0  1.3  9 270   M    M   1        14 300
11  89  64  77  13   0  12 0.14  0.0    0  2.1 17 260   M    M   1 1358   34 250
12  78  58  68   4   0   3 0.00  0.0    0  5.2 13 310   M    M   4        25 250
13  71  49  60  -4   5   0 0.00  0.0    0  2.2  9 310   M    M   0        14 280
14  77  48  63  -1   2   0 0.00  0.0    0  1.4  8 120   M    M   0        12 110
15  83  63  73   9   0   8 0.22  0.0    0  2.0 13 170   M    M   4 13     19 170
16  79  65  72   7   0   7 0.41  0.0    0  0.8 12 280   M    M   7 13     18 280
17  81  65  73   8   0   8    T  0.0    0  1.9  8 170   M    M   5        15 150
18  78  65  72   7   0   7 0.37  0.0    0  1.2 14 280   M    M   6 1238   23 290
19  78  59  69   4   0   4    T  0.0    0  3.3 10 300   M    M   6 12     16 280
20  74  49  62  -3   3   0    T  0.0    0  0.9  6 150   M    M   1         9  30
21  61  47  54 -12  11   0 0.11  0.0    0  3.7 13 300   M    M   9 1      19 310
22  71  43  57  -9   8   0 0.00  0.0    0  1.2  8 300   M    M   4 12     14 310
23  79  51  65  -1   0   0 0.00  0.0    0  1.0  8 160   M    M   0        11 170
24  84  58  71   5   0   6 0.00  0.0    0  2.3  8 140   M    M   1        13 140
================================================================================
SM 1900 1351        44 114  1.28     0.0  47.2          M       66
================================================================================
AV 79.2 56.3                               2.0 FASTST   M    M   3    MAX(MPH)
                                 MISC ---->  # 17 260               # 34  250
================================================================================
NOTES:
# LAST OF SEVERAL OCCURRENCES

COLUMN 17 PEAK WIND IN M.P.H.

PRELIMINARY LOCAL CLIMATOLOGICAL DATA (WS FORM: F-6) , PAGE 2

                                          STATION:  JACKSON KY
                                          MONTH:    MAY
                                          YEAR:     2015
                                          LATITUDE:   37 35 N
                                          LONGITUDE:  83 19 W

[TEMPERATURE DATA]      [PRECIPITATION DATA]       SYMBOLS USED IN COLUMN 16

AVERAGE MONTHLY: 67.7   TOTAL FOR MONTH:   1.28    1 = FOG OR MIST
DPTR FM NORMAL:   3.9   DPTR FM NORMAL:   -2.70    2 = FOG REDUCING VISIBILITY
HIGHEST:    89 ON 11    GRTST 24HR  0.41 ON 16-16      TO 1/4 MILE OR LESS
LOWEST:     43 ON 22, 1                            3 = THUNDER
                        SNOW, ICE PELLETS, HAIL    4 = ICE PELLETS
                        TOTAL MONTH:   0.0 INCH    5 = HAIL
                        GRTST 24HR     0.0         6 = FREEZING RAIN OR DRIZZLE
                        GRTST DEPTH:   0           7 = DUSTSTORM OR SANDSTORM:
                                                       VSBY 1/2 MILE OR LESS
                                                   8 = SMOKE OR HAZE
[NO. OF DAYS WITH]      [WEATHER - DAYS WITH]      9 = BLOWING SNOW
                                                   X = TORNADO
MAX 32 OR BELOW:   0    0.01 INCH OR MORE:   7
MAX 90 OR ABOVE:   0    0.10 INCH OR MORE:   5
MIN 32 OR BELOW:   0    0.50 INCH OR MORE:   0
MIN  0 OR BELOW:   0    1.00 INCH OR MORE:   0

[HDD (BASE 65) ]
TOTAL THIS MO.    44    CLEAR  (SCALE 0-3)  15
DPTR FM NORMAL   -44    PTCLDY (SCALE 4-7)   8
TOTAL FM JUL 1  4566    CLOUDY (SCALE 8-10)  1
DPTR FM NORMAL   357

[CDD (BASE 65) ]
TOTAL THIS MO.   114
DPTR FM NORMAL    51    [PRESSURE DATA]
TOTAL FM JAN 1   139    HIGHEST SLP M ON M
DPTR FM NORMAL    30    LOWEST  SLP 29.85 ON 21

[REMARKS]
