000
CXUS53 KBIS 270731
CF6JMS
PRELIMINARY LOCAL CLIMATOLOGICAL DATA (WS FORM: F-6)

                                          STATION:   JAMESTOWN ND
                                          MONTH:     JULY
                                          YEAR:      2014
                                          LATITUDE:   46 55 N
                                          LONGITUDE:  98 40 W

  TEMPERATURE IN F:       :PCPN:    SNOW:  WIND      :SUNSHINE: SKY     :PK WND
================================================================================
1   2   3   4   5  6A  6B    7    8   9   10  11  12  13   14  15   16   17  18
                                     12Z  AVG MX 2MIN
DY MAX MIN AVG DEP HDD CDD  WTR  SNW DPTH SPD SPD DIR MIN PSBL S-S WX    SPD DR
================================================================================

 1  62  51  57 -11   8   0 0.15    M    M 18.3 30 340   M    M   9 1      39 340
 2  71  47  59  -9   6   0 0.00    M    M  6.1 14 320   M    M   4        17 340
 3  75  51  63  -5   2   0 0.00    M    M  4.8 13 140   M    M   2 1      17 140
 4  82  60  71   2   0   6 0.03    M    M 13.5 28 140   M    M   1        33 200
 5  94  65  80  11   0  15    T    M    M  8.1 32 250   M    M   0        46 250
 6  83  67  75   6   0  10 0.00    M    M 12.2 23 320   M    M   1        30 310
 7  74  60  67  -2   0   2 0.26    M    M 12.3 31 330   M    M   5 13     46 310
 8  74  58  66  -3   0   1 0.00    M    M 12.2 21 320   M    M   2 8      27 320
 9  76  52  64  -5   1   0 0.00    M    M  4.9 10 230   M    M   0 1      14 270
10  77  58  68  -2   0   3    T    M    M  8.8 17 180   M    M   2 1      21 170
11  84  61  73   3   0   8 0.00    M    M  6.9 15 340   M    M   3 12     19 350
12  80  58  69  -1   0   4 0.00    M    M  9.5 25 300   M    M   2        31 300
13  74  56  65  -5   0   0 0.00    M    M 14.1 26 310   M    M   3        35 300
14  68  52  60 -10   5   0 0.00    M    M 15.6 25 340   M    M   7        36 330
15  75  52  64  -6   1   0 0.00    M    M  7.8 15 350   M    M   4        20 320
16  78  50  64  -6   1   0 0.00    M    M  2.3  9 190   M    M   3 18     10 120
17  83  52  68  -2   0   3 0.00    M    M  8.1 18 190   M    M   1        23 190
18  85  60  73   3   0   8 0.02    M    M 14.3 28 190   M    M   2 3      36 180
19  80  56  68  -2   0   3 0.00    M    M  6.7 14 190   M    M   0        17 180
20  93  67  80  10   0  15    T    M    M  8.1 17 180   M    M   1 1      20 180
21  88  66  77   7   0  12 0.24    M    M 11.6 41  10   M    M   3 13     54 260
22  80  62  71   1   0   6 0.00    M    M  7.7 15 340   M    M   3        20 340
23  79  59  69  -1   0   4 0.01    M    M  5.6 13 120   M    M   3        16 170
24  79  61  70   0   0   5 0.11    M    M 12.6 30 320   M    M   3 13     37 170
25  80  60  70  -1   0   5    T    M    M  8.5 23 330   M    M   3 1      30 330
26  78  56  67  -4   0   2    T    M    M 15.7 32 300   M    M   3        40 300
================================================================================
SM 2052 1497        24 112  0.82    M    256.3          M       70
================================================================================
AV 78.9 57.6                               9.9 FASTST   M    M   3    MAX(MPH)
                                 MISC ---->  # 41  10               # 54  260
================================================================================
NOTES:
# LAST OF SEVERAL OCCURRENCES

COLUMN 17 PEAK WIND IN M.P.H.

PRELIMINARY LOCAL CLIMATOLOGICAL DATA (WS FORM: F-6) , PAGE 2

                                          STATION:  JAMESTOWN ND
                                          MONTH:    JULY
                                          YEAR:     2014
                                          LATITUDE:   46 55 N
                                          LONGITUDE:  98 40 W

[TEMPERATURE DATA]      [PRECIPITATION DATA]       SYMBOLS USED IN COLUMN 16

AVERAGE MONTHLY: 68.2   TOTAL FOR MONTH:   0.82    1 = FOG OR MIST
DPTR FM NORMAL:  -1.4   DPTR FM NORMAL:   -2.12    2 = FOG REDUCING VISIBILITY
HIGHEST:    94 ON  5    GRTST 24HR  0.26 ON  7- 7      TO 1/4 MILE OR LESS
LOWEST:     47 ON  2                               3 = THUNDER
                        SNOW, ICE PELLETS, HAIL    4 = ICE PELLETS
                        TOTAL MONTH:    M          5 = HAIL
                        GRTST 24HR    M  ON   M    6 = FREEZING RAIN OR DRIZZLE
                        GRTST DEPTH:  M  ON   M    7 = DUSTSTORM OR SANDSTORM:
                                                       VSBY 1/2 MILE OR LESS
                                                   8 = SMOKE OR HAZE
[NO. OF DAYS WITH]      [WEATHER - DAYS WITH]      9 = BLOWING SNOW
                                                   X = TORNADO
MAX 32 OR BELOW:   0    0.01 INCH OR MORE:   7
MAX 90 OR ABOVE:   2    0.10 INCH OR MORE:   4
MIN 32 OR BELOW:   0    0.50 INCH OR MORE:   0
MIN  0 OR BELOW:   0    1.00 INCH OR MORE:   0

[HDD (BASE 65) ]
TOTAL THIS MO.    24    CLEAR  (SCALE 0-3)  19
DPTR FM NORMAL     5    PTCLDY (SCALE 4-7)   6
TOTAL FM JUL 1    24    CLOUDY (SCALE 8-10)  1
DPTR FM NORMAL     5

[CDD (BASE 65) ]
TOTAL THIS MO.   112
DPTR FM NORMAL   -33    [PRESSURE DATA]
TOTAL FM JAN 1   222    HIGHEST SLP M ON M
DPTR FM NORMAL   -23    LOWEST  SLP 29.62 ON M

[REMARKS]
