000
CXUS52 TJSJ 260450
CF6JSJ
PRELIMINARY LOCAL CLIMATOLOGICAL DATA (WS FORM: F-6)

                                          STATION:   SAN JUAN/PR
                                          MONTH:     NOVEMBER
                                          YEAR:      2014
                                          LATITUDE:   18 25 N
                                          LONGITUDE:  66  0 W

  TEMPERATURE IN F:       :PCPN:    SNOW:  WIND      :SUNSHINE: SKY     :PK WND
================================================================================
1   2   3   4   5  6A  6B    7    8   9   10  11  12  13   14  15   16   17  18
                                     12Z  AVG MX 2MIN
DY MAX MIN AVG DEP HDD CDD  WTR  SNW DPTH SPD SPD DIR MIN PSBL S-S WX    SPD DR
================================================================================

 1  93  78  86   4   0  21 0.00  0.0    0  4.2 16  60   M    M   3        21  60
 2  89  78  84   2   0  19 0.63  0.0    0  5.6 20  60   M    M   4 13     22  50
 3  86  73  80  -2   0  15 1.69  0.0    0  7.0 22  50   M    M   5 13     26  40
 4  84  74  79  -3   0  14 0.86  0.0    0  4.4 22  20   M    M   7 1      30  30
 5  80  74  77  -4   0  12 0.13  0.0    0  2.3  9 100   M    M   6        16 130
 6  91  73  82   1   0  17 0.04  0.0    0  3.6 13 140   M    M   5        18 140
 7  82  71  77  -4   0  12 3.41  0.0    0  6.2 16  80   M    M   7 13     21  80
 8  89  74  82   1   0  17 0.12  0.0    0  3.5 17  80   M    M   5        22  80
 9  90  79  85   4   0  20 0.12  0.0    0  4.8 17  60   M    M   6 1      21  60
10  89  78  84   3   0  19 0.00  0.0    0  7.1 20  70   M    M   3        25  80
11  88  77  83   2   0  18 0.00  0.0    0  5.8 18  50   M    M   3        22  80
12  89  76  83   2   0  18 0.00  0.0    0  6.4 18  60   M    M   3        24  60
13  86  73  80  -1   0  15 0.00  0.0    0  3.7 12  50   M    M   3        18  30
14  87  77  82   1   0  17 0.01  0.0    0  4.5 15  60   M    M   3        18  70
15  89  75  82   1   0  17 0.22  0.0    0  6.2 20  70   M    M   4 1      23  50
16  88  76  82   2   0  17 0.48  0.0    0 10.0 22  60   M    M   4 1      25  50
17  88  76  82   2   0  17 0.05  0.0    0 12.2 22  50   M    M   5 1      26  70
18  87  77  82   2   0  17 0.02  0.0    0 10.1 20  70   M    M   4 8      24  50
19  87  76  82   2   0  17 0.30  0.0    0  7.3 26  70   M    M   4 1      35  60
20  87  76  82   2   0  17 0.06  0.0    0  8.2 22  80   M    M   3 1      28  90
21  87  76  82   2   0  17 0.10  0.0    0  7.2 20  60   M    M   4 1      26  50
22  84  74  79  -1   0  14 1.47  0.0    0  5.6 23  60   M    M   7 13     31  70
23  87  75  81   1   0  16 0.07  0.0    0 10.5 25  70   M    M   5 1      31  60
24  85  76  81   1   0  16 0.37  0.0    0 11.8 25  50   M    M   5 18     30  50
25  85  77  81   1   0  16 0.44  0.0    0 10.8 28  80   M    M   6 1      33  80
================================================================================
SM 2177 1889         0 415 10.59     0.0 169.0          M      114
================================================================================
AV 87.1 75.6                               6.8 FASTST   M    M   5    MAX(MPH)
                                 MISC ---->  # 28  80               # 35   60
================================================================================
NOTES:
# LAST OF SEVERAL OCCURRENCES

COLUMN 17 PEAK WIND IN M.P.H.

PRELIMINARY LOCAL CLIMATOLOGICAL DATA (WS FORM: F-6) , PAGE 2

                                          STATION:  SAN JUAN/PR
                                          MONTH:    NOVEMBER
                                          YEAR:     2014
                                          LATITUDE:   18 25 N
                                          LONGITUDE:  66  0 W

[TEMPERATURE DATA]      [PRECIPITATION DATA]       SYMBOLS USED IN COLUMN 16

AVERAGE MONTHLY: 81.3   TOTAL FOR MONTH:  10.59    1 = FOG OR MIST
DPTR FM NORMAL:   0.6   DPTR FM NORMAL:    5.18    2 = FOG REDUCING VISIBILITY
HIGHEST:    93 ON  1    GRTST 24HR  3.41 ON  7- 7      TO 1/4 MILE OR LESS
LOWEST:     71 ON  7                               3 = THUNDER
                        SNOW, ICE PELLETS, HAIL    4 = ICE PELLETS
                        TOTAL MONTH:   0.0 INCH    5 = HAIL
                        GRTST 24HR     0.0         6 = FREEZING RAIN OR DRIZZLE
                        GRTST DEPTH:   0           7 = DUSTSTORM OR SANDSTORM:
                                                       VSBY 1/2 MILE OR LESS
                                                   8 = SMOKE OR HAZE
[NO. OF DAYS WITH]      [WEATHER - DAYS WITH]      9 = BLOWING SNOW
                                                   X = TORNADO
MAX 32 OR BELOW:   0    0.01 INCH OR MORE:  20
MAX 90 OR ABOVE:   3    0.10 INCH OR MORE:  14
MIN 32 OR BELOW:   0    0.50 INCH OR MORE:   5
MIN  0 OR BELOW:   0    1.00 INCH OR MORE:   3

[HDD (BASE 65) ]
TOTAL THIS MO.     0    CLEAR  (SCALE 0-3)   4
DPTR FM NORMAL     0    PTCLDY (SCALE 4-7)  21
TOTAL FM JUL 1     0    CLOUDY (SCALE 8-10)  0
DPTR FM NORMAL     0

[CDD (BASE 65) ]
TOTAL THIS MO.   415
DPTR FM NORMAL    22    [PRESSURE DATA]
TOTAL FM JAN 1  5788    HIGHEST SLP M ON M
DPTR FM NORMAL   436    LOWEST  SLP 29.83 ON  8

[REMARKS]
