000
CXUS52 TJSJ 302158
CF6JSJ
PRELIMINARY LOCAL CLIMATOLOGICAL DATA (WS FORM: F-6)

                                          STATION:   SAN JUAN/P.R.
                                          MONTH:     SEPTEMBER
                                          YEAR:      2014
                                          LATITUDE:   18 25 N
                                          LONGITUDE:  66  0 W

  TEMPERATURE IN F:       :PCPN:    SNOW:  WIND      :SUNSHINE: SKY     :PK WND
================================================================================
1   2   3   4   5  6A  6B    7    8   9   10  11  12  13   14  15   16   17  18
                                     12Z  AVG MX 2MIN
DY MAX MIN AVG DEP HDD CDD  WTR  SNW DPTH SPD SPD DIR MIN PSBL S-S WX    SPD DR
================================================================================

 1  90  78  84   0   0  19 0.16  0.0    0  7.7 24  50   M    M   4        31  50
 2  90  78  84   0   0  19 0.19  0.0    0  6.9 21  50   M    M   5        26  50
 3  89  79  84   0   0  19 0.02  0.0    0  9.7 20  50   M    M   4        24  60
 4  88  77  83  -1   0  18 0.09  0.0    0  9.2 23  80   M    M   5 1      26  80
 5  89  77  83  -1   0  18 0.45  0.0    0  7.1 23  70   M    M   5 138    26  70
 6  89  78  84   0   0  19 0.03  0.0    0  8.2 21  50   M    M   4        25  50
 7  86  75  81  -3   0  16 0.44  0.0    0  4.9 18  60   M    M   5 13     24  60
 8  89  78  84   0   0  19 0.41  0.0    0  5.7 20  80   M    M   6        23  80
 9  89  77  83  -1   0  18 0.00  0.0    0  5.0 21  60   M    M   4        26  50
10  89  79  84   0   0  19 0.06  0.0    0  6.3 21  50   M    M   3 3      25  50
11  88  78  83  -1   0  18 0.08  0.0    0  7.9 20  50   M    M   4 1      24  50
12  90  80  85   1   0  20 0.00  0.0    0  8.9 20  50   M    M   4        24  50
13  89  79  84   0   0  19 0.10  0.0    0 11.7 22  50   M    M   5 1      32  50
14  88  77  83  -1   0  18 0.19  0.0    0  8.8 17  60   M    M   6 13     21  80
15  88  78  83  -1   0  18 0.08  0.0    0  4.9 16  20   M    M   4 1      21  10
16  89  78  84   0   0  19 0.04  0.0    0  6.3 18  50   M    M   4        22  50
17  89  78  84   0   0  19 0.00  0.0    0  6.9 16  50   M    M   5        21  70
18  89  78  84   0   0  19 0.06  0.0    0  5.3 16  50   M    M   4 13     21  60
19  92  74  83   0   0  18 1.92  0.0    0  8.5 23  70   M    M   5 13     28  60
20  90  75  83   0   0  18 0.48  0.0    0  4.5 29  60   M    M   4 138    35  70
21  89  79  84   1   0  19 0.00  0.0    0  8.1 21  60   M    M   4        25  50
22  88  78  83   0   0  18 0.06  0.0    0  9.3 16  50   M    M   5 13     22  20
23  90  78  84   1   0  19 0.54  0.0    0  4.6 21  50   M    M   4 138    24  50
24  88  78  83   0   0  18 0.23  0.0    0  4.2 20  70   M    M   5 1      23  60
25  87  75  81  -2   0  16 0.75  0.0    0  4.4 17  50   M    M   5 1      22  60
26  86  75  81  -2   0  16 0.03  0.0    0  2.4 12 170   M    M   4 13     16 160
27  88  76  82  -1   0  17 0.01  0.0    0  2.1 13  30   M    M   4 3      17  40
28  92  76  84   1   0  19 0.00  0.0    0  4.7 12 150   M    M   3        18 160
29  93  79  86   3   0  21 0.00  0.0    0  4.8 17 140   M    M   3        12 150
================================================================================
SM 2581 2245         0 533  6.42     0.0 189.0          M      127
================================================================================
AV 89.0 77.4                               6.5 FASTST   M    M   4    MAX(MPH)
                                 MISC ---->  # 29  60               # 35   70
================================================================================
NOTES:
# LAST OF SEVERAL OCCURRENCES

COLUMN 17 PEAK WIND IN M.P.H.

PRELIMINARY LOCAL CLIMATOLOGICAL DATA (WS FORM: F-6) , PAGE 2

                                          STATION:  SAN JUAN/P.R.
                                          MONTH:    SEPTEMBER
                                          YEAR:     2014
                                          LATITUDE:   18 25 N
                                          LONGITUDE:  66  0 W

[TEMPERATURE DATA]      [PRECIPITATION DATA]       SYMBOLS USED IN COLUMN 16

AVERAGE MONTHLY: 83.2   TOTAL FOR MONTH:   6.42    1 = FOG OR MIST
DPTR FM NORMAL:  -0.4   DPTR FM NORMAL:    0.82    2 = FOG REDUCING VISIBILITY
HIGHEST:    93 ON 29    GRTST 24HR  1.93 ON 18-19      TO 1/4 MILE OR LESS
LOWEST:     74 ON 19                               3 = THUNDER
                        SNOW, ICE PELLETS, HAIL    4 = ICE PELLETS
                        TOTAL MONTH:   0.0 INCH    5 = HAIL
                        GRTST 24HR     0.0         6 = FREEZING RAIN OR DRIZZLE
                        GRTST DEPTH:   0           7 = DUSTSTORM OR SANDSTORM:
                                                       VSBY 1/2 MILE OR LESS
                                                   8 = SMOKE OR HAZE
[NO. OF DAYS WITH]      [WEATHER - DAYS WITH]      9 = BLOWING SNOW
                                                   X = TORNADO
MAX 32 OR BELOW:   0    0.01 INCH OR MORE:  23
MAX 90 OR ABOVE:   8    0.10 INCH OR MORE:  12
MIN 32 OR BELOW:   0    0.50 INCH OR MORE:   3
MIN  0 OR BELOW:   0    1.00 INCH OR MORE:   1

[HDD (BASE 65) ]
TOTAL THIS MO.     0    CLEAR  (SCALE 0-3)   3
DPTR FM NORMAL     0    PTCLDY (SCALE 4-7)  26
TOTAL FM JUL 1     0    CLOUDY (SCALE 8-10)  0
DPTR FM NORMAL     0

[CDD (BASE 65) ]
TOTAL THIS MO.   533
DPTR FM NORMAL    -4    [PRESSURE DATA]
TOTAL FM JAN 1  4748    HIGHEST SLP M ON M
DPTR FM NORMAL   347    LOWEST  SLP 29.83 ON 26

[REMARKS]
