000
CXUS55 KCTP 281131
CF6JST
PRELIMINARY LOCAL CLIMATOLOGICAL DATA (WS FORM: F-6)

                                          STATION:   JOHNSTOWN
                                          MONTH:     DECEMBER
                                          YEAR:      2014
                                          LATITUDE:   40 18 N
                                          LONGITUDE:  78 50 W

  TEMPERATURE IN F:       :PCPN:    SNOW:  WIND      :SUNSHINE: SKY     :PK WND
================================================================================
1   2   3   4   5  6A  6B    7    8   9   10  11  12  13   14  15   16   17  18
                                     12Z  AVG MX 2MIN
DY MAX MIN AVG DEP HDD CDD  WTR  SNW DPTH SPD SPD DIR MIN PSBL S-S WX    SPD DR
================================================================================

 1  57  27  42   9  23   0 0.14    M    0 11.8 22 250   M    M   9 12     31 230
 2  34  25  30  -3  35   0 0.24    M    M 10.0 20 150   M    M   7 16     28 140
 3  42  29  36   4  29   0    T    M    M 14.8 30 280   M    M  10 12     39 290
 4  32  26  29  -3  36   0 0.00    M    M  6.0 20 270   M    M   5        25 270
 5  38  30  34   3  31   0 0.37    M    M  8.8 14 150   M    M  10 168    20 130
 6  50  31  41  10  24   0 0.58    M    M  9.9 18 350   M    M   8 12     26 360
 7  38  25  32   1  33   0 0.00    M    M  8.0 16  40   M    M   3        22 360
 8  31  25  28  -2  37   0    T    M    M 10.6 23 170   M    M   4 1      32 170
 9  41  28  35   5  30   0    T    M    M  7.1 17 310   M    M   9 126    26 330
10  33  25  29  -1  36   0 0.01    M    M 17.5 29 280   M    M  10 1      40 270
11  27  21  24  -6  41   0 0.01    M    M 20.8 29 270   M    M  10 128    42 260
12  27  23  25  -4  40   0 0.00    M    M 17.0 28 280   M    M  10 18     36 270
13  33  24  29   0  36   0 0.00    M    M 15.0 23 250   M    M  10 12     30 260
14  39  33  36   7  29   0 0.00    M    M 14.4 24 280   M    M  10 12     32 260
15  43  36  40  12  25   0 0.00    M    M  5.7 14 280   M    M   7 12     17 270
16  44  37  41  13  24   0 0.64    M    M  8.0 22 260   M    M   8 12     29 270
17  38  25  32   4  33   0 0.03    M    0 18.5 29 270   M    M  10 1      41 280
18  25  23  24  -4  41   0    T    M    M 13.2 28 290   M    M  10 18     37 290
19  26  22  24  -4  41   0    T    M    M 11.8 18 300   M    M  10 18     24 280
20  29  19  24  -3  41   0 0.00    M    M  4.1 13 320   M    M   6        15 310
21  31  23  27   0  38   0 0.00    M    M  3.2  9 300   M    M   6 18     11 160
22  32  21  27   0  38   0 0.01    M    M  8.7 16 160   M    M   5 168    20 160
23  44  31  38  11  27   0    T    M    M  7.5 15 160   M    M   9 1      19 150
24  54  39  47  20  18   0 0.28    M    0 11.7 29 260   M    M   8 12     42 270
25  42  33  38  11  27   0 0.01    M    M 17.3 31 270   M    M  10 1      41 260
26  47  32  40  13  25   0 0.00  0.0    M  9.7 16 260   M    M   5        21 270
27  55  36  46  20  19   0 0.00  0.0    0  8.7 14 210   M    M   3        19 200
================================================================================
SM 1032  749       857   0  2.32     0.0 299.8          M      212
================================================================================
AV 38.2 27.7                              11.1 FASTST   M    M   8    MAX(MPH)
                                 MISC ---->  # 31 270               # 42  260
================================================================================
NOTES:
# LAST OF SEVERAL OCCURRENCES

COLUMN 17 PEAK WIND IN M.P.H.

PRELIMINARY LOCAL CLIMATOLOGICAL DATA (WS FORM: F-6) , PAGE 2

                                          STATION:  JOHNSTOWN
                                          MONTH:    DECEMBER
                                          YEAR:     2014
                                          LATITUDE:   40 18 N
                                          LONGITUDE:  78 50 W

[TEMPERATURE DATA]      [PRECIPITATION DATA]       SYMBOLS USED IN COLUMN 16

AVERAGE MONTHLY: 33.0   TOTAL FOR MONTH:   2.32    1 = FOG OR MIST
DPTR FM NORMAL:   3.9   DPTR FM NORMAL:    0.06    2 = FOG REDUCING VISIBILITY
HIGHEST:    57 ON  1    GRTST 24HR  0.90 ON  5- 6      TO 1/4 MILE OR LESS
LOWEST:     19 ON 20                               3 = THUNDER
                        SNOW, ICE PELLETS, HAIL    4 = ICE PELLETS
                        TOTAL MONTH:   0.0 INCH    5 = HAIL
                        GRTST 24HR     0.0         6 = FREEZING RAIN OR DRIZZLE
                        GRTST DEPTH:   0           7 = DUSTSTORM OR SANDSTORM:
                                                       VSBY 1/2 MILE OR LESS
                                                   8 = SMOKE OR HAZE
[NO. OF DAYS WITH]      [WEATHER - DAYS WITH]      9 = BLOWING SNOW
                                                   X = TORNADO
MAX 32 OR BELOW:   9    0.01 INCH OR MORE:  11
MAX 90 OR ABOVE:   0    0.10 INCH OR MORE:   6
MIN 32 OR BELOW:  21    0.50 INCH OR MORE:   2
MIN  0 OR BELOW:   0    1.00 INCH OR MORE:   0

[HDD (BASE 65) ]
TOTAL THIS MO.   857    CLEAR  (SCALE 0-3)   2
DPTR FM NORMAL  -114    PTCLDY (SCALE 4-7)   9
TOTAL FM JUL 1  2368    CLOUDY (SCALE 8-10) 16
DPTR FM NORMAL   -60

[CDD (BASE 65) ]
TOTAL THIS MO.     0
DPTR FM NORMAL     0    [PRESSURE DATA]
TOTAL FM JAN 1   341    HIGHEST SLP M ON M
DPTR FM NORMAL   -41    LOWEST  SLP 29.41 ON 24

[REMARKS]
