000
CXUS53 KGRR 231017
CF6JXN
PRELIMINARY LOCAL CLIMATOLOGICAL DATA (WS FORM: F-6)

                                          STATION:   JACKSON
                                          MONTH:     OCTOBER
                                          YEAR:      2017
                                          LATITUDE:   42 16 N
                                          LONGITUDE:  84 28 W

  TEMPERATURE IN F:       :PCPN:    SNOW:  WIND      :SUNSHINE: SKY     :PK WND
================================================================================
1   2   3   4   5  6A  6B    7    8   9   10  11  12  13   14  15   16   17  18
                                     12Z  AVG MX 2MIN
DY MAX MIN AVG DEP HDD CDD  WTR  SNW DPTH SPD SPD DIR MIN PSBL S-S WX    SPD DR
================================================================================

 1  70  36  53  -2  12   0 0.00    M    M  5.6 14 110   M    M   0 1      18 120
 2  78  43  61   6   4   0 0.00    M    M  6.3 14 140   M    M   0 1      20 160
 3  84  55  70  15   0   5 0.00    M    M 10.3 21 200   M    M   3        31 200
 4  75  57  66  12   0   1 0.23    M    M 10.7 22 210   M    M  10 138    29 230
 5  76  49  63   9   2   0 0.02    M    M  4.0 14 250   M    M   3 1      20 220
 6  65  54  60   6   5   0 0.52    M    M  4.6 14 140   M    M  10 1      18 150
 7  82  61  72  19   0   7 0.47    M    M 14.4 33 220   M    M   3 13     45 180
 8  76  57  67  14   0   2 0.05    M    M  8.6 24 220   M    M   4 1      32 220
 9  78  52  65  13   0   0 0.16    M    M  2.3  8  70   M    M   3 1      10 290
10  69  49  59   7   6   0 0.00    M    M  7.1 17  50   M    M   4 12     27  40
11  58  52  55   3  10   0 1.14    M    M 12.8 25  30   M    M  10 1      33  40
12  62  50  56   4   9   0 0.00    M    M  5.6 12  30   M    M  10 1      15  30
13  70  57  64  13   1   0 0.00    M    M  5.3 14 180   M    M   8 18     17 220
14  63  59  61  10   4   0 3.29    M    M  7.5 16  90   M    M  10 13     22  90
15  69  41  55   5  10   0 0.17    M    M 10.8 30 210   M    M   6 138    41 220
16  57  39  48  -2  17   0 0.00    M    M  3.2 15 210   M    M   5 1      20 210
17  67  41  54   4  11   0 0.00    M    M 13.5 23 220   M    M   0        30 210
18  68  46  57   7   8   0 0.00    M    M 10.5 21 200   M    M   0        26 180
19  68  42  55   6  10   0 0.00    M    M  9.6 17 220   M    M   0        24 210
20  74  37  56   7   9   0 0.00    M    M  5.7 17 160   M    M   0        20 180
21  74  50  62  13   3   0 0.00    M    M  7.8 17 180   M    M   0 18     22 160
22  77  56  67  19   0   2 0.00    M    M 11.3 22 170   M    M   1        28 160
================================================================================
SM 1560 1083       121  17  6.05    M    177.5          M       90
================================================================================
AV 70.9 49.2                               8.1 FASTST   M    M   4    MAX(MPH)
                                 MISC ---->  # 33 220               # 45  180
================================================================================
NOTES:
# LAST OF SEVERAL OCCURRENCES

COLUMN 17 PEAK WIND IN M.P.H.

PRELIMINARY LOCAL CLIMATOLOGICAL DATA (WS FORM: F-6) , PAGE 2

                                          STATION:  JACKSON
                                          MONTH:    OCTOBER
                                          YEAR:     2017
                                          LATITUDE:   42 16 N
                                          LONGITUDE:  84 28 W

[TEMPERATURE DATA]      [PRECIPITATION DATA]       SYMBOLS USED IN COLUMN 16

AVERAGE MONTHLY: 60.1   TOTAL FOR MONTH:   6.05    1 = FOG OR MIST
DPTR FM NORMAL:   8.3   DPTR FM NORMAL:    4.12    2 = FOG REDUCING VISIBILITY
HIGHEST:    84 ON  3    GRTST 24HR  3.29 ON 14-14      TO 1/4 MILE OR LESS
LOWEST:     36 ON  1                               3 = THUNDER
                        SNOW, ICE PELLETS, HAIL    4 = ICE PELLETS
                        TOTAL MONTH:    M          5 = HAIL
                        GRTST 24HR    M  ON   M    6 = FREEZING RAIN OR DRIZZLE
                        GRTST DEPTH:  M  ON   M    7 = DUSTSTORM OR SANDSTORM:
                                                       VSBY 1/2 MILE OR LESS
                                                   8 = SMOKE OR HAZE
[NO. OF DAYS WITH]      [WEATHER - DAYS WITH]      9 = BLOWING SNOW
                                                   X = TORNADO
MAX 32 OR BELOW:   0    0.01 INCH OR MORE:   9
MAX 90 OR ABOVE:   0    0.10 INCH OR MORE:   7
MIN 32 OR BELOW:   0    0.50 INCH OR MORE:   3
MIN  0 OR BELOW:   0    1.00 INCH OR MORE:   2

[HDD (BASE 65) ]
TOTAL THIS MO.   121    CLEAR  (SCALE 0-3)   9
DPTR FM NORMAL  -177    PTCLDY (SCALE 4-7)   7
TOTAL FM JUL 1   257    CLOUDY (SCALE 8-10)  6
DPTR FM NORMAL  -229

[CDD (BASE 65) ]
TOTAL THIS MO.    17
DPTR FM NORMAL    14    [PRESSURE DATA]
TOTAL FM JAN 1   657    HIGHEST SLP M ON M
DPTR FM NORMAL    68    LOWEST  SLP 29.46 ON  7

[REMARKS]
