000
CXHW53 PHFO 181250
CF6KOA
PRELIMINARY LOCAL CLIMATOLOGICAL DATA (WS FORM: F-6)

                                          STATION:   KONA HI
                                          MONTH:     SEPTEMBER
                                          YEAR:      2014
                                          LATITUDE:   19 38 N
                                          LONGITUDE: 156  0 W

  TEMPERATURE IN F:       :PCPN:    SNOW:  WIND      :SUNSHINE: SKY     :PK WND
================================================================================
1   2   3   4   5  6A  6B    7    8   9   10  11  12  13   14  15   16   17  18
                                     12Z  AVG MX 2MIN
DY MAX MIN AVG DEP HDD CDD  WTR  SNW DPTH SPD SPD DIR MIN PSBL S-S WX    SPD DR
================================================================================

 1  89  78  84   3   0  19 0.00  0.0    0  9.2 17 170   M    M   5        21 180
 2  87  75  81   0   0  16 0.18  0.0    0  8.0 14 320   M    M   3 1      16 260
 3  87  77  82   1   0  17 0.07  0.0    0  8.3 16 180   M    M   7        20 190
 4  87  72  80  -1   0  15 0.00  0.0    0  8.3 20 160   M    M   3        24 150
 5  87  74  81   0   0  16 0.00  0.0    0  5.5 13 190   M    M   4        15 180
 6  86  75  81   0   0  16 0.01  0.0    0  5.5 14  30   M    M   7        15  30
 7  87  75  81   0   0  16 0.00  0.0    0  7.6 13 160   M    M   3        15 170
 8  88  76  82   1   0  17 0.00  0.0    0  7.4 15  10   M    M   4        18 360
 9  87  75  81   0   0  16    T  0.0    0  8.0 17 180   M    M   5        21 180
10  89  76  83   2   0  18 0.01  0.0    0  8.3 17 340   M    M   2        20 340
11  87  74  81   0   0  16 0.01  0.0    0  6.9 15 150   M    M   5        18 140
12  87  76  82   1   0  17 0.00  0.0    0  7.6 14 150   M    M   4        17 200
13  87  75  81   0   0  16 0.00  0.0    0  6.8 13 140   M    M   5        16 220
14  87  76  82   1   0  17 0.00  0.0    0  6.9 13 300   M    M   2        16 310
15  88  77  83   2   0  18 0.00  0.0    0  9.1 17 140   M    M   5        20 140
16  88  78  83   2   0  18 0.00  0.0    0  6.9 15 190   M    M   2        18 170
17  89  77  83   2   0  18 0.33  0.0    0  7.2 22 130   M    M   3 1      28 170
================================================================================
SM 1487 1286         0 286  0.61     0.0 127.5          M       69
================================================================================
AV 87.5 75.6                               7.5 FASTST   M    M   4    MAX(MPH)
                                 MISC ---->  # 22 130               # 28  170
================================================================================
NOTES:
# LAST OF SEVERAL OCCURRENCES

COLUMN 17 PEAK WIND IN M.P.H.

PRELIMINARY LOCAL CLIMATOLOGICAL DATA (WS FORM: F-6) , PAGE 2

                                          STATION:  KONA HI
                                          MONTH:    SEPTEMBER
                                          YEAR:     2014
                                          LATITUDE:   19 38 N
                                          LONGITUDE: 156  0 W

[TEMPERATURE DATA]      [PRECIPITATION DATA]       SYMBOLS USED IN COLUMN 16

AVERAGE MONTHLY: 81.6   TOTAL FOR MONTH:   0.61    1 = FOG OR MIST
DPTR FM NORMAL:   0.6   DPTR FM NORMAL:    0.18    2 = FOG REDUCING VISIBILITY
HIGHEST:    89 ON 17,10 GRTST 24HR  0.33 ON 17-17      TO 1/4 MILE OR LESS
LOWEST:     72 ON  4                               3 = THUNDER
                        SNOW, ICE PELLETS, HAIL    4 = ICE PELLETS
                        TOTAL MONTH:   0.0 INCH    5 = HAIL
                        GRTST 24HR     0.0         6 = FREEZING RAIN OR DRIZZLE
                        GRTST DEPTH:   0           7 = DUSTSTORM OR SANDSTORM:
                                                       VSBY 1/2 MILE OR LESS
                                                   8 = SMOKE OR HAZE
[NO. OF DAYS WITH]      [WEATHER - DAYS WITH]      9 = BLOWING SNOW
                                                   X = TORNADO
MAX 32 OR BELOW:   0    0.01 INCH OR MORE:   6
MAX 90 OR ABOVE:   0    0.10 INCH OR MORE:   2
MIN 32 OR BELOW:   0    0.50 INCH OR MORE:   0
MIN  0 OR BELOW:   0    1.00 INCH OR MORE:   0

[HDD (BASE 65) ]
TOTAL THIS MO.     0    CLEAR  (SCALE 0-3)   6
DPTR FM NORMAL     0    PTCLDY (SCALE 4-7)  11
TOTAL FM JUL 1     0    CLOUDY (SCALE 8-10)  0
DPTR FM NORMAL     0

[CDD (BASE 65) ]
TOTAL THIS MO.   286
DPTR FM NORMAL    14    [PRESSURE DATA]
TOTAL FM JAN 1  3631    HIGHEST SLP M ON M
DPTR FM NORMAL   304    LOWEST  SLP 29.89 ON 14

[REMARKS]
