000
CXUS54 KLUB 300755
CF6LBB
PRELIMINARY LOCAL CLIMATOLOGICAL DATA (WS FORM: F-6)

                                          STATION:   LUBBOCK
                                          MONTH:     AUGUST
                                          YEAR:      2015
                                          LATITUDE:   33 39 N
                                          LONGITUDE: 101 49 W

  TEMPERATURE IN F:       :PCPN:    SNOW:  WIND      :SUNSHINE: SKY     :PK WND
================================================================================
1   2   3   4   5  6A  6B    7    8   9   10  11  12  13   14  15   16   17  18
                                     12Z  AVG MX 2MIN
DY MAX MIN AVG DEP HDD CDD  WTR  SNW DPTH SPD SPD DIR MIN PSBL S-S WX    SPD DR
================================================================================

 1  89  69  79  -1   0  14 0.01  0.0    0 11.9 29 170   M    M   7 3      33 180
 2  95  67  81   1   0  16 0.00  0.0    0  8.6 25 180   M    M   6 18     30 200
 3  94  71  83   3   0  18    T  0.0    0 10.5 26 180   M    M   7 3      32 190
 4  93  67  80   0   0  15 0.00  0.0    0 10.1 21 190   M    M   4        26 180
 5  99  73  86   6   0  21    T  0.0    0 10.7 21 280   M    M   3 3      28 170
 6 100  73  87   7   0  22 0.00  0.0    0 13.1 23 220   M    M   2        27 230
 7  98  74  86   6   0  21 0.00  0.0    0 11.1 21 210   M    M   1        25 210
 8  98  71  85   5   0  20 0.00  0.0    0 12.3 21 160   M    M   1 3      30 160
 9  97  76  87   7   0  22    T  0.0    0  8.4 18 240   M    M   5 3      23 250
10  99  70  85   5   0  20 0.00  0.0    0 10.2 18  60   M    M   2        25  60
11  95  69  82   2   0  17 0.00  0.0    0 10.7 20 360   M    M   4        32  70
12  97  70  84   4   0  19 0.00  0.0    0  8.9 17 130   M    M   2        20 140
13 100  67  84   4   0  19 0.00  0.0    0  8.6 16 230   M    M   1        25 250
14 100  70  85   5   0  20 0.00  0.0    0  7.8 23 120   M    M   5        30 120
15  94  69  82   3   0  17 0.00  0.0    0  9.3 18 160   M    M   3 18     23 140
16  92  71  82   3   0  17 0.00  0.0    0  8.4 20 130   M    M   6 38     25 280
17  92  67  80   1   0  15 0.00  0.0    0 10.4 21 200   M    M   7        25 230
18  95  68  82   3   0  17 0.00  0.0    0 10.5 23 190   M    M   3        31 190
19  82  57  70  -9   0   5 0.01  0.0    0 13.2 30  10   M    M   7 3      40  10
20  82  57  70  -9   0   5 0.00  0.0    0  7.8 18 140   M    M   7        24 150
21  93  65  79   0   0  14    T  0.0    0 13.0 24 340   M    M   4 13     32 340
22  96  66  81   3   0  16 0.00  0.0    0 10.6 18 160   M    M   5 3      24 170
23  82  62  72  -6   0   7 0.00  0.0    0 12.8 23  40   M    M   4 38     30  30
24  91  56  74  -4   0   9 0.00  0.0    0  5.0 12 190   M    M   4        15 200
25  96  64  80   2   0  15 0.00  0.0    0  6.3 26 150   M    M   2        31 150
26  93  63  78   0   0  13 0.00  0.0    0  6.9 14 200   M    M   5        17 200
27  96  68  82   4   0  17 0.00  0.0    0 10.9 21 190   M    M   6        26 180
28  96  70  83   6   0  18 0.23  0.0    0 12.5 21 200   M    M   6 3      28 210
29  84  66  75  -2   0  10    T  0.0    0  8.0 21 180   M    M   6        26 200
================================================================================
SM 2718 1956         0 459  0.25     0.0 288.5          M      125
================================================================================
AV 93.7 67.4                               9.9 FASTST   M    M   4    MAX(MPH)
                                 MISC ---->  # 30  10               # 40   10
================================================================================
NOTES:
# LAST OF SEVERAL OCCURRENCES

COLUMN 17 PEAK WIND IN M.P.H.

PRELIMINARY LOCAL CLIMATOLOGICAL DATA (WS FORM: F-6) , PAGE 2

                                          STATION:  LUBBOCK
                                          MONTH:    AUGUST
                                          YEAR:     2015
                                          LATITUDE:   33 39 N
                                          LONGITUDE: 101 49 W

[TEMPERATURE DATA]      [PRECIPITATION DATA]       SYMBOLS USED IN COLUMN 16

AVERAGE MONTHLY: 80.6   TOTAL FOR MONTH:   0.25    1 = FOG OR MIST
DPTR FM NORMAL:   1.4   DPTR FM NORMAL:   -1.52    2 = FOG REDUCING VISIBILITY
HIGHEST:   100 ON 14,13 GRTST 24HR  0.23 ON 28-28      TO 1/4 MILE OR LESS
LOWEST:     56 ON 24                               3 = THUNDER
                        SNOW, ICE PELLETS, HAIL    4 = ICE PELLETS
                        TOTAL MONTH:   0.0 INCH    5 = HAIL
                        GRTST 24HR     0.0         6 = FREEZING RAIN OR DRIZZLE
                        GRTST DEPTH:   0           7 = DUSTSTORM OR SANDSTORM:
                                                       VSBY 1/2 MILE OR LESS
                                                   8 = SMOKE OR HAZE
[NO. OF DAYS WITH]      [WEATHER - DAYS WITH]      9 = BLOWING SNOW
                                                   X = TORNADO
MAX 32 OR BELOW:   0    0.01 INCH OR MORE:   3
MAX 90 OR ABOVE:  24    0.10 INCH OR MORE:   1
MIN 32 OR BELOW:   0    0.50 INCH OR MORE:   0
MIN  0 OR BELOW:   0    1.00 INCH OR MORE:   0

[HDD (BASE 65) ]
TOTAL THIS MO.     0    CLEAR  (SCALE 0-3)   9
DPTR FM NORMAL     0    PTCLDY (SCALE 4-7)  20
TOTAL FM JUL 1     0    CLOUDY (SCALE 8-10)  0
DPTR FM NORMAL     0

[CDD (BASE 65) ]
TOTAL THIS MO.   459
DPTR FM NORMAL    50    [PRESSURE DATA]
TOTAL FM JAN 1  1483    HIGHEST SLP M ON M
DPTR FM NORMAL   -19    LOWEST  SLP 29.57 ON 19

[REMARKS]
