693
CXUS54 KLUB 220755
CF6LBB
PRELIMINARY LOCAL CLIMATOLOGICAL DATA (WS FORM: F-6)

                                          STATION:   LUBBOCK
                                          MONTH:     MAY
                                          YEAR:      2015
                                          LATITUDE:   33 39 N
                                          LONGITUDE: 101 49 W

  TEMPERATURE IN F:       :PCPN:    SNOW:  WIND      :SUNSHINE: SKY     :PK WND
================================================================================
1   2   3   4   5  6A  6B    7    8   9   10  11  12  13   14  15   16   17  18
                                     12Z  AVG MX 2MIN
DY MAX MIN AVG DEP HDD CDD  WTR  SNW DPTH SPD SPD DIR MIN PSBL S-S WX    SPD DR
================================================================================

 1  82  47  65   0   0   0 0.00  0.0    0 11.4 23 140   M    M   1        28 150
 2  86  52  69   3   0   4 0.00  0.0    0 14.2 28 180   M    M   5        36 180
 3  89  56  73   7   0   8 0.00  0.0    0 15.4 28 150   M    M   6 3      37 160
 4  80  56  68   2   0   3 3.42  0.0    0 12.5 31 140   M    M   8 13     38 120
 5  73  55  64  -3   1   0 1.22  0.0    0 12.7 32 310   M    M   7 135    39 300
 6  82  60  71   4   0   6 0.00  0.0    0 17.2 28 220   M    M   4 18     35 220
 7  77  56  67   0   0   2 0.15  0.0    0 12.6 25 180   M    M   6 138    30 180
 8  77  54  66  -2   0   1 0.07  0.0    0 14.2 28  40   M    M   9 12358  34  40
 9  82  53  68   0   0   3    T  0.0    0 15.7 30 240   M    M   5 128    37 250
10  78  49  64  -4   1   0 0.00  0.0    0  9.8 20 300   M    M   2        23 300
11  67  47  57 -11   8   0 0.00  0.0    0 10.5 21  30   M    M   5        25  40
12  68  50  59 -10   6   0 0.01  0.0    0 13.6 23 120   M    M   9 1      28 120
13  75  56  66  -3   0   1 1.02  0.0    0 15.7 26 250   M    M   6 1      33 250
14  80  57  69   0   0   4 1.24  0.0    0 12.5 37 250   M    M   6 13     50 260
15  82  58  70   0   0   5    T  0.0    0 14.9 23 180   M    M   6 13     28 160
16  82  58  70   0   0   5 0.07  0.0    0 19.0 40 270   M    M   4 1378   52 270
17  79  49  64  -6   1   0 0.00  0.0    0 10.7 24 230   M    M   3        32 230
18  84  52  68  -2   0   3    T  0.0    0 11.7 29 120   M    M   3        37 110
19  84  62  73   2   0   8 0.20  0.0    0 16.3 30 180   M    M   6 13     36 180
20  71  51  61 -10   4   0    T  0.0    0 16.0 22  20   M    M  10 1      26  20
21  56  47  52 -19  13   0 0.38  0.0    0 13.7 21 130   M    M  10 13     26 120
================================================================================
SM 1634 1125        34  53  7.78     0.0 290.3          M      121
================================================================================
AV 77.8 53.6                              13.8 FASTST   M    M   6    MAX(MPH)
                                 MISC ---->  # 40 270               # 52  270
================================================================================
NOTES:
# LAST OF SEVERAL OCCURRENCES

COLUMN 17 PEAK WIND IN M.P.H.

PRELIMINARY LOCAL CLIMATOLOGICAL DATA (WS FORM: F-6) , PAGE 2

                                          STATION:  LUBBOCK
                                          MONTH:    MAY
                                          YEAR:     2015
                                          LATITUDE:   33 39 N
                                          LONGITUDE: 101 49 W

[TEMPERATURE DATA]      [PRECIPITATION DATA]       SYMBOLS USED IN COLUMN 16

AVERAGE MONTHLY: 65.7   TOTAL FOR MONTH:   7.78    1 = FOG OR MIST
DPTR FM NORMAL:  -2.7   DPTR FM NORMAL:    6.40    2 = FOG REDUCING VISIBILITY
HIGHEST:    89 ON  3    GRTST 24HR  4.50 ON  4- 5      TO 1/4 MILE OR LESS
LOWEST:     47 ON 21,11                            3 = THUNDER
                        SNOW, ICE PELLETS, HAIL    4 = ICE PELLETS
                        TOTAL MONTH:   0.0 INCH    5 = HAIL
                        GRTST 24HR     0.0         6 = FREEZING RAIN OR DRIZZLE
                        GRTST DEPTH:   0           7 = DUSTSTORM OR SANDSTORM:
                                                       VSBY 1/2 MILE OR LESS
                                                   8 = SMOKE OR HAZE
[NO. OF DAYS WITH]      [WEATHER - DAYS WITH]      9 = BLOWING SNOW
                                                   X = TORNADO
MAX 32 OR BELOW:   0    0.01 INCH OR MORE:  10
MAX 90 OR ABOVE:   0    0.10 INCH OR MORE:   7
MIN 32 OR BELOW:   0    0.50 INCH OR MORE:   4
MIN  0 OR BELOW:   0    1.00 INCH OR MORE:   4

[HDD (BASE 65) ]
TOTAL THIS MO.    34    CLEAR  (SCALE 0-3)   3
DPTR FM NORMAL     0    PTCLDY (SCALE 4-7)  14
TOTAL FM JUL 1  3265    CLOUDY (SCALE 8-10)  4
DPTR FM NORMAL  -106

[CDD (BASE 65) ]
TOTAL THIS MO.    53
DPTR FM NORMAL   -53    [PRESSURE DATA]
TOTAL FM JAN 1   108    HIGHEST SLP M ON M
DPTR FM NORMAL   -54    LOWEST  SLP 29.60 ON 16

[REMARKS]
