000
CXUS54 KLUB 260755
CF6LBB
PRELIMINARY LOCAL CLIMATOLOGICAL DATA (WS FORM: F-6)

                                          STATION:   LUBBOCK
                                          MONTH:     FEBRUARY
                                          YEAR:      2015
                                          LATITUDE:   33 39 N
                                          LONGITUDE: 101 49 W

  TEMPERATURE IN F:       :PCPN:    SNOW:  WIND      :SUNSHINE: SKY     :PK WND
================================================================================
1   2   3   4   5  6A  6B    7    8   9   10  11  12  13   14  15   16   17  18
                                     12Z  AVG MX 2MIN
DY MAX MIN AVG DEP HDD CDD  WTR  SNW DPTH SPD SPD DIR MIN PSBL S-S WX    SPD DR
================================================================================

 1  47  33  40  -2  25   0 0.00  0.0    0 13.3 26  10   M    M   6 1      34  10
 2  51  29  40  -2  25   0 0.00  0.0    0 12.1 26 220   M    M   6        33 200
 3  68  29  49   7  16   0 0.00  0.0    0 11.1 23 180   M    M   2        27 170
 4  71  26  49   7  16   0    T  0.0    0 15.8 37  20   M    M   5 16     45  20
 5  47  25  36  -6  29   0    T    M    0  7.8 18  10   M    M   8 168    24  20
 6  81  28  55  12  10   0 0.00  0.0    0 12.3 23 220   M    M   2 18     27 230
 7  84  39  62  19   3   0 0.00  0.0    0 15.3 29 280   M    M   0        35 260
 8  79  43  61  18   4   0 0.00  0.0    0 12.3 24  30   M    M   0        32  30
 9  78  33  56  13   9   0 0.00  0.0    0 10.4 24 180   M    M   0        30 190
10  82  41  62  19   3   0 0.00  0.0    0  8.8 24 220   M    M   0        30 220
11  52  38  45   1  20   0 0.00  0.0    0 20.3 35  40   M    M   6 8      47  40
12  54  28  41  -3  24   0 0.00  0.0    0  9.8 15 150   M    M   3        20 180
13  73  29  51   7  14   0 0.00  0.0    0  9.1 17 270   M    M   4        20 290
14  75  34  55  11  10   0 0.00  0.0    0  9.8 21 180   M    M   2        26 180
15  77  27  52   8  13   0    T    M    0 15.8 33  50   M    M   8 1      41  60
16  49  25  37  -8  28   0 0.00  0.0    0 12.2 24  10   M    M   8        31  20
17  49  28  39  -6  26   0 0.02  0.2    0  8.3 16 300   M    M   7 1      20 300
18  62  25  44  -1  21   0 0.00  0.0    0  6.4 13 140   M    M   0        16 130
19  73  30  52   7  13   0 0.00  0.0    0 14.0 26 200   M    M   5        35 220
20  81  35  58  12   7   0 0.00  0.0    0 14.6 32 290   M    M   7        41 290
21  60  35  48   2  17   0 0.00  0.0    0 12.1 31 350   M    M   7        38 350
22  42  17  30 -16  35   0 0.03    T    0 19.6 32  30   M    M  10 1469   38  30
23  22  15  19 -27  46   0 0.03  0.4    T  9.4 24  40   M    M  10 1468   28  40
24  47  21  34 -13  31   0 0.00  0.0    0  7.6 14  30   M    M   9 1      17  30
25  66  21  44  -3  21   0    T  0.0    0 11.3 25  30   M    M   4        32  30
================================================================================
SM 1570  734       466   0  0.08     0.6 299.5          M      119
================================================================================
AV 62.8 29.4                              12.0 FASTST   M    M   5    MAX(MPH)
                                 MISC ---->  # 37  20               # 47   40
================================================================================
NOTES:
# LAST OF SEVERAL OCCURRENCES

COLUMN 17 PEAK WIND IN M.P.H.

PRELIMINARY LOCAL CLIMATOLOGICAL DATA (WS FORM: F-6) , PAGE 2

                                          STATION:  LUBBOCK
                                          MONTH:    FEBRUARY
                                          YEAR:     2015
                                          LATITUDE:   33 39 N
                                          LONGITUDE: 101 49 W

[TEMPERATURE DATA]      [PRECIPITATION DATA]       SYMBOLS USED IN COLUMN 16

AVERAGE MONTHLY: 46.1   TOTAL FOR MONTH:   0.08    1 = FOG OR MIST
DPTR FM NORMAL:   2.0   DPTR FM NORMAL:   -0.58    2 = FOG REDUCING VISIBILITY
HIGHEST:    84 ON  7    GRTST 24HR  0.53 ON 31- 1      TO 1/4 MILE OR LESS
LOWEST:     15 ON 23                               3 = THUNDER
                        SNOW, ICE PELLETS, HAIL    4 = ICE PELLETS
                        TOTAL MONTH:   0.6 INCH    5 = HAIL
                        GRTST 24HR   0.4 ON   M    6 = FREEZING RAIN OR DRIZZLE
                        GRTST DEPTH:   T           7 = DUSTSTORM OR SANDSTORM:
                                                       VSBY 1/2 MILE OR LESS
                                                   8 = SMOKE OR HAZE
[NO. OF DAYS WITH]      [WEATHER - DAYS WITH]      9 = BLOWING SNOW
                                                   X = TORNADO
MAX 32 OR BELOW:   1    0.01 INCH OR MORE:   3
MAX 90 OR ABOVE:   0    0.10 INCH OR MORE:   0
MIN 32 OR BELOW:  16    0.50 INCH OR MORE:   0
MIN  0 OR BELOW:   0    1.00 INCH OR MORE:   0

[HDD (BASE 65) ]
TOTAL THIS MO.   466    CLEAR  (SCALE 0-3)   9
DPTR FM NORMAL   -56    PTCLDY (SCALE 4-7)  13
TOTAL FM JUL 1  2595    CLOUDY (SCALE 8-10)  3
DPTR FM NORMAL   -92

[CDD (BASE 65) ]
TOTAL THIS MO.     0
DPTR FM NORMAL     0    [PRESSURE DATA]
TOTAL FM JAN 1     0    HIGHEST SLP M ON M
DPTR FM NORMAL     0    LOWEST  SLP 29.53 ON 20

[REMARKS]
