000
CXUS55 KLBF 261200
CF6LBF
PRELIMINARY LOCAL CLIMATOLOGICAL DATA (WS FORM: F-6)

                                          STATION:   NORTH PLATTE
                                          MONTH:     SEPTEMBER
                                          YEAR:      2017
                                          LATITUDE:   41  7 N
                                          LONGITUDE: 100 41 W

  TEMPERATURE IN F:       :PCPN:    SNOW:  WIND      :SUNSHINE: SKY     :PK WND
================================================================================
1   2   3   4   5  6A  6B    7    8   9   10  11  12  13   14  15   16   17  18
                                     12Z  AVG MX 2MIN
DY MAX MIN AVG DEP HDD CDD  WTR  SNW DPTH SPD SPD DIR MIN PSBL S-S WX    SPD DR
================================================================================

 1  82  65  74   6   0   9 0.01  0.0    0  7.9 20 170   M    M   4 3      28 160
 2  90  55  73   5   0   8 0.00  0.0    0  4.9 13  10   M    M   0 1      20  30
 3  98  59  79  11   0  14 0.00  0.0    0  5.0 18 210   M    M   0 1      24 230
 4  80  49  65  -2   0   0 0.00  0.0    0  6.9 16  10   M    M   3 18     23 350
 5  73  41  57 -10   8   0 0.00  0.0    0  6.9 18 330   M    M   1        27 340
 6  77  34  56 -11   9   0 0.00  0.0    0  3.9 10 280   M    M   0        14 290
 7  86  41  64  -2   1   0 0.00  0.0    0  3.7 14 210   M    M   0        18 210
 8  89  49  69   3   0   4 0.00  0.0    0  6.3 17 100   M    M   0        21 110
 9  87  58  73   8   0   8 0.32  0.0    0 11.8 28 170   M    M   0 13     34 160
10  89  63  76  11   0  11 0.00  0.0    0 10.4 23 170   M    M   0        28 170
11  93  56  75  11   0  10 0.00  0.0    0  6.9 14 110   M    M   0        21 170
12  92  55  74  10   0   9 0.01  0.0    0  6.9 17 340   M    M   0 3      22 330
13  94  62  78  14   0  13    T  0.0    0  6.4 24 170   M    M   0 3      33 180
14  94  57  76  13   0  11 0.08  0.0    0  7.1 22 180   M    M   0 13     30 180
15  86  60  73  10   0   8 0.10  0.0    0  8.7 23  30   M    M   1 13     29  20
16  67  47  57  -5   8   0 0.01  0.0    0 10.6 28  10   M    M   6 1      35  20
17  72  41  57  -5   8   0 0.01  0.0    0  6.6 16 160   M    M   4 3      21 160
18  82  53  68   7   0   3    T  0.0    0  6.9 15 180   M    M   3 1      20 190
19  92  48  70   9   0   5 0.00  0.0    0 10.5 35 320   M    M   0 1      47 320
20  78  38  58  -2   7   0 0.00  0.0    0  6.2 13 290   M    M   0        16 290
21  96  46  71  11   0   6 0.00  0.0    0 11.9 22 170   M    M   0        33 190
22  94  58  76  17   0  11    T  0.0    0 15.9 28  10   M    M   0 3      36 160
23  60  52  56  -3   9   0 1.39  0.0    0 10.1 26 280   M    M   9 13     33 280
24  57  50  54  -4  11   0 2.03  0.0    0  9.0 18  30   M    M  10 1      25  40
25  52  48  50  -8  15   0 0.66  0.0    0  8.8 20  60   M    M  10 1      23  50
================================================================================
SM 2060 1285        76 130  4.62     0.0 200.2          M       51
================================================================================
AV 82.4 51.4                               8.0 FASTST   M    M   2    MAX(MPH)
                                 MISC ---->  # 35 320               # 47  320
================================================================================
NOTES:
# LAST OF SEVERAL OCCURRENCES

COLUMN 17 PEAK WIND IN M.P.H.

PRELIMINARY LOCAL CLIMATOLOGICAL DATA (WS FORM: F-6) , PAGE 2

                                          STATION:  NORTH PLATTE
                                          MONTH:    SEPTEMBER
                                          YEAR:     2017
                                          LATITUDE:   41  7 N
                                          LONGITUDE: 100 41 W

[TEMPERATURE DATA]      [PRECIPITATION DATA]       SYMBOLS USED IN COLUMN 16

AVERAGE MONTHLY: 66.9   TOTAL FOR MONTH:   4.62    1 = FOG OR MIST
DPTR FM NORMAL:   3.5   DPTR FM NORMAL:    3.45    2 = FOG REDUCING VISIBILITY
HIGHEST:    98 ON  3    GRTST 24HR  2.03 ON 24-24      TO 1/4 MILE OR LESS
LOWEST:     34 ON  6                               3 = THUNDER
                        SNOW, ICE PELLETS, HAIL    4 = ICE PELLETS
                        TOTAL MONTH:   0.0 INCH    5 = HAIL
                        GRTST 24HR     0.0         6 = FREEZING RAIN OR DRIZZLE
                        GRTST DEPTH:   0           7 = DUSTSTORM OR SANDSTORM:
                                                       VSBY 1/2 MILE OR LESS
                                                   8 = SMOKE OR HAZE
[NO. OF DAYS WITH]      [WEATHER - DAYS WITH]      9 = BLOWING SNOW
                                                   X = TORNADO
MAX 32 OR BELOW:   0    0.01 INCH OR MORE:  10
MAX 90 OR ABOVE:   9    0.10 INCH OR MORE:   5
MIN 32 OR BELOW:   0    0.50 INCH OR MORE:   3
MIN  0 OR BELOW:   0    1.00 INCH OR MORE:   2

[HDD (BASE 65) ]
TOTAL THIS MO.    76    CLEAR  (SCALE 0-3)  19
DPTR FM NORMAL   -31    PTCLDY (SCALE 4-7)   3
TOTAL FM JUL 1    80    CLOUDY (SCALE 8-10)  3
DPTR FM NORMAL   -47

[CDD (BASE 65) ]
TOTAL THIS MO.   130
DPTR FM NORMAL    63    [PRESSURE DATA]
TOTAL FM JAN 1   953    HIGHEST SLP M ON M
DPTR FM NORMAL   191    LOWEST  SLP 29.37 ON 19

[REMARKS]
