000
CXUS52 KILM 301000
CF6LBT
PRELIMINARY LOCAL CLIMATOLOGICAL DATA (WS FORM: F-6)

                                          STATION:   LUMBERTON NC
                                          MONTH:     JULY
                                          YEAR:      2014
                                          LATITUDE:   34 35 N
                                          LONGITUDE:  79  4 W

  TEMPERATURE IN F:       :PCPN:    SNOW:  WIND      :SUNSHINE: SKY     :PK WND
================================================================================
1   2   3   4   5  6A  6B    7    8   9   10  11  12  13   14  15   16   17  18
                                     12Z  AVG MX 2MIN
DY MAX MIN AVG DEP HDD CDD  WTR  SNW DPTH SPD SPD DIR MIN PSBL S-S WX    SPD DR
================================================================================

 1  92  71  82   1   0  17 0.00    M    M  4.5 13 160   M    M   4        18 180
 2  94  73  84   3   0  19 0.00    M    M  6.5 17 150   M    M   1 1      24 190
 3  85  74  80  -1   0  15 0.32    M    M  8.1 17  10   M    M   3 13     25 360
 4  90  73  82   1   0  17 0.00    M    M  5.8 12 360   M    M   1        15  10
 5  85  68  77  -4   0  12 0.00    M    M  7.5 17  40   M    M   0 8      25  50
 6  87  64  76  -5   0  11 0.00    M    M  3.6 12 130   M    M   0        13 130
 7  94  67  81   0   0  16 0.00    M    M  5.5 16 230   M    M   2 18     22 170
 8  98  75  87   6   0  22 0.00    M    M  9.8 20 240   M    M   1        25 240
 9  98  76  87   6   0  22 0.00    M    M  7.5 17 200   M    M   1 13     25 200
10  94  71  83   2   0  18 0.36    M    M  6.8 21  10   M    M   4 138    27  10
11  83  70  77  -4   0  12 0.02    M    M  2.6  8  30   M    M   6 1      10 360
12  91  71  81   0   0  16 0.00    M    M  3.3  9 140   M    M   4 128    12 140
13  92  70  81   0   0  16 0.00    M    M  4.2 12 180   M    M   1 1      18 180
14  96  73  85   4   0  20 0.00    M    M  7.5 15 220   M    M   1        20 180
15  90  72  81   0   0  16 0.49    M    M  7.3 21 190   M    M   1 138    29 180
16  83  72  78  -3   0  13 0.02    M    M  3.6 10  30   M    M   8 1      23 150
17  87  66  77  -4   0  12 0.00    M    M  3.5 12  80   M    M   1 1      18  60
18  88  67  78  -3   0  13 0.00    M    M  5.6 15  40   M    M   1 18     21 110
19  86  67  77  -4   0  12 0.00    M    M  4.1 12  60   M    M   2        13  40
20  86  69  78  -3   0  13 0.01    M    M  3.5 10 160   M    M   6        13 160
21  82  72  77  -4   0  12 2.48    M    M  4.7 17 180   M    M   6 123    27 190
22  88  72  80  -1   0  15 0.00    M    M  4.1  9 150   M    M   6 12     12 140
23  90  74  82   1   0  17 0.14    M    M  4.7 14 280   M    M   5 138    17  10
24  92  76  84   3   0  19 0.01    M    M  8.8 21 250   M    M   3 38     26 260
25  84  70  77  -4   0  12 0.00    M    M  5.7 13  40   M    M   9 1      17  30
26  91  74  83   2   0  18 0.00    M    M  3.0  9 220   M    M   5 1      14 230
27  93  76  85   4   0  20 0.02    M    M  7.3 16 240   M    M   0 18     22 230
28  93  73  83   2   0  18 0.57    M    M  7.2 24 300   M    M   2 13     33 290
29  87  68  78  -3   0  13 0.00    M    M  3.6 12  70   M    M   3        14  40
================================================================================
SM 2599 2064         0 456  4.44    M    159.9          M       87
================================================================================
AV 89.6 71.2                               5.5 FASTST   M    M   3    MAX(MPH)
                                 MISC ---->  # 24 300               # 33  290
================================================================================
NOTES:
# LAST OF SEVERAL OCCURRENCES

COLUMN 17 PEAK WIND IN M.P.H.

PRELIMINARY LOCAL CLIMATOLOGICAL DATA (WS FORM: F-6) , PAGE 2

                                          STATION:  LUMBERTON NC
                                          MONTH:    JULY
                                          YEAR:     2014
                                          LATITUDE:   34 35 N
                                          LONGITUDE:  79  4 W

[TEMPERATURE DATA]      [PRECIPITATION DATA]       SYMBOLS USED IN COLUMN 16

AVERAGE MONTHLY: 80.4   TOTAL FOR MONTH:   4.44    1 = FOG OR MIST
DPTR FM NORMAL:  -0.6   DPTR FM NORMAL:   -0.64    2 = FOG REDUCING VISIBILITY
HIGHEST:    98 ON  9, 8 GRTST 24HR  2.48 ON 21-21      TO 1/4 MILE OR LESS
LOWEST:     64 ON  6                               3 = THUNDER
                        SNOW, ICE PELLETS, HAIL    4 = ICE PELLETS
                        TOTAL MONTH:    M          5 = HAIL
                        GRTST 24HR    M  ON   M    6 = FREEZING RAIN OR DRIZZLE
                        GRTST DEPTH:  M  ON   M    7 = DUSTSTORM OR SANDSTORM:
                                                       VSBY 1/2 MILE OR LESS
                                                   8 = SMOKE OR HAZE
[NO. OF DAYS WITH]      [WEATHER - DAYS WITH]      9 = BLOWING SNOW
                                                   X = TORNADO
MAX 32 OR BELOW:   0    0.01 INCH OR MORE:  11
MAX 90 OR ABOVE:  16    0.10 INCH OR MORE:   6
MIN 32 OR BELOW:   0    0.50 INCH OR MORE:   2
MIN  0 OR BELOW:   0    1.00 INCH OR MORE:   1

[HDD (BASE 65) ]
TOTAL THIS MO.     0    CLEAR  (SCALE 0-3)  18
DPTR FM NORMAL     0    PTCLDY (SCALE 4-7)  10
TOTAL FM JUL 1     0    CLOUDY (SCALE 8-10)  1
DPTR FM NORMAL     0

[CDD (BASE 65) ]
TOTAL THIS MO.   456
DPTR FM NORMAL    -8    [PRESSURE DATA]
TOTAL FM JAN 1  1202    HIGHEST SLP M ON M
DPTR FM NORMAL   100    LOWEST  SLP 29.52 ON  3

[REMARKS]
