000
CXUS52 KMLB 300648
CF6LEE
PRELIMINARY LOCAL CLIMATOLOGICAL DATA (WS FORM: F-6)

                                          STATION:   LEESBURG
                                          MONTH:     APRIL
                                          YEAR:      2017
                                          LATITUDE:   28 49 N
                                          LONGITUDE:  81 49 W

  TEMPERATURE IN F:       :PCPN:    SNOW:  WIND      :SUNSHINE: SKY     :PK WND
================================================================================
1   2   3   4   5  6A  6B    7    8   9   10  11  12  13   14  15   16   17  18
                                     12Z  AVG MX 2MIN
DY MAX MIN AVG DEP HDD CDD  WTR  SNW DPTH SPD SPD DIR MIN PSBL S-S WX    SPD DR
================================================================================

 1  90  61  76   8   0  11 0.00  0.0    0  5.3 12 340   M    M   0 1      15 270
 2  92  60  76   8   0  11 0.00  0.0    0  6.1 18 110   M    M   1        25 160
 3  92  71  82  13   0  17 0.00  0.0    0  9.0 17 180   M    M   4        24 190
 4  80  67  74   5   0   9 2.09  0.0    0  7.7 30  60   M    M   6 123    39  60
 5  93  69  81  12   0  16 0.00  0.0    0  8.8 18 230   M    M   0 18     26 250
 6  78  61  70   1   0   5 0.24  0.0    0 10.8 21 290   M    M   1 13     27 290
 7  73  54  64  -5   1   0 0.00  0.0    0  9.7 20 330   M    M   0        28 330
 8  76  48  62  -8   3   0 0.00  0.0    0  5.0 10 360   M    M   0        20  20
 9  80  49  65  -5   0   0 0.00  0.0    0  5.2 16  50   M    M   0        22  50
10  84  58  71   1   0   6 0.00  0.0    0  7.5 16  70   M    M   1        23  60
11  84  58  71   1   0   6 0.00  0.0    0  6.6 16  90   M    M   2        20  90
12  86  63  75   5   0  10 0.00  0.0    0  7.1 16  70   M    M   3        23  80
13  84  60  72   2   0   7 0.00  0.0    0  8.2 18  70   M    M   1        24  60
14  85  61  73   2   0   8 0.00  0.0    0  9.0 21  80   M    M   2        26  80
15  85  62  74   3   0   9 0.00  0.0    0 10.2 20 120   M    M   0        26 130
16  86  61  74   3   0   9 0.00  0.0    0  7.4 15 110   M    M   3 18     21 100
17  85  62  74   3   0   9 0.00  0.0    0  4.7 15 100   M    M   1        20 100
18  88  63  76   5   0  11 0.00  0.0    0  6.9 20 100   M    M   1 18     25 100
19  88  64  76   4   0  11 0.00  0.0    0  8.6 17 110   M    M   1        21 120
20  87  63  75   3   0  10 0.00  0.0    0  6.8 16 100   M    M   0        19 130
21  87  62  75   3   0  10 0.00  0.0    0  8.6 18 120   M    M   1        25 120
22  88  65  77   5   0  12    T  0.0    0  4.4 15 150   M    M   3        22 150
23  88  72  80   8   0  15 0.00  0.0    0  5.7 13 150   M    M   5        17 160
24  81  64  73   1   0   8 0.00  0.0    0  9.4 23 270   M    M   7        32 270
25  80  57  69  -4   0   4 0.00  0.0    0  7.4 14 290   M    M   2        19 240
26  86  62  74   1   0   9 0.00  0.0    0  5.8 13 290   M    M   2        20 290
27  93  67  80   7   0  15 0.00  0.0    0  6.4 13 290   M    M   0        17 170
28  95  69  82   9   0  17 0.00  0.0    0  7.5 18 120   M    M   0 1      23 120
29  94  75  85  11   0  20 0.00  0.0    0 11.5 18 120   M    M   3        23 130
================================================================================
SM 2488 1808         4 275  2.33     0.0 217.3          M       50
================================================================================
AV 85.8 62.3                               7.5 FASTST   M    M   2    MAX(MPH)
                                 MISC ---->  # 30  60               # 39   60
================================================================================
NOTES:
# LAST OF SEVERAL OCCURRENCES

COLUMN 17 PEAK WIND IN M.P.H.

PRELIMINARY LOCAL CLIMATOLOGICAL DATA (WS FORM: F-6) , PAGE 2

                                          STATION:  LEESBURG
                                          MONTH:    APRIL
                                          YEAR:     2017
                                          LATITUDE:   28 49 N
                                          LONGITUDE:  81 49 W

[TEMPERATURE DATA]      [PRECIPITATION DATA]       SYMBOLS USED IN COLUMN 16

AVERAGE MONTHLY: 74.1   TOTAL FOR MONTH:   2.33    1 = FOG OR MIST
DPTR FM NORMAL:   3.2   DPTR FM NORMAL:   -0.10    2 = FOG REDUCING VISIBILITY
HIGHEST:    95 ON 28    GRTST 24HR  2.09 ON  4- 4      TO 1/4 MILE OR LESS
LOWEST:     48 ON  8                               3 = THUNDER
                        SNOW, ICE PELLETS, HAIL    4 = ICE PELLETS
                        TOTAL MONTH:   0.0 INCH    5 = HAIL
                        GRTST 24HR     0.0         6 = FREEZING RAIN OR DRIZZLE
                        GRTST DEPTH:   0           7 = DUSTSTORM OR SANDSTORM:
                                                       VSBY 1/2 MILE OR LESS
                                                   8 = SMOKE OR HAZE
[NO. OF DAYS WITH]      [WEATHER - DAYS WITH]      9 = BLOWING SNOW
                                                   X = TORNADO
MAX 32 OR BELOW:   0    0.01 INCH OR MORE:   2
MAX 90 OR ABOVE:   7    0.10 INCH OR MORE:   2
MIN 32 OR BELOW:   0    0.50 INCH OR MORE:   1
MIN  0 OR BELOW:   0    1.00 INCH OR MORE:   1

[HDD (BASE 65) ]
TOTAL THIS MO.     4    CLEAR  (SCALE 0-3)  22
DPTR FM NORMAL   -11    PTCLDY (SCALE 4-7)   7
TOTAL FM JUL 1   279    CLOUDY (SCALE 8-10)  0
DPTR FM NORMAL  -421

[CDD (BASE 65) ]
TOTAL THIS MO.   275
DPTR FM NORMAL    89    [PRESSURE DATA]
TOTAL FM JAN 1   608    HIGHEST SLP M ON M
DPTR FM NORMAL   247    LOWEST  SLP 29.64 ON 24

[REMARKS]
