000
CXUS53 KLMK 011436
CF6LEX
PRELIMINARY LOCAL CLIMATOLOGICAL DATA (WS FORM: F-6)

                                          STATION:   LEXINGTON KY
                                          MONTH:     JULY
                                          YEAR:      2015
                                          LATITUDE:   38  1 N
                                          LONGITUDE:  84 36 W

  TEMPERATURE IN F:       :PCPN:    SNOW:  WIND      :SUNSHINE: SKY     :PK WND
================================================================================
1   2   3   4   5  6A  6B    7    8   9   10  11  12  13   14  15   16   17  18
                                     12Z  AVG MX 2MIN
DY MAX MIN AVG DEP HDD CDD  WTR  SNW DPTH SPD SPD DIR MIN PSBL S-S WX    SPD DR
================================================================================

 1  79  64  72  -4   0   7 0.10  0.0    0  5.5 16 230   M    M   6 18     19 220
 2  77  68  73  -3   0   8 1.30  0.0    0  5.2 13 210   M    M   8 13     14 240
 3  78  67  73  -3   0   8 0.35  0.0    0  4.8 17 200   M    M   9 13     20 200
 4  81  67  74  -2   0   9 0.01  0.0    0  4.0  8  80   M    M   6 18     11 340
 5  79  64  72  -4   0   7    T  0.0    0  4.7 12  10   M    M   4 18     14  10
 6  85  63  74  -2   0   9 0.00  0.0    0  5.4 13 220   M    M   1 1      16 230
 7  80  68  74  -2   0   9 0.68  0.0    0 10.1 35 270   M    M   5 13     49 260
 8  80  69  75  -1   0  10 0.03  0.0    0  8.5 15 240   M    M   6 1      20 230
 9  84  72  78   2   0  13 0.06  0.0    0 11.5 25 250   M    M   5 1      37 240
10  83  68  76   0   0  11 0.61  0.0    0  6.1 33 280   M    M   5 138    47 280
11  82  66  74  -2   0   9 0.00  0.0    0  2.9  8 350   M    M   5 1      11  10
12  86  69  78   2   0  13 1.64  0.0    0  8.5 25 210   M    M   4 1238   32 220
13  88  67  78   2   0  13 0.28  0.0    0  6.8 35  10   M    M   3 123    45 310
14  89  67  78   2   0  13 2.05  0.0    0  9.9 30 320   M    M   2 123    41 310
15  81  65  73  -3   0   8 0.00  0.0    0  5.6 12 340   M    M   7        14 310
16  85  64  75  -1   0  10 0.00  0.0    0  4.4  9  60   M    M   2 18     12  70
17  90  68  79   3   0  14 1.17  0.0    0  9.1 23  20   M    M   4 13     28  20
18  91  68  80   4   0  15 0.18  0.0    0  7.0 21 180   M    M   3 1      25 180
19  91  72  82   6   0  17 0.07  0.0    0  6.4 18 220   M    M   2 13     29 300
20  87  70  79   3   0  14 0.06  0.0    0  4.5 14 270   M    M   4 123    18 270
21  86  72  79   3   0  14 0.11  0.0    0  6.5 18 300   M    M   6 13     26 310
22  83  64  74  -2   0   9 0.00  0.0    0  6.3 13  40   M    M   1        15  30
23  85  64  75  -1   0  10 0.00  0.0    0  6.3 12  40   M    M   3        14  40
24  85  61  73  -3   0   8 0.00  0.0    0  5.0 12  40   M    M   0        16  50
25  88  62  75  -1   0  10 0.00  0.0    0  2.0  8 240   M    M   0 1      11 350
26  89  67  78   2   0  13 0.00  0.0    0  3.6 10 210   M    M   1 1      13 210
27  88  73  81   5   0  16 0.45  0.0    0  4.5 17 250   M    M   3 138    23 250
28  90  71  81   5   0  16 0.12  0.0    0  4.2 16 300   M    M   2 13     23 290
29  90  70  80   4   0  15 0.39  0.0    0  4.5 21 290   M    M   3 138    28 280
30  85  67  76   0   0  11 0.00  0.0    0  6.0 14 320   M    M   1        19 340
31  88  62  75  -1   0  10 0.00  0.0    0  4.0 14 320   M    M   1        17 280
================================================================================
SM 2633 2079         0 349  9.66     0.0 183.8          M      112
================================================================================
AV 84.9 67.1                               5.9 FASTST   M    M   4    MAX(MPH)
                                 MISC ---->  # 35 270               # 49  260
================================================================================
NOTES:
# LAST OF SEVERAL OCCURRENCES

COLUMN 17 PEAK WIND IN M.P.H.

PRELIMINARY LOCAL CLIMATOLOGICAL DATA (WS FORM: F-6) , PAGE 2

                                          STATION:  LEXINGTON KY
                                          MONTH:    JULY
                                          YEAR:     2015
                                          LATITUDE:   38  1 N
                                          LONGITUDE:  84 36 W

[TEMPERATURE DATA]      [PRECIPITATION DATA]       SYMBOLS USED IN COLUMN 16

AVERAGE MONTHLY: 76.0   TOTAL FOR MONTH:   9.66    1 = FOG OR MIST
DPTR FM NORMAL:  -0.2   DPTR FM NORMAL:    5.01    2 = FOG REDUCING VISIBILITY
HIGHEST:    91 ON 19,18 GRTST 24HR  2.05 ON 14-14      TO 1/4 MILE OR LESS
LOWEST:     61 ON 24                               3 = THUNDER
                        SNOW, ICE PELLETS, HAIL    4 = ICE PELLETS
                        TOTAL MONTH:   0.0 INCH    5 = HAIL
                        GRTST 24HR     0.0         6 = FREEZING RAIN OR DRIZZLE
                        GRTST DEPTH:   0           7 = DUSTSTORM OR SANDSTORM:
                                                       VSBY 1/2 MILE OR LESS
                                                   8 = SMOKE OR HAZE
[NO. OF DAYS WITH]      [WEATHER - DAYS WITH]      9 = BLOWING SNOW
                                                   X = TORNADO
MAX 32 OR BELOW:   0    0.01 INCH OR MORE:  19
MAX 90 OR ABOVE:   5    0.10 INCH OR MORE:  14
MIN 32 OR BELOW:   0    0.50 INCH OR MORE:   6
MIN  0 OR BELOW:   0    1.00 INCH OR MORE:   4

[HDD (BASE 65) ]
TOTAL THIS MO.     0    CLEAR  (SCALE 0-3)  15
DPTR FM NORMAL     0    PTCLDY (SCALE 4-7)  14
TOTAL FM JUL 1     0    CLOUDY (SCALE 8-10)  2
DPTR FM NORMAL     0

[CDD (BASE 65) ]
TOTAL THIS MO.   349
DPTR FM NORMAL     2    [PRESSURE DATA]
TOTAL FM JAN 1   806    HIGHEST SLP 30.19 ON 11
DPTR FM NORMAL   110    LOWEST  SLP 29.57 ON 14

[REMARKS]
#FINAL-07-15#
