793
CXUS54 KSHV 221300
CF6LFK
PRELIMINARY LOCAL CLIMATOLOGICAL DATA (WS FORM: F-6)

                                          STATION:   LUFKIN
                                          MONTH:     NOVEMBER
                                          YEAR:      2017
                                          LATITUDE:   31 14 N
                                          LONGITUDE:  94 45 W

  TEMPERATURE IN F:       :PCPN:    SNOW:  WIND      :SUNSHINE: SKY     :PK WND
================================================================================
1   2   3   4   5  6A  6B    7    8   9   10  11  12  13   14  15   16   17  18
                                     12Z  AVG MX 2MIN
DY MAX MIN AVG DEP HDD CDD  WTR  SNW DPTH SPD SPD DIR MIN PSBL S-S WX    SPD DR
================================================================================

 1  76  57  67   4   0   2 0.91  0.0    0  6.9 14 170   M    M   7 13     18 190
 2  85  71  78  15   0  13 0.00  0.0    0  9.4 18 190   M    M   6 1      25 190
 3  86  70  78  16   0  13 0.00  0.0    0  6.3 14 180   M    M   5 1      18 220
 4  84  69  77  15   0  12 0.00  0.0    0  6.2 15 180   M    M   5 1      20 190
 5  84  71  78  16   0  13 0.00  0.0    0  8.6 17 210   M    M   6        26 220
 6  85  69  77  16   0  12 0.00  0.0    0  7.1 17 210   M    M   3 1      22 200
 7  85  57  71  10   0   6    T  0.0    0  6.9 14 240   M    M   7        21 360
 8  57  50  54  -7  11   0 0.39  0.0    0  6.4 14 360   M    M  10 1      17 360
 9  63  47  55  -5  10   0 0.00  0.0    0  4.9 13  60   M    M   5 1      18 360
10  68  42  55  -5  10   0 0.00  0.0    0  3.6 12  80   M    M   3 1      14  70
11  66  50  58  -2   7   0 0.00  0.0    0  5.5 12 110   M    M   9        15 120
12  77  56  67   7   0   2 0.04  0.0    0  3.5  9 110   M    M   9 1      11 100
13  75  58  67   8   0   2 0.00  0.0    0  4.7 10  60   M    M   6 1      14  80
14  75  55  65   6   0   0 0.00  0.0    0  4.6  9 140   M    M   4 1      13 150
15  77  57  67   9   0   2 0.00  0.0    0  4.2 13 150   M    M   7 18     15 140
16  76  63  70  12   0   5 0.00  0.0    0  5.2 10 140   M    M   8 1      13 150
17  82  63  73  15   0   8 0.00  0.0    0  9.0 18 200   M    M   5 1      26 210
18  83  51  67  10   0   2    T  0.0    0 12.7 23 320   M    M   6        32 310
19  64  40  52  -5  13   0 0.00  0.0    0  3.5 14 330   M    M   0        21  60
20  63  36  50  -7  15   0 0.00  0.0    0  4.6 14 140   M    M   0 8      18 140
21  64  42  53  -3  12   0    T  0.0    0  6.5 14 120   M    M   7        18 130
================================================================================
SM 1575 1174        78  92  1.34     0.0 130.3          M      118
================================================================================
AV 75.0 55.9                               6.2 FASTST   M    M   6    MAX(MPH)
                                 MISC ---->  # 23 320               # 32  310
================================================================================
NOTES:
# LAST OF SEVERAL OCCURRENCES

COLUMN 17 PEAK WIND IN M.P.H.

PRELIMINARY LOCAL CLIMATOLOGICAL DATA (WS FORM: F-6) , PAGE 2

                                          STATION:  LUFKIN
                                          MONTH:    NOVEMBER
                                          YEAR:     2017
                                          LATITUDE:   31 14 N
                                          LONGITUDE:  94 45 W

[TEMPERATURE DATA]      [PRECIPITATION DATA]       SYMBOLS USED IN COLUMN 16

AVERAGE MONTHLY: 65.5   TOTAL FOR MONTH:   1.34    1 = FOG OR MIST
DPTR FM NORMAL:   5.7   DPTR FM NORMAL:   -2.23    2 = FOG REDUCING VISIBILITY
HIGHEST:    86 ON  3    GRTST 24HR  1.04 ON 31- 1      TO 1/4 MILE OR LESS
LOWEST:     36 ON 20                               3 = THUNDER
                        SNOW, ICE PELLETS, HAIL    4 = ICE PELLETS
                        TOTAL MONTH:   0.0 INCH    5 = HAIL
                        GRTST 24HR     0.0         6 = FREEZING RAIN OR DRIZZLE
                        GRTST DEPTH:   0           7 = DUSTSTORM OR SANDSTORM:
                                                       VSBY 1/2 MILE OR LESS
                                                   8 = SMOKE OR HAZE
[NO. OF DAYS WITH]      [WEATHER - DAYS WITH]      9 = BLOWING SNOW
                                                   X = TORNADO
MAX 32 OR BELOW:   0    0.01 INCH OR MORE:   3
MAX 90 OR ABOVE:   0    0.10 INCH OR MORE:   2
MIN 32 OR BELOW:   0    0.50 INCH OR MORE:   1
MIN  0 OR BELOW:   0    1.00 INCH OR MORE:   0

[HDD (BASE 65) ]
TOTAL THIS MO.    78    CLEAR  (SCALE 0-3)   3
DPTR FM NORMAL   -64    PTCLDY (SCALE 4-7)  15
TOTAL FM JUL 1   167    CLOUDY (SCALE 8-10)  3
DPTR FM NORMAL   -41

[CDD (BASE 65) ]
TOTAL THIS MO.    92
DPTR FM NORMAL    61    [PRESSURE DATA]
TOTAL FM JAN 1  2656    HIGHEST SLP M ON M
DPTR FM NORMAL    81    LOWEST  SLP 29.72 ON 18

[REMARKS]
