000
CXUS55 KLOX 231655
CF6LGB
PRELIMINARY LOCAL CLIMATOLOGICAL DATA (WS FORM: F-6)

                                          STATION:   LONG BEACH AIRPORT CA
                                          MONTH:     JANUARY
                                          YEAR:      2017
                                          LATITUDE:   33 49 N
                                          LONGITUDE: 118  9 W

  TEMPERATURE IN F:       :PCPN:    SNOW:  WIND      :SUNSHINE: SKY     :PK WND
================================================================================
1   2   3   4   5  6A  6B    7    8   9   10  11  12  13   14  15   16   17  18
                                     12Z  AVG MX 2MIN
DY MAX MIN AVG DEP HDD CDD  WTR  SNW DPTH SPD SPD DIR MIN PSBL S-S WX    SPD DR
================================================================================

 1  58  42  50  -6  15   0 0.00  0.0    0  3.2 12 180   M    M   3 18     15 140
 2  57  49  53  -3  12   0 0.00  0.0    0  3.1  9 180   M    M   7        13 170
 3  60  47  54  -2  11   0 0.00  0.0    0  0.9  7 330   M    M   0        10 320
 4  62  44  53  -3  12   0    T    M    0  2.1  9 220   M    M   5 18     12 210
 5  65  54  60   4   5   0 0.55  0.0    0  5.8 13 230   M    M   8 1      17 240
 6  63  48  56   0   9   0 0.00  0.0    0  1.9  9 220   M    M   2        12 220
 7  70  53  62   6   3   0    T  0.0    0  2.2  8 310   M    M   4        10 310
 8  76  50  63   6   2   0 0.00  0.0    0  2.3  9 310   M    M   0        10 210
 9  63  55  59   2   6   0 0.71  0.0    0  4.1 10 290   M    M   7 1      13 110
10  60  51  56  -1   9   0 0.13  0.0    0  3.5 12 330   M    M   7 1      14 280
11  65  54  60   3   5   0 0.22  0.0    0  5.8 13 220   M    M   6 1      17 220
12  58  51  55  -2  10   0 1.58  0.0    0  4.2 10 210   M    M  10 1      17 170
13  61  47  54  -3  11   0 0.00  0.0    0  3.0 10 300   M    M   4 18     13 170
14  69  46  58   1   7   0 0.00  0.0    0  3.4 10 210   M    M   1 18     13 220
15  62  49  56  -1   9   0 0.00  0.0    0  4.6 15 160   M    M   4 1      19 160
16  66  50  58   1   7   0 0.00  0.0    0  3.3 14 300   M    M   4 1      17 290
17  66  44  55  -2  10   0 0.00  0.0    0  2.1 13 300   M    M   0 18     15 310
18  60  47  54  -3  11   0 0.05    M    0  4.0 15 300   M    M   6 18     17 300
19  62  53  58   1   7   0 0.78  0.0    0  8.5 18 280   M    M   8 18     23 250
20  60  52  56  -1   9   0 1.20  0.0    0 10.0 22 280   M    M   7 18     34 200
21  60  46  53  -4  12   0 0.08    M    0  7.5 21 300   M    M   2        27 280
22  59  51  55  -2  10   0 3.97  0.0    0  8.1 22 220   M    M  10 1      28 220
================================================================================
SM 1382 1083       192   0  9.27     0.0  93.6          M      105
================================================================================
AV 62.8 49.2                               4.3 FASTST   M    M   5    MAX(MPH)
                                 MISC ---->  # 22 280               # 34  200
================================================================================
NOTES:
# LAST OF SEVERAL OCCURRENCES

COLUMN 17 PEAK WIND IN M.P.H.

PRELIMINARY LOCAL CLIMATOLOGICAL DATA (WS FORM: F-6) , PAGE 2

                                          STATION:  LONG BEACH AIRPORT CA
                                          MONTH:    JANUARY
                                          YEAR:     2017
                                          LATITUDE:   33 49 N
                                          LONGITUDE: 118  9 W

[TEMPERATURE DATA]      [PRECIPITATION DATA]       SYMBOLS USED IN COLUMN 16

AVERAGE MONTHLY: 56.0   TOTAL FOR MONTH:   9.27    1 = FOG OR MIST
DPTR FM NORMAL:  -0.7   DPTR FM NORMAL:    7.40    2 = FOG REDUCING VISIBILITY
HIGHEST:    76 ON  8    GRTST 24HR  3.97 ON 22-22      TO 1/4 MILE OR LESS
LOWEST:     42 ON  1                               3 = THUNDER
                        SNOW, ICE PELLETS, HAIL    4 = ICE PELLETS
                        TOTAL MONTH:   0.0 INCH    5 = HAIL
                        GRTST 24HR     0.0         6 = FREEZING RAIN OR DRIZZLE
                        GRTST DEPTH:   0           7 = DUSTSTORM OR SANDSTORM:
                                                       VSBY 1/2 MILE OR LESS
                                                   8 = SMOKE OR HAZE
[NO. OF DAYS WITH]      [WEATHER - DAYS WITH]      9 = BLOWING SNOW
                                                   X = TORNADO
MAX 32 OR BELOW:   0    0.01 INCH OR MORE:  10
MAX 90 OR ABOVE:   0    0.10 INCH OR MORE:   8
MIN 32 OR BELOW:   0    0.50 INCH OR MORE:   6
MIN  0 OR BELOW:   0    1.00 INCH OR MORE:   3

[HDD (BASE 65) ]
TOTAL THIS MO.   192    CLEAR  (SCALE 0-3)   7
DPTR FM NORMAL     8    PTCLDY (SCALE 4-7)  13
TOTAL FM JUL 1   500    CLOUDY (SCALE 8-10)  2
DPTR FM NORMAL  -104

[CDD (BASE 65) ]
TOTAL THIS MO.     0
DPTR FM NORMAL     0    [PRESSURE DATA]
TOTAL FM JAN 1     0    HIGHEST SLP M ON M
DPTR FM NORMAL     0    LOWEST  SLP 29.38 ON 20

[REMARKS]
