000
CXUS55 KLOX 221155
CF6LGB
PRELIMINARY LOCAL CLIMATOLOGICAL DATA (WS FORM: F-6)

                                          STATION:   LONG BEACH AIRPORT CA
                                          MONTH:     FEBRUARY
                                          YEAR:      2017
                                          LATITUDE:   33 49 N
                                          LONGITUDE: 118  9 W

  TEMPERATURE IN F:       :PCPN:    SNOW:  WIND      :SUNSHINE: SKY     :PK WND
================================================================================
1   2   3   4   5  6A  6B    7    8   9   10  11  12  13   14  15   16   17  18
                                     12Z  AVG MX 2MIN
DY MAX MIN AVG DEP HDD CDD  WTR  SNW DPTH SPD SPD DIR MIN PSBL S-S WX    SPD DR
================================================================================

 1  66  46  56  -1   9   0 0.00  0.0    0  3.0 10 220   M    M   3 128    12 200
 2  67  49  58   1   7   0 0.00  0.0    0  2.4  9 300   M    M   4 18     12 300
 3  60  56  58   1   7   0 0.22  0.0    0  2.3 10  90   M    M  10 18     13  90
 4  66  56  61   4   4   0    T  0.0    0  5.2 14 300   M    M   8 1      18 290
 5  59  54  57   0   8   0 0.00  0.0    0  3.7 10 130   M    M   9 8      14 210
 6  61  54  58   1   7   0 1.11  0.0    0  6.1 15 120   M    M  10 1      19 120
 7  65  59  62   5   3   0 0.17  0.0    0  5.5 14 300   M    M   8 1      18 280
 8  71  58  65   8   0   0 0.03  0.0    0  4.1 12 300   M    M   7 18     14 310
 9  73  56  65   8   0   0 0.00  0.0    0  4.9 15 300   M    M   5 128    17 310
10  64  56  60   3   5   0 0.21  0.0    0  3.0 12 300   M    M   8 18     14 280
11  62  52  57   0   8   0 0.02  0.0    0  3.8 12 280   M    M   7 1      15 250
12  74  48  61   4   4   0 0.00  0.0    0  1.9  9 300   M    M   1 18     12 210
13  71  50  61   4   4   0 0.00  0.0    0  4.2 12 200   M    M   0        14 190
14  65  54  60   2   5   0 0.00  0.0    0  3.8 12 210   M    M   3 18     14 210
15  80  51  66   8   0   1 0.00  0.0    0  4.2 15 300   M    M   4 128    18 280
16  69  51  60   2   5   0 0.00  0.0    0  2.6 15 300   M    M   4 128    20 300
17  60  53  57  -1   8   0 2.77  0.0    0 12.9 30 140   M    M  10 18     46 130
18  60  52  56  -2   9   0 0.10  0.0    0  6.3 14 280   M    M   5 18      M  M
19  61  49  55  -3  10   0 0.01    M    0  4.0 12 190   M    M   7 18     17 200
20  63  53  58   0   7   0 0.02  0.0    0  5.9 12 200   M    M  10 1      23 120
21  67  57  62   4   3   0 0.00  0.0    0  6.3 12 290   M    M   6 1       M  M
================================================================================
SM 1384 1114       113   1  4.66     0.0  96.1          M      129
================================================================================
AV 65.9 53.1                               4.6 FASTST   M    M   6    MAX(MPH)
                                 MISC ---->  # 30 140               # 46  130
================================================================================
NOTES:
# LAST OF SEVERAL OCCURRENCES

COLUMN 17 PEAK WIND IN M.P.H.

PRELIMINARY LOCAL CLIMATOLOGICAL DATA (WS FORM: F-6) , PAGE 2

                                          STATION:  LONG BEACH AIRPORT CA
                                          MONTH:    FEBRUARY
                                          YEAR:     2017
                                          LATITUDE:   33 49 N
                                          LONGITUDE: 118  9 W

[TEMPERATURE DATA]      [PRECIPITATION DATA]       SYMBOLS USED IN COLUMN 16

AVERAGE MONTHLY: 59.5   TOTAL FOR MONTH:   4.66    1 = FOG OR MIST
DPTR FM NORMAL:   2.1   DPTR FM NORMAL:    2.34    2 = FOG REDUCING VISIBILITY
HIGHEST:    80 ON 15    GRTST 24HR  2.77 ON 17-17      TO 1/4 MILE OR LESS
LOWEST:     46 ON  1                               3 = THUNDER
                        SNOW, ICE PELLETS, HAIL    4 = ICE PELLETS
                        TOTAL MONTH:   0.0 INCH    5 = HAIL
                        GRTST 24HR     0.0         6 = FREEZING RAIN OR DRIZZLE
                        GRTST DEPTH:   0           7 = DUSTSTORM OR SANDSTORM:
                                                       VSBY 1/2 MILE OR LESS
                                                   8 = SMOKE OR HAZE
[NO. OF DAYS WITH]      [WEATHER - DAYS WITH]      9 = BLOWING SNOW
                                                   X = TORNADO
MAX 32 OR BELOW:   0    0.01 INCH OR MORE:  10
MAX 90 OR ABOVE:   0    0.10 INCH OR MORE:   6
MIN 32 OR BELOW:   0    0.50 INCH OR MORE:   2
MIN  0 OR BELOW:   0    1.00 INCH OR MORE:   2

[HDD (BASE 65) ]
TOTAL THIS MO.   113    CLEAR  (SCALE 0-3)   4
DPTR FM NORMAL   -51    PTCLDY (SCALE 4-7)  12
TOTAL FM JUL 1   701    CLOUDY (SCALE 8-10)  5
DPTR FM NORMAL  -142

[CDD (BASE 65) ]
TOTAL THIS MO.     1
DPTR FM NORMAL     1    [PRESSURE DATA]
TOTAL FM JAN 1     1    HIGHEST SLP M ON M
DPTR FM NORMAL    -2    LOWEST  SLP 29.72 ON 19

[REMARKS]
