000
CXUS54 KFWD 220730
CF6LHB
PRELIMINARY LOCAL CLIMATOLOGICAL DATA (WS FORM: F-6)

                                          STATION:   HEARNE
                                          MONTH:     OCTOBER
                                          YEAR:      2014
                                          LATITUDE:   30 52 N
                                          LONGITUDE:  96 36 W

  TEMPERATURE IN F:       :PCPN:    SNOW:  WIND      :SUNSHINE: SKY     :PK WND
================================================================================
1   2   3   4   5  6A  6B    7    8   9   10  11  12  13   14  15   16   17  18
                                     12Z  AVG MX 2MIN
DY MAX MIN AVG DEP HDD CDD  WTR  SNW DPTH SPD SPD DIR MIN PSBL S-S WX    SPD DR
================================================================================

 1  92  73  83   M   0  18 0.00  0.0    0  5.3 10 180   M    M   5 1       M  M
 2  94  69  82   M   0  17 0.79  0.0    0  9.7 22 280   M    M   6 13     25 190
 3  82  57  70   M   0   5 0.00  0.0    0  6.8 20 340   M    M   0        23 340
 4  78  50  64   M   1   0 0.00  0.0    0  2.9  8 160   M    M   0         M  M
 5  84  56  70   M   0   5 0.00  0.0    0  7.9 14 150   M    M   2        21 150
 6  82  64  73   M   0   8 0.09  0.0    0  6.8 12  70   M    M   3 3      18  70
 7  90  65  78   M   0  13 0.00  0.0    0  5.6 12 150   M    M   4 1      16 150
 8  89  73  81   M   0  16 0.00  0.0    0  7.1 14 140   M    M   5        20 170
 9  89  73  81   M   0  16 0.00  0.0    0  9.1 14 150   M    M   5        21 160
10  92  75  84   M   0  19 0.00  0.0    M  9.2 12 150   M    M   2        21 150
11  75  60  68   M   0   3 0.65  0.0    0  7.6 17 340   M    M   9 13     29 340
12  76  61  69   M   0   4 0.02  0.0    0  3.3  8 140   M    M   9 13      M  M
13  78  55  67   M   0   2 1.04  0.0    0 12.2 24 290   M    M   5 3      37 290
14  77  47  62   M   3   0 0.00  0.0    0  6.7 18 320   M    M   0        27 320
15  84  46  65   M   0   0 0.00  0.0    0  1.0  7 260   M    M   0         M  M
16  85  52  69   M   0   4 0.00  0.0    0  6.0 15 170   M    M   0        18 170
17  85  56  71   M   0   6 0.00  0.0    0  5.2 12 170   M    M   0         M  M
18  85  59  72   M   0   7 0.00  0.0    0  1.4  7  60   M    M   2         M  M
19  80  64  72   M   0   7 0.00  0.0    0  4.1  8 110   M    M   4         M  M
20  81  56  69   M   0   4 0.00  0.0    0  1.3  6  20   M    M   1         M  M
21  82  53  68   M   0   3 0.00  0.0    0  1.5  8 100   M    M   0 1       M  M
================================================================================
SM 1760 1264         4 157  2.59     0.0 120.7          M       62
================================================================================
AV 83.8 60.2                               5.7 FASTST   M    M   3    MAX(MPH)
                                 MISC ---->    24   M                 37    M
================================================================================
NOTES:
# LAST OF SEVERAL OCCURRENCES

COLUMN 17 PEAK WIND IN M.P.H.

PRELIMINARY LOCAL CLIMATOLOGICAL DATA (WS FORM: F-6) , PAGE 2

                                          STATION:  HEARNE
                                          MONTH:    OCTOBER
                                          YEAR:     2014
                                          LATITUDE:   30 52 N
                                          LONGITUDE:  96 36 W

[TEMPERATURE DATA]      [PRECIPITATION DATA]       SYMBOLS USED IN COLUMN 16

AVERAGE MONTHLY: 72.0   TOTAL FOR MONTH:   2.59    1 = FOG OR MIST
DPTR FM NORMAL:     M   DPTR FM NORMAL:       M    2 = FOG REDUCING VISIBILITY
HIGHEST:    94 ON  2    GRTST 24HR  1.04 ON 13-13      TO 1/4 MILE OR LESS
LOWEST:     46 ON 15                               3 = THUNDER
                        SNOW, ICE PELLETS, HAIL    4 = ICE PELLETS
                        TOTAL MONTH:   0.0 INCH    5 = HAIL
                        GRTST 24HR     0.0         6 = FREEZING RAIN OR DRIZZLE
                        GRTST DEPTH:   0           7 = DUSTSTORM OR SANDSTORM:
                                                       VSBY 1/2 MILE OR LESS
                                                   8 = SMOKE OR HAZE
[NO. OF DAYS WITH]      [WEATHER - DAYS WITH]      9 = BLOWING SNOW
                                                   X = TORNADO
MAX 32 OR BELOW:   0    0.01 INCH OR MORE:   5
MAX 90 OR ABOVE:   4    0.10 INCH OR MORE:   3
MIN 32 OR BELOW:   0    0.50 INCH OR MORE:   3
MIN  0 OR BELOW:   0    1.00 INCH OR MORE:   1

[HDD (BASE 65) ]
TOTAL THIS MO.     4    CLEAR  (SCALE 0-3)  11
DPTR FM NORMAL     M    PTCLDY (SCALE 4-7)   8
TOTAL FM JUL 1     4    CLOUDY (SCALE 8-10)  2
DPTR FM NORMAL     M

[CDD (BASE 65) ]
TOTAL THIS MO.   157
DPTR FM NORMAL     M    [PRESSURE DATA]
TOTAL FM JAN 1  2431    HIGHEST SLP M ON M
DPTR FM NORMAL     M    LOWEST  SLP M ON M

[REMARKS]
