000
CXUS55 KPUB 191159
CF6LHX
PRELIMINARY LOCAL CLIMATOLOGICAL DATA (WS FORM: F-6)

                                          STATION:   LA JUNTA CO
                                          MONTH:     JANUARY
                                          YEAR:      2017
                                          LATITUDE:   38  2 N
                                          LONGITUDE: 103 31 W

  TEMPERATURE IN F:       :PCPN:    SNOW:  WIND      :SUNSHINE: SKY     :PK WND
================================================================================
1   2   3   4   5  6A  6B    7    8   9   10  11  12  13   14  15   16   17  18
                                     12Z  AVG MX 2MIN
DY MAX MIN AVG DEP HDD CDD  WTR  SNW DPTH SPD SPD DIR MIN PSBL S-S WX    SPD DR
================================================================================

 1  53  22  38   8  27   0 0.00  0.0    0  6.3 14  80   M    M   1        16  90
 2  56  19  38   8  27   0 0.00  0.0    0  6.9 26  20   M    M   1        32  20
 3  29  13  21  -9  44   0 0.00  0.0    0  5.6 14  80   M    M   1        16  90
 4  32   7  20 -10  45   0 0.00  0.0    0  8.8 23  50   M    M   1        28  50
 5  15   8  12 -18  53   0    M    M    0  6.9 18  20   M    M  10 1      21  20
 6  20  -8   6 -25  59   0    T    M    0  7.1 16 260   M    M   4 1      19 260
 7  21  -8   7 -24  58   0 0.00  0.0    0  8.2 20 270   M    M   0        21 270
 8  47   2  25  -6  40   0 0.00  0.0    0  5.9 16 240   M    M   0        18 240
 9  64  26  45  14  20   0 0.00  0.0    M 17.0 38 240   M    M   0        45 240
10  62  34  48  17  17   0 0.00  0.0    0 10.8 26 260   M    M   0        31 260
11  65  22  44  13  21   0 0.00  0.0    0 22.9 46 260   M    M   0 8      56 270
12  48  18  33   2  32   0 0.00  0.0    0 10.3 26  90   M    M   0 8      34  90
13  26  15  21 -10  44   0 0.00  0.0    0  3.2 14  90   M    M   0        16  90
14  40  26  33   2  32   0 0.00  0.0    0  3.5 13 310   M    M   8        14 320
15  33  30  32   1  33   0    M    M    M  3.1  9 350   M    M  10 16     10 120
16  35  32  34   3  31   0    M    M    M 10.4 18 330   M    M  10 1      22 330
17  37  20  29  -2  36   0    T    M    M  7.1 14 270   M    M   3 12     15 270
18  42  15  29  -2  36   0 0.00  0.0    M  6.3 15 280   M    M   2 12     16 280
================================================================================
SM  725  293       655   0    T      0.0 150.3          M       51
================================================================================
AV 40.3 16.3                               8.4 FASTST   M    M   3    MAX(MPH)
                                 MISC ---->  # 46 260               # 56  270
================================================================================
NOTES:
# LAST OF SEVERAL OCCURRENCES

COLUMN 17 PEAK WIND IN M.P.H.

PRELIMINARY LOCAL CLIMATOLOGICAL DATA (WS FORM: F-6) , PAGE 2

                                          STATION:  LA JUNTA CO
                                          MONTH:    JANUARY
                                          YEAR:     2017
                                          LATITUDE:   38  2 N
                                          LONGITUDE: 103 31 W

[TEMPERATURE DATA]      [PRECIPITATION DATA]       SYMBOLS USED IN COLUMN 16

AVERAGE MONTHLY: 28.3   TOTAL FOR MONTH:      T    1 = FOG OR MIST
DPTR FM NORMAL:  -2.4   DPTR FM NORMAL:   -0.16    2 = FOG REDUCING VISIBILITY
HIGHEST:    65 ON 11    GRTST 24HR    T  ON 17-17      TO 1/4 MILE OR LESS
LOWEST:     -8 ON  7, 6                            3 = THUNDER
                        SNOW, ICE PELLETS, HAIL    4 = ICE PELLETS
                        TOTAL MONTH:   0.0 INCH    5 = HAIL
                        GRTST 24HR     0.0         6 = FREEZING RAIN OR DRIZZLE
                        GRTST DEPTH:   0           7 = DUSTSTORM OR SANDSTORM:
                                                       VSBY 1/2 MILE OR LESS
                                                   8 = SMOKE OR HAZE
[NO. OF DAYS WITH]      [WEATHER - DAYS WITH]      9 = BLOWING SNOW
                                                   X = TORNADO
MAX 32 OR BELOW:   6    0.01 INCH OR MORE:   0
MAX 90 OR ABOVE:   0    0.10 INCH OR MORE:   0
MIN 32 OR BELOW:  17    0.50 INCH OR MORE:   0
MIN  0 OR BELOW:   2    1.00 INCH OR MORE:   0

[HDD (BASE 65) ]
TOTAL THIS MO.   655    CLEAR  (SCALE 0-3)  12
DPTR FM NORMAL    39    PTCLDY (SCALE 4-7)   3
TOTAL FM JUL 1  2433    CLOUDY (SCALE 8-10)  3
DPTR FM NORMAL  -386

[CDD (BASE 65) ]
TOTAL THIS MO.     0
DPTR FM NORMAL     0    [PRESSURE DATA]
TOTAL FM JAN 1     0    HIGHEST SLP M ON M
DPTR FM NORMAL     0    LOWEST  SLP 29.45 ON  5

[REMARKS]
