000
CXUS55 KBOU 221232
CF6LIC
PRELIMINARY LOCAL CLIMATOLOGICAL DATA (WS FORM: F-6)

                                          STATION:   LIMON CO
                                          MONTH:     SEPTEMBER
                                          YEAR:      2014
                                          LATITUDE:   39 10 N
                                          LONGITUDE: 103 42 W

  TEMPERATURE IN F:       :PCPN:    SNOW:  WIND      :SUNSHINE: SKY     :PK WND
================================================================================
1   2   3   4   5  6A  6B    7    8   9   10  11  12  13   14  15   16   17  18
                                     12Z  AVG MX 2MIN
DY MAX MIN AVG DEP HDD CDD  WTR  SNW DPTH SPD SPD DIR MIN PSBL S-S WX    SPD DR
================================================================================

 1  78  47  63   M   2   0 0.00    M    M  5.8 20 200   M    M   2        26 180
 2  82  48  65   M   0   0 0.00    M    M  9.6 21 180   M    M   3        28 180
 3  92  50  71   M   0   6 0.00    M    M  5.2 21 200   M    M   2 128    26 200
 4  76  49  63   M   2   0 0.00    M    M 12.2 30  10   M    M   2        36  10
 5  57  47  52   M  13   0 0.11    M    M  8.4 17 140   M    M  10 1      21 140
 6  70  44  57   M   8   0 0.00    M    M  8.0 15 150   M    M   3 1      19 150
 7  84  42  63   M   2   0 0.00    M    M  7.6 20 200   M    M   2 123    23 160
 8  84  47  66   M   0   1 0.01    M    M  6.5 24 160   M    M   4        37 150
 9  84  55  70   M   0   5 0.13    M    M  8.6 35 340   M    M   5 13     42 340
10  71  46  59   M   6   0 0.05    M    M  9.7 22 350   M    M   5 1      26 360
11  54  36  45   M  20   0 0.15    M    M 11.4 20  10   M    M   8 12     24  70
12  46  32  39   M  26   0    T    M    M  9.1 24  20   M    M  10 1      29  20
13  76  39  58   M   7   0 0.00    M    M  8.6 21 190   M    M   3        27 190
14  85  38  62   M   3   0 0.00    M    M  5.5 20 290   M    M   1 12     24 280
15  67  49  58   M   7   0 0.00    M    M 12.7 25 350   M    M   6 1      33 350
16  87  47  67   M   0   2 0.00    M    M  8.4 18 320   M    M   4        26 330
17  88  44  66   M   0   1 0.00    M    M  7.7 25 200   M    M   0        32 200
18  88  44  66   M   0   1 0.00    M    M  8.2 21 190   M    M   0        28 180
19  88  48  68   M   0   3 0.00    M    M  6.4 17  50   M    M   0        23  60
20  81  52  67   M   0   2 0.00    M    M  8.4 20 350   M    M   1        26 340
21  74  50  62   M   3   0 0.00    M    M 12.2 22 160   M    M   4        33 150
================================================================================
SM 1612  954        99  21  0.45    M    180.2          M       75
================================================================================
AV 76.8 45.4                               8.6 FASTST   M    M   4    MAX(MPH)
                                 MISC ---->  # 35 340               # 42  340
================================================================================
NOTES:
# LAST OF SEVERAL OCCURRENCES

COLUMN 17 PEAK WIND IN M.P.H.

PRELIMINARY LOCAL CLIMATOLOGICAL DATA (WS FORM: F-6) , PAGE 2

                                          STATION:  LIMON CO
                                          MONTH:    SEPTEMBER
                                          YEAR:     2014
                                          LATITUDE:   39 10 N
                                          LONGITUDE: 103 42 W

[TEMPERATURE DATA]      [PRECIPITATION DATA]       SYMBOLS USED IN COLUMN 16

AVERAGE MONTHLY: 61.1   TOTAL FOR MONTH:   0.45    1 = FOG OR MIST
DPTR FM NORMAL:     M   DPTR FM NORMAL:       M    2 = FOG REDUCING VISIBILITY
HIGHEST:    92 ON  3    GRTST 24HR  0.18 ON  9-10      TO 1/4 MILE OR LESS
LOWEST:     32 ON 12                               3 = THUNDER
                        SNOW, ICE PELLETS, HAIL    4 = ICE PELLETS
                        TOTAL MONTH:    M          5 = HAIL
                        GRTST 24HR    M  ON   M    6 = FREEZING RAIN OR DRIZZLE
                        GRTST DEPTH:  M  ON   M    7 = DUSTSTORM OR SANDSTORM:
                                                       VSBY 1/2 MILE OR LESS
                                                   8 = SMOKE OR HAZE
[NO. OF DAYS WITH]      [WEATHER - DAYS WITH]      9 = BLOWING SNOW
                                                   X = TORNADO
MAX 32 OR BELOW:   0    0.01 INCH OR MORE:   5
MAX 90 OR ABOVE:   1    0.10 INCH OR MORE:   3
MIN 32 OR BELOW:   1    0.50 INCH OR MORE:   0
MIN  0 OR BELOW:   0    1.00 INCH OR MORE:   0

[HDD (BASE 65) ]
TOTAL THIS MO.    99    CLEAR  (SCALE 0-3)  11
DPTR FM NORMAL     M    PTCLDY (SCALE 4-7)   7
TOTAL FM JUL 1   119    CLOUDY (SCALE 8-10)  3
DPTR FM NORMAL     M

[CDD (BASE 65) ]
TOTAL THIS MO.    21
DPTR FM NORMAL     M    [PRESSURE DATA]
TOTAL FM JAN 1   376    HIGHEST SLP M ON M
DPTR FM NORMAL     M    LOWEST  SLP 29.60 ON  3

[REMARKS]
