000
CXUS54 KLZK 171130
CF6LIT
PRELIMINARY LOCAL CLIMATOLOGICAL DATA (WS FORM: F-6)

                                          STATION:   Little Rock Adams Field
                                          MONTH:     JANUARY
                                          YEAR:      2018
                                          LATITUDE:   34 43 N
                                          LONGITUDE:  92 14 W

  TEMPERATURE IN F:       :PCPN:    SNOW:  WIND      :SUNSHINE: SKY     :PK WND
================================================================================
1   2   3   4   5  6A  6B    7    8   9   10  11  12  13   14  15   16   17  18
                                     12Z  AVG MX 2MIN
DY MAX MIN AVG DEP HDD CDD  WTR  SNW DPTH SPD SPD DIR MIN PSBL S-S WX    SPD DR
================================================================================

 1  24  10  17 -24  48   0 0.00  0.0    0 10.9 18 360   M    M   3        25  10
 2  23  11  17 -24  48   0 0.00  0.0    0  6.5 14  50   M    M   8        16  40
 3  40  14  27 -14  38   0 0.00  0.0    0  7.0 18 320   M    M   2        22 320
 4  38  21  30 -11  35   0 0.00  0.0    0  4.5 12 350   M    M   2        14 350
 5  50  16  33  -8  32   0 0.00  0.0    0  5.1 12 240   M    M   3        14 190
 6  39  21  30 -11  35   0 0.00  0.0    0  9.1 15  60   M    M   4        18  60
 7  48  24  36  -5  29   0 0.29  0.0    0  8.2 15 140   M    M  10 1      19 160
 8  47  41  44   3  21   0 0.18  0.0    0  7.5 15 360   M    M  10 1      18 360
 9  46  41  44   3  21   0    T  0.0    0  5.2 10  80   M    M  10 1      12  80
10  58  43  51  10  14   0 0.07  0.0    0  6.6 16 140   M    M  10 12     23 140
11  65  31  48   7  17   0 0.36  0.0    0 10.0 29 330   M    M   8 16     36 330
12  39  23  31 -10  34   0    T    T    0 15.5 28 350   M    M   5 16     36 340
13  35  21  28 -13  37   0 0.00  0.0    0  7.4 16  10   M    M   3        19  10
14  34  23  29 -12  36   0 0.00  0.0    0  7.5 14 120   M    M   9        16 120
15  48  21  35  -6  30   0 0.04  1.0    0  8.9 21 350   M    M   8 1      25 350
16  22   9  16 -25  49   0 0.06  0.7    2 12.5 20 360   M    M   4 1      25 340
================================================================================
SM  656  370       524   0  1.00     1.7 132.4          M       99
================================================================================
AV 41.0 23.1                               8.3 FASTST   M    M   6    MAX(MPH)
                                 MISC ---->  # 29 330               # 36  330
================================================================================
NOTES:
# LAST OF SEVERAL OCCURRENCES

COLUMN 17 PEAK WIND IN M.P.H.

PRELIMINARY LOCAL CLIMATOLOGICAL DATA (WS FORM: F-6) , PAGE 2

                                          STATION:  Little Rock Adams Field
                                          MONTH:    JANUARY
                                          YEAR:     2018
                                          LATITUDE:   34 43 N
                                          LONGITUDE:  92 14 W

[TEMPERATURE DATA]      [PRECIPITATION DATA]       SYMBOLS USED IN COLUMN 16

AVERAGE MONTHLY: 32.1   TOTAL FOR MONTH:   1.00    1 = FOG OR MIST
DPTR FM NORMAL:  -8.9   DPTR FM NORMAL:   -0.90    2 = FOG REDUCING VISIBILITY
HIGHEST:    65 ON 11    GRTST 24HR  0.36 ON 11-11      TO 1/4 MILE OR LESS
LOWEST:      9 ON 16                               3 = THUNDER
                        SNOW, ICE PELLETS, HAIL    4 = ICE PELLETS
                        TOTAL MONTH:   1.7 INCHES  5 = HAIL
                        GRTST 24HR   1.0 ON 15-15  6 = FREEZING RAIN OR DRIZZLE
                        GRTST DEPTH:   2 ON 16     7 = DUSTSTORM OR SANDSTORM:
                                                       VSBY 1/2 MILE OR LESS
                                                   8 = SMOKE OR HAZE
[NO. OF DAYS WITH]      [WEATHER - DAYS WITH]      9 = BLOWING SNOW
                                                   X = TORNADO
MAX 32 OR BELOW:   3    0.01 INCH OR MORE:   6
MAX 90 OR ABOVE:   0    0.10 INCH OR MORE:   3
MIN 32 OR BELOW:  13    0.50 INCH OR MORE:   0
MIN  0 OR BELOW:   0    1.00 INCH OR MORE:   0

[HDD (BASE 65) ]
TOTAL THIS MO.   524    CLEAR  (SCALE 0-3)   3
DPTR FM NORMAL   140    PTCLDY (SCALE 4-7)   6
TOTAL FM JUL 1  1663    CLOUDY (SCALE 8-10)  7
DPTR FM NORMAL    82

[CDD (BASE 65) ]
TOTAL THIS MO.     0
DPTR FM NORMAL     0    [PRESSURE DATA]
TOTAL FM JAN 1     0    HIGHEST SLP M ON M
DPTR FM NORMAL     0    LOWEST  SLP 29.75 ON 11

[REMARKS]
