000
CXUS54 KLZK 201330
CF6LIT
PRELIMINARY LOCAL CLIMATOLOGICAL DATA (WS FORM: F-6)

                                          STATION:   Little Rock Adams Field
                                          MONTH:     SEPTEMBER
                                          YEAR:      2014
                                          LATITUDE:   34 43 N
                                          LONGITUDE:  92 14 W

  TEMPERATURE IN F:       :PCPN:    SNOW:  WIND      :SUNSHINE: SKY     :PK WND
================================================================================
1   2   3   4   5  6A  6B    7    8   9   10  11  12  13   14  15   16   17  18
                                     12Z  AVG MX 2MIN
DY MAX MIN AVG DEP HDD CDD  WTR  SNW DPTH SPD SPD DIR MIN PSBL S-S WX    SPD DR
================================================================================

 1  91  75  83   3   0  18 0.00  0.0    0  9.3 18 170   M    M   5        22 160
 2  88  74  81   1   0  16    T  0.0    0  5.2 21 330   M    M   7 1      28 310
 3  91  72  82   2   0  17 0.00  0.0    0  3.8 10 170   M    M   5 12     14 160
 4  94  75  85   6   0  20 0.00  0.0    0  4.5 16 160   M    M   2 1      20 160
 5  95  74  85   6   0  20 1.00  0.0    0  3.5 20 280   M    M   3        29 300
 6  91  72  82   3   0  17    T  0.0    0  9.1 17  50   M    M   6        22  30
 7  87  68  78   0   0  13 0.00  0.0    0  6.8 14  60   M    M   6        17  50
 8  89  68  79   1   0  14 0.00  0.0    0  3.0 10 150   M    M   3        14 120
 9  93  72  83   5   0  18 0.00  0.0    0  5.5 16 150   M    M   2        20 150
10  92  76  84   7   0  19 0.00  0.0    0 10.1 20 190   M    M   5 18     25 200
11  82  67  75  -2   0  10 0.89  0.0    0  7.9 18  50   M    M  10 13     23  50
12  67  59  63 -14   2   0 0.12  0.0    0 10.0 18  50   M    M  10 1      23  50
13  70  56  63 -13   2   0    T  0.0    0  8.6 17  20   M    M   7        22  20
14  79  56  68  -8   0   3 0.00  0.0    0  3.7 12  40   M    M   5        14  50
15  78  64  71  -4   0   6    T  0.0    0  2.1  8 330   M    M   9         9 340
16  82  66  74  -1   0   9    T  0.0    0  5.8 14  60   M    M   7        18  60
17  86  63  75   0   0  10 0.00  0.0    0  4.1 12 170   M    M   7        14 150
18  81  67  74   0   0   9 0.00  0.0    0  6.7 13  30   M    M   9 18     15  40
19  87  67  77   3   0  12 0.00  0.0    0  3.7  9  70   M    M   5 8      14 110
================================================================================
SM 1623 1291         4 231  2.01     0.0 113.4          M      113
================================================================================
AV 85.4 67.9                               6.0 FASTST   M    M   6    MAX(MPH)
                                 MISC ---->  # 21 330               # 29  300
================================================================================
NOTES:
# LAST OF SEVERAL OCCURRENCES

COLUMN 17 PEAK WIND IN M.P.H.

PRELIMINARY LOCAL CLIMATOLOGICAL DATA (WS FORM: F-6) , PAGE 2

                                          STATION:  Little Rock Adams Field
                                          MONTH:    SEPTEMBER
                                          YEAR:     2014
                                          LATITUDE:   34 43 N
                                          LONGITUDE:  92 14 W

[TEMPERATURE DATA]      [PRECIPITATION DATA]       SYMBOLS USED IN COLUMN 16

AVERAGE MONTHLY: 76.7   TOTAL FOR MONTH:   2.01    1 = FOG OR MIST
DPTR FM NORMAL:  -0.5   DPTR FM NORMAL:    0.05    2 = FOG REDUCING VISIBILITY
HIGHEST:    95 ON  5    GRTST 24HR  1.00 ON  5- 5      TO 1/4 MILE OR LESS
LOWEST:     56 ON 14,13                            3 = THUNDER
                        SNOW, ICE PELLETS, HAIL    4 = ICE PELLETS
                        TOTAL MONTH:   0.0 INCH    5 = HAIL
                        GRTST 24HR     0.0         6 = FREEZING RAIN OR DRIZZLE
                        GRTST DEPTH:   0           7 = DUSTSTORM OR SANDSTORM:
                                                       VSBY 1/2 MILE OR LESS
                                                   8 = SMOKE OR HAZE
[NO. OF DAYS WITH]      [WEATHER - DAYS WITH]      9 = BLOWING SNOW
                                                   X = TORNADO
MAX 32 OR BELOW:   0    0.01 INCH OR MORE:   3
MAX 90 OR ABOVE:   7    0.10 INCH OR MORE:   3
MIN 32 OR BELOW:   0    0.50 INCH OR MORE:   2
MIN  0 OR BELOW:   0    1.00 INCH OR MORE:   1

[HDD (BASE 65) ]
TOTAL THIS MO.     4    CLEAR  (SCALE 0-3)   2
DPTR FM NORMAL     4    PTCLDY (SCALE 4-7)  13
TOTAL FM JUL 1     4    CLOUDY (SCALE 8-10)  4
DPTR FM NORMAL     4

[CDD (BASE 65) ]
TOTAL THIS MO.   231
DPTR FM NORMAL    -3    [PRESSURE DATA]
TOTAL FM JAN 1  1841    HIGHEST SLP M ON M
DPTR FM NORMAL  -194    LOWEST  SLP 29.80 ON 10

[REMARKS]
