000
CXUS56 KMFR 301000
CF6LMT
PRELIMINARY LOCAL CLIMATOLOGICAL DATA (WS FORM: F-6)

                                          STATION:   KLAMATH FALLS OR
                                          MONTH:     JULY
                                          YEAR:      2016
                                          LATITUDE:   42  9 N
                                          LONGITUDE: 121 44 W

  TEMPERATURE IN F:       :PCPN:    SNOW:  WIND      :SUNSHINE: SKY     :PK WND
================================================================================
1   2   3   4   5  6A  6B    7    8   9   10  11  12  13   14  15   16   17  18
                                     12Z  AVG MX 2MIN
DY MAX MIN AVG DEP HDD CDD  WTR  SNW DPTH SPD SPD DIR MIN PSBL S-S WX    SPD DR
================================================================================

 1  89  49  69   6   0   4 0.00    M    M  7.0 20 330   M    M   0        22 310
 2  89  48  69   6   0   4 0.00    M    M  6.1 22 310   M    M   0        26 310
 3  87  50  69   5   0   4 0.00    M    M  6.7 23 340   M    M   0        26 340
 4  83  48  66   2   0   1 0.00    M    M  7.9 21 340   M    M   0        27 290
 5  79  45  62  -2   3   0 0.00    M    M  5.8 18 330   M    M   0        25 330
 6  79  42  61  -3   4   0 0.00    M    M  4.8 21 270   M    M   0        27 270
 7  82  44  63  -2   2   0 0.00    M    M  5.9 21 300   M    M   0 8      25 300
 8  66  51  59  -6   6   0 0.42    M    M  4.3 14 320   M    M   8 18     16 270
 9  72  45  59  -6   6   0 0.00    M    M  8.6 22 290   M    M   4        27 280
10  61  43  52 -13  13   0    T    M    M 10.5 21 300   M    M   7        26 320
11  75  34  55 -11  10   0    T    M    M  3.5 15 330   M    M   0 1      17 330
12  75  43  59  -7   6   0 0.00    M    M  7.2 18 300   M    M   1        25 310
13  85  40  63  -3   2   0    T    M    M  4.4 17 330   M    M   0        21 330
14  88  46  67   1   0   2 0.00    M    M  5.0 18 330   M    M   0        22 330
15  83  47  65  -1   0   0 0.00    M    M  7.0 21 330   M    M   0        25 330
16  82  40  61  -6   4   0 0.00    M    M  4.8 18 340   M    M   0        23 340
17  81  43  62  -5   3   0 0.00    M    M  5.0 20 320   M    M   1        25 320
18  78  46  62  -5   3   0 0.00    M    M  5.6 18 290   M    M   3        24 280
19  77  44  61  -6   4   0 0.00    M    M  5.8 20 330   M    M   1        24 320
20  83  44  64  -3   1   0 0.00    M    M  5.5 15 190   M    M   0        18 190
21  84  42  63  -4   2   0 0.00    M    M  7.5 22 190   M    M   0        27 180
22  82  43  63  -4   2   0 0.00    M    M  5.6 18 340   M    M   0        23 340
23  85  42  64  -3   1   0 0.00    M    M  5.1 15 330   M    M   0        18 330
24  92  48  70   3   0   5 0.00    M    M  5.7 16 330   M    M   0        20 320
25  92  49  71   4   0   6 0.00    M    M  5.7 21 330   M    M   0 8      25 330
26  93  47  70   3   0   5 0.00    M    M  4.8 18 340   M    M   0 8      22 340
27  95  52  74   7   0   9 0.00    M    M  5.3 22 330   M    M   0        26 340
28  97  55  76   9   0  11 0.00    M    M  5.3 16 340   M    M   0 8      19 340
29  98  56  77  10   0  12 0.00    M    M  6.2 22 340   M    M   0        26 340
================================================================================
SM 2412 1326        72  63  0.42    M    172.6          M       25
================================================================================
AV 83.2 45.7                               6.0 FASTST   M    M   1    MAX(MPH)
                                 MISC ---->  # 23 340               # 27  290
================================================================================
NOTES:
# LAST OF SEVERAL OCCURRENCES

COLUMN 17 PEAK WIND IN M.P.H.

PRELIMINARY LOCAL CLIMATOLOGICAL DATA (WS FORM: F-6) , PAGE 2

                                          STATION:  KLAMATH FALLS OR
                                          MONTH:    JULY
                                          YEAR:     2016
                                          LATITUDE:   42  9 N
                                          LONGITUDE: 121 44 W

[TEMPERATURE DATA]      [PRECIPITATION DATA]       SYMBOLS USED IN COLUMN 16

AVERAGE MONTHLY: 64.4   TOTAL FOR MONTH:   0.42    1 = FOG OR MIST
DPTR FM NORMAL:  -1.4   DPTR FM NORMAL:   -0.04    2 = FOG REDUCING VISIBILITY
HIGHEST:    98 ON 29    GRTST 24HR  0.42 ON  8- 8      TO 1/4 MILE OR LESS
LOWEST:     34 ON 11                               3 = THUNDER
                        SNOW, ICE PELLETS, HAIL    4 = ICE PELLETS
                        TOTAL MONTH:    M          5 = HAIL
                        GRTST 24HR    M  ON   M    6 = FREEZING RAIN OR DRIZZLE
                        GRTST DEPTH:  M  ON   M    7 = DUSTSTORM OR SANDSTORM:
                                                       VSBY 1/2 MILE OR LESS
                                                   8 = SMOKE OR HAZE
[NO. OF DAYS WITH]      [WEATHER - DAYS WITH]      9 = BLOWING SNOW
                                                   X = TORNADO
MAX 32 OR BELOW:   0    0.01 INCH OR MORE:   1
MAX 90 OR ABOVE:   6    0.10 INCH OR MORE:   1
MIN 32 OR BELOW:   0    0.50 INCH OR MORE:   0
MIN  0 OR BELOW:   0    1.00 INCH OR MORE:   0

[HDD (BASE 65) ]
TOTAL THIS MO.    72    CLEAR  (SCALE 0-3)  26
DPTR FM NORMAL    27    PTCLDY (SCALE 4-7)   3
TOTAL FM JUL 1    72    CLOUDY (SCALE 8-10)  0
DPTR FM NORMAL    27

[CDD (BASE 65) ]
TOTAL THIS MO.    63
DPTR FM NORMAL    -9    [PRESSURE DATA]
TOTAL FM JAN 1   112    HIGHEST SLP M ON M
DPTR FM NORMAL    28    LOWEST  SLP  0.00 ON 29

[REMARKS]
