000
CXUS56 KMFR 281000
CF6LMT
PRELIMINARY LOCAL CLIMATOLOGICAL DATA (WS FORM: F-6)

                                          STATION:   KLAMATH FALLS OR
                                          MONTH:     MARCH
                                          YEAR:      2017
                                          LATITUDE:   42  9 N
                                          LONGITUDE: 121 44 W

  TEMPERATURE IN F:       :PCPN:    SNOW:  WIND      :SUNSHINE: SKY     :PK WND
================================================================================
1   2   3   4   5  6A  6B    7    8   9   10  11  12  13   14  15   16   17  18
                                     12Z  AVG MX 2MIN
DY MAX MIN AVG DEP HDD CDD  WTR  SNW DPTH SPD SPD DIR MIN PSBL S-S WX    SPD DR
================================================================================

 1  49  19  34  -3  31   0 0.00    M    M  2.9  9 170   M    M   0        12 170
 2  55  21  38   1  27   0 0.00    M    M  4.1 15 250   M    M   1        19 240
 3  47  26  37   0  28   0    T    M    M  3.0 22 270   M    M   6        27 260
 4  49  30  40   3  25   0    T    M    M 14.9 36 210   M    M   6 1      46 210
 5  35  17  26 -12  39   0 0.01    M    M 11.9 26 260   M    M   5 18     35 240
 6  35  22  29  -9  36   0    T    M    M  9.7 22 250   M    M   9 18     29 250
 7  43  31  37  -1  28   0 0.08    M    M  6.8 18 170   M    M  10 1      23 160
 8  51  35  43   5  22   0 0.04    M    M  8.2 18 260   M    M   8 1      22 270
 9  56  41  49  11  16   0 0.01    M    M  8.5 16 270   M    M   9        18 260
10  60  31  46   8  19   0    T    M    M  3.5 12 260   M    M   3        15 290
11  61  28  45   7  20   0 0.00    M    M  6.7 25 240   M    M   2        34 240
12  63  27  45   7  20   0 0.00    M    M  2.3  9 270   M    M   2 12     11 210
13  66  25  46   8  19   0 0.00    M    M  3.9 17 310   M    M   1 1      21 300
14  71  31  51  13  14   0 0.00    M    M  7.1 20 220   M    M   1 1      23 180
15  60  40  50  12  15   0 0.04    M    M 13.5 31 170   M    M   9        38 160
16  56  34  45   6  20   0 0.03    M    M  3.9 13 280   M    M   5        16 250
17  65  29  47   8  18   0 0.02    M    M  9.4 23 180   M    M   5        28 190
18  55  45  50  11  15   0 0.17    M    M 10.9 23 180   M    M   9 1      29 170
19  59  41  50  11  15   0 0.03    M    M  6.3 24 190   M    M   7        28 200
20  58  43  51  12  14   0 0.02    M    M 15.3 35 170   M    M   8        43 190
21  51  34  43   4  22   0 0.47    M    M 13.7 31 180   M    M   8 1      39 180
22  48  30  39   0  26   0 0.34    M    M  7.4 21 180   M    M   7 1      26 170
23  52  24  38  -1  27   0 0.01    M    M 10.1 23 190   M    M   4 1      27 190
24  48  30  39   0  26   0 0.07    M    M 12.3 32 180   M    M   8 1      40 160
25  50  27  39   0  26   0 0.00    M    M  5.8 15 280   M    M   4 12     18 280
26  48  33  41   2  24   0 0.21    M    M  9.5 23 180   M    M   8 1      27 180
27  46  31  39  -1  26   0 0.03    M    M  8.4 21 280   M    M   6 1      26 290
================================================================================
SM 1437  825       618   0  1.58    M    220.0          M      151
================================================================================
AV 53.2 30.6                               8.1 FASTST   M    M   6    MAX(MPH)
                                 MISC ---->  # 36 210               # 46  210
================================================================================
NOTES:
# LAST OF SEVERAL OCCURRENCES

COLUMN 17 PEAK WIND IN M.P.H.

PRELIMINARY LOCAL CLIMATOLOGICAL DATA (WS FORM: F-6) , PAGE 2

                                          STATION:  KLAMATH FALLS OR
                                          MONTH:    MARCH
                                          YEAR:     2017
                                          LATITUDE:   42  9 N
                                          LONGITUDE: 121 44 W

[TEMPERATURE DATA]      [PRECIPITATION DATA]       SYMBOLS USED IN COLUMN 16

AVERAGE MONTHLY: 41.9   TOTAL FOR MONTH:   1.58    1 = FOG OR MIST
DPTR FM NORMAL:   3.6   DPTR FM NORMAL:    0.50    2 = FOG REDUCING VISIBILITY
HIGHEST:    71 ON 14    GRTST 24HR  0.47 ON 21-21      TO 1/4 MILE OR LESS
LOWEST:     17 ON  5                               3 = THUNDER
                        SNOW, ICE PELLETS, HAIL    4 = ICE PELLETS
                        TOTAL MONTH:    M          5 = HAIL
                        GRTST 24HR    M  ON   M    6 = FREEZING RAIN OR DRIZZLE
                        GRTST DEPTH:  M  ON   M    7 = DUSTSTORM OR SANDSTORM:
                                                       VSBY 1/2 MILE OR LESS
                                                   8 = SMOKE OR HAZE
[NO. OF DAYS WITH]      [WEATHER - DAYS WITH]      9 = BLOWING SNOW
                                                   X = TORNADO
MAX 32 OR BELOW:   0    0.01 INCH OR MORE:  16
MAX 90 OR ABOVE:   0    0.10 INCH OR MORE:   4
MIN 32 OR BELOW:  18    0.50 INCH OR MORE:   0
MIN  0 OR BELOW:   0    1.00 INCH OR MORE:   0

[HDD (BASE 65) ]
TOTAL THIS MO.   618    CLEAR  (SCALE 0-3)   7
DPTR FM NORMAL  -104    PTCLDY (SCALE 4-7)  12
TOTAL FM JUL 1  5456    CLOUDY (SCALE 8-10)  8
DPTR FM NORMAL  -107

[CDD (BASE 65) ]
TOTAL THIS MO.     0
DPTR FM NORMAL     0    [PRESSURE DATA]
TOTAL FM JAN 1     0    HIGHEST SLP M ON M
DPTR FM NORMAL     0    LOWEST  SLP  0.00 ON  4

[REMARKS]
