000
CXUS55 KRIW 260903
CF6LND
PRELIMINARY LOCAL CLIMATOLOGICAL DATA (WS FORM: F-6)

                                          STATION:   LANDER WY
                                          MONTH:     MAY
                                          YEAR:      2015
                                          LATITUDE:   42 49 N
                                          LONGITUDE: 108 44 W

  TEMPERATURE IN F:       :PCPN:    SNOW:  WIND      :SUNSHINE: SKY     :PK WND
================================================================================
1   2   3   4   5  6A  6B    7    8   9   10  11  12  13   14  15   16   17  18
                                     12Z  AVG MX 2MIN
DY MAX MIN AVG DEP HDD CDD  WTR  SNW DPTH SPD SPD DIR MIN PSBL S-S WX    SPD DR
================================================================================

 1  72  37  55   7  10   0 0.00  0.0    0  6.4 20 310   M    M   0        23 310
 2  75  43  59  10   6   0 0.00  0.0    0 12.2 36 220   M    M   1        49 260
 3  68  50  59  10   6   0    T  0.0    0  9.8 38 210   M    M   2        54 210
 4  69  40  55   5  10   0 0.00  0.0    0  6.4 29 190   M    M   4 3      32 190
 5  70  44  57   7   8   0    T  0.0    0  6.8 26 170   M    M   4        31 160
 6  54  41  48  -2  17   0 0.57  0.0    0  6.6 17  50   M    M   9 1      21  10
 7  43  35  39 -11  26   0 0.51  0.0    0  6.2 22 120   M    M  10 1      26 120
 8  46  37  42  -9  23   0 0.38  0.0    0  6.7 12 360   M    M   9 1      15  10
 9  39  32  36 -15  29   0 0.73  0.2    0  6.0 20  40   M    M  10 12     23  20
10  40  32  36 -16  29   0 0.10  0.5    T  5.9 17  70   M    M  10 12     20  70
11  59  29  44  -8  21   0 0.00  0.0    0  3.9 15 250   M    M   1        17 190
12  69  40  55   3  10   0    T  0.0    0  4.7 12 250   M    M   2        35 220
13  68  44  56   4   9   0 0.01  0.0    0  7.4 23 340   M    M   3 3      29 340
14  63  38  51  -2  14   0 0.01  0.0    0  7.1 31 210   M    M   1 3      40 210
15  58  40  49  -4  16   0    T  0.0    0  8.1 30 180   M    M   5        36 170
16  64  35  50  -3  15   0 0.01  0.0    0  6.5 24 210   M    M   4 1      31 200
17  50  41  46  -8  19   0 0.11  0.0    0  5.8 12 250   M    M  10 1      14  70
18  49  38  44 -10  21   0 0.15  0.0    0  4.9 10  30   M    M  10 18     12  40
19  42  32  37 -17  28   0 1.34    T    0  6.8 13  30   M    M  10 1      16 120
20  52  33  43 -12  22   0    T  0.1    0  3.0 12  60   M    M   8 1      15  60
21  61  36  49  -6  16   0    T  0.0    0  5.6 18 120   M    M   6 3      23 120
22  60  43  52  -3  13   0 0.26  0.0    0  5.8 18 100   M    M   8 1      22  90
23  62  44  53  -3  12   0 0.13  0.0    0  6.9 20 260   M    M   9 13     25 260
24  50  42  46 -10  19   0 1.33  0.0    0  6.9 16 310   M    M  10 1      21 310
25  62  44  53  -3  12   0 0.20  0.0    0  6.7 15 220   M    M   6 1      19 190
================================================================================
SM 1445  970       411   0  5.84     0.8 163.1          M      152
================================================================================
AV 57.8 38.8                               6.5 FASTST   M    M   6    MAX(MPH)
                                 MISC ---->  # 38 210               # 54  210
================================================================================
NOTES:
# LAST OF SEVERAL OCCURRENCES

COLUMN 17 PEAK WIND IN M.P.H.

PRELIMINARY LOCAL CLIMATOLOGICAL DATA (WS FORM: F-6) , PAGE 2

                                          STATION:  LANDER WY
                                          MONTH:    MAY
                                          YEAR:     2015
                                          LATITUDE:   42 49 N
                                          LONGITUDE: 108 44 W

[TEMPERATURE DATA]      [PRECIPITATION DATA]       SYMBOLS USED IN COLUMN 16

AVERAGE MONTHLY: 48.3   TOTAL FOR MONTH:   5.84    1 = FOG OR MIST
DPTR FM NORMAL:  -4.1   DPTR FM NORMAL:    4.02    2 = FOG REDUCING VISIBILITY
HIGHEST:    75 ON  2    GRTST 24HR  1.40 ON 23-24      TO 1/4 MILE OR LESS
LOWEST:     29 ON 11                               3 = THUNDER
                        SNOW, ICE PELLETS, HAIL    4 = ICE PELLETS
                        TOTAL MONTH:   0.8 INCH    5 = HAIL
                        GRTST 24HR   0.5 ON 10-10  6 = FREEZING RAIN OR DRIZZLE
                        GRTST DEPTH:   T           7 = DUSTSTORM OR SANDSTORM:
                                                       VSBY 1/2 MILE OR LESS
                                                   8 = SMOKE OR HAZE
[NO. OF DAYS WITH]      [WEATHER - DAYS WITH]      9 = BLOWING SNOW
                                                   X = TORNADO
MAX 32 OR BELOW:   0    0.01 INCH OR MORE:  15
MAX 90 OR ABOVE:   0    0.10 INCH OR MORE:  12
MIN 32 OR BELOW:   4    0.50 INCH OR MORE:   5
MIN  0 OR BELOW:   0    1.00 INCH OR MORE:   2

[HDD (BASE 65) ]
TOTAL THIS MO.   411    CLEAR  (SCALE 0-3)   7
DPTR FM NORMAL    93    PTCLDY (SCALE 4-7)   6
TOTAL FM JUL 1  6893    CLOUDY (SCALE 8-10) 12
DPTR FM NORMAL  -679

[CDD (BASE 65) ]
TOTAL THIS MO.     0
DPTR FM NORMAL     0    [PRESSURE DATA]
TOTAL FM JAN 1     0    HIGHEST SLP M ON M
DPTR FM NORMAL     0    LOWEST  SLP 29.62 ON 15

[REMARKS]
