000
CXUS54 KCRP 261300
CF6LRD
PRELIMINARY LOCAL CLIMATOLOGICAL DATA (WS FORM: F-6)

                                          STATION:   LAREDO
                                          MONTH:     MAY
                                          YEAR:      2017
                                          LATITUDE:   27 31 N
                                          LONGITUDE:  99 28 W

  TEMPERATURE IN F:       :PCPN:    SNOW:  WIND      :SUNSHINE: SKY     :PK WND
================================================================================
1   2   3   4   5  6A  6B    7    8   9   10  11  12  13   14  15   16   17  18
                                     12Z  AVG MX 2MIN
DY MAX MIN AVG DEP HDD CDD  WTR  SNW DPTH SPD SPD DIR MIN PSBL S-S WX    SPD DR
================================================================================

 1  95  60  78  -1   0  13 0.00  0.0    0 12.4 18 130   M    M   0        23 160
 2  95  66  81   1   0  16 0.00  0.0    0 15.0 23 120   M    M   1        30 120
 3  96  75  86   6   0  21 0.00  0.0    0 11.4 24  10   M    M   6 3      39  10
 4  86  67  77  -3   0  12 0.00  0.0    0 13.3 24  20   M    M   2 3      35  20
 5  89  57  73  -7   0   8 0.00  0.0    0  5.0  9 120   M    M   0         M  M
 6  94  64  79  -2   0  14 0.00  0.0    0 12.6 18 120   M    M   0        21 150
 7  93  64  79  -2   0  14 0.00  0.0    0 13.8 20 110   M    M   2        24 110
 8  81  71  76  -5   0  11 0.00  0.0    0 14.6 21 140   M    M   9        25 140
 9  92  74  83   2   0  18    T  0.0    0 16.2 25 130   M    M   9        35 130
10  95  76  86   5   0  21 0.00  0.0    0 15.7 22 130   M    M   6 8      29 130
11  91  73  82   0   0  17 0.00  0.0    0  6.5 13 130   M    M   3 1       M  M
12  95  70  83   1   0  18 0.00  0.0    0  9.8 20 360   M    M   0 1      27 340
13  97  67  82   0   0  17 0.00  0.0    0 10.4 18 130   M    M   0        31 110
14  99  73  86   4   0  21 0.00  0.0    0 15.2 24 110   M    M   0        30 110
15  95  73  84   2   0  19 0.00  0.0    0 15.3 23 140   M    M   6        32 140
16  96  76  86   3   0  21 0.00  0.0    0 16.8 23 140   M    M   7 8      32 130
17  95  78  87   4   0  22 0.00  0.0    0 10.5 29 150   M    M   4 8      33 150
18 100  78  89   6   0  24 0.00  0.0    0 16.3 23 130   M    M   4 8      32 140
19 103  79  91   8   0  26 0.00  0.0    0 16.8 22 130   M    M   3 8      33 170
20  96  76  86   3   0  21    T  0.0    0 13.1 21 110   M    M   6 3      28  40
21  85  74  80  -4   0  15 4.08    M    0 11.6  M   M   M    M   7 13      M  M
22  86  67  77  -7   0  12    T  0.0    M  6.0 12  50   M    M   9         M  M
23  88  69  79  -5   0  14    T  0.0    0  8.9 18  20   M    M   8        30  20
24  89  62  76  -8   0  11 0.00  0.0    0  5.3  9 150   M    M   1         M  M
25 100  68  84   0   0  19 0.00  0.0    0 16.3 22 140   M    M   0        32 140
================================================================================
SM 2331 1757         0 425  4.08     0.0 308.8          M       93
================================================================================
AV 93.2 70.3                              12.4 FASTST   M    M   4    MAX(MPH)
                                 MISC ---->  # 29 150               # 39   10
================================================================================
NOTES:
# LAST OF SEVERAL OCCURRENCES

COLUMN 17 PEAK WIND IN M.P.H.

PRELIMINARY LOCAL CLIMATOLOGICAL DATA (WS FORM: F-6) , PAGE 2

                                          STATION:  LAREDO
                                          MONTH:    MAY
                                          YEAR:     2017
                                          LATITUDE:   27 31 N
                                          LONGITUDE:  99 28 W

[TEMPERATURE DATA]      [PRECIPITATION DATA]       SYMBOLS USED IN COLUMN 16

AVERAGE MONTHLY: 81.8   TOTAL FOR MONTH:   4.08    1 = FOG OR MIST
DPTR FM NORMAL:  -0.2   DPTR FM NORMAL:    2.09    2 = FOG REDUCING VISIBILITY
HIGHEST:   103 ON 19    GRTST 24HR  4.08 ON 21-21      TO 1/4 MILE OR LESS
LOWEST:     57 ON  5                               3 = THUNDER
                        SNOW, ICE PELLETS, HAIL    4 = ICE PELLETS
                        TOTAL MONTH:   0.0 INCH    5 = HAIL
                        GRTST 24HR     0.0         6 = FREEZING RAIN OR DRIZZLE
                        GRTST DEPTH:   0           7 = DUSTSTORM OR SANDSTORM:
                                                       VSBY 1/2 MILE OR LESS
                                                   8 = SMOKE OR HAZE
[NO. OF DAYS WITH]      [WEATHER - DAYS WITH]      9 = BLOWING SNOW
                                                   X = TORNADO
MAX 32 OR BELOW:   0    0.01 INCH OR MORE:   1
MAX 90 OR ABOVE:  18    0.10 INCH OR MORE:   1
MIN 32 OR BELOW:   0    0.50 INCH OR MORE:   1
MIN  0 OR BELOW:   0    1.00 INCH OR MORE:   1

[HDD (BASE 65) ]
TOTAL THIS MO.     0    CLEAR  (SCALE 0-3)  12
DPTR FM NORMAL     0    PTCLDY (SCALE 4-7)  10
TOTAL FM JUL 1   396    CLOUDY (SCALE 8-10)  3
DPTR FM NORMAL  -530

[CDD (BASE 65) ]
TOTAL THIS MO.   425
DPTR FM NORMAL     2    [PRESSURE DATA]
TOTAL FM JAN 1  1399    HIGHEST SLP M ON M
DPTR FM NORMAL   376    LOWEST  SLP 29.65 ON 17

[REMARKS]
