700
CXUS54 KCRP 291300
CF6LRD
PRELIMINARY LOCAL CLIMATOLOGICAL DATA (WS FORM: F-6)

                                          STATION:   LAREDO
                                          MONTH:     APRIL
                                          YEAR:      2016
                                          LATITUDE:   27 31 N
                                          LONGITUDE:  99 28 W

  TEMPERATURE IN F:       :PCPN:    SNOW:  WIND      :SUNSHINE: SKY     :PK WND
================================================================================
1   2   3   4   5  6A  6B    7    8   9   10  11  12  13   14  15   16   17  18
                                     12Z  AVG MX 2MIN
DY MAX MIN AVG DEP HDD CDD  WTR  SNW DPTH SPD SPD DIR MIN PSBL S-S WX    SPD DR
================================================================================

 1  79  59  69  -4   0   4 0.00  0.0    0 17.6 25  40   M    M   3 1      33  30
 2  74  56  65  -8   0   0 0.00  0.0    0  7.1 14  10   M    M   1         M  M
 3  82  50  66  -7   0   1 0.00  0.0    0  6.3 14 100   M    M   0         M  M
 4  87  55  71  -2   0   6 0.00  0.0    0  9.4 15 110   M    M   0        18 160
 5  88  58  73  -1   0   8 0.00  0.0    0 11.0 18 120   M    M   0        23 120
 6  83  64  74   0   0   9 0.00  0.0    0 10.1 16 360   M    M   1        23  10
 7  88  58  73  -1   0   8 0.00  0.0    0  6.8 14 130   M    M   0        18 150
 8  87  66  77   3   0  12    T  0.0    0 11.7 22  90   M    M   2 3      28  90
 9  84  63  74  -1   0   9 0.15  0.0    0 13.0 18 120   M    M   6 3      32 130
10  90  65  78   3   0  13 0.00  0.0    0 14.2 22 120   M    M   4        30 110
11  92  70  81   6   0  16 0.00  0.0    0  8.2 16 120   M    M   3         M  M
12  87  72  80   5   0  15    T  0.0    0  9.8 15 110   M    M   6 1      21 100
13  76  63  70  -5   0   5    T  0.0    0  8.9 16 360   M    M   8         M  M
14  90  59  75  -1   0  10 0.00  0.0    0  7.2 15 110   M    M   1 1       M  M
15  90  62  76   0   0  11 0.00  0.0    0 12.5 21 130   M    M   3        31 140
16  93  72  83   7   0  18    T  0.0    0 15.3 23 100   M    M   7        30 100
17  95  73  84   8   0  19    T  0.0    0 11.6 20  90   M    M   5 18     39 120
18  90  69  80   3   0  15    T  0.0    0 10.6 22  20   M    M   7 18     35  20
19  89  66  78   1   0  13    T  0.0    0  8.3 18  70   M    M   7 8      23  70
20  91  67  79   2   0  14 0.25  0.0    0  8.9 17  90   M    M   4 8      16 120
21  92  69  81   4   0  16 0.00  0.0    0  8.3 13  70   M    M   4         M  M
22  91  69  80   2   0  15 0.00  0.0    0  8.0 14 120   M    M   6        16  40
23  92  66  79   1   0  14 0.51  0.0    0 10.4 20 100   M    M   4 3      24 110
24  88  63  76  -2   0  11 1.00  0.0    0  7.8 13 160   M    M   2 3       M  M
25 101  73  87   9   0  22 0.00  0.0    0 11.7 18 130   M    M   3        27 150
26  97  76  87   9   0  22 0.00  0.0    0 12.5 22 130   M    M   5 1      23 140
27  94  74  84   5   0  19 0.00  0.0    0 10.4 21  20   M    M   2        28  20
28  96  71  84   5   0  19 0.00  0.0    0 12.2 20 100   M    M   4 18     24 120
================================================================================
SM 2486 1828         0 344  1.91     0.0 289.8          M       98
================================================================================
AV 88.8 65.3                              10.4 FASTST   M    M   4    MAX(MPH)
                                 MISC ---->    25   M               # 39  120
================================================================================
NOTES:
# LAST OF SEVERAL OCCURRENCES

COLUMN 17 PEAK WIND IN M.P.H.

PRELIMINARY LOCAL CLIMATOLOGICAL DATA (WS FORM: F-6) , PAGE 2

                                          STATION:  LAREDO
                                          MONTH:    APRIL
                                          YEAR:     2016
                                          LATITUDE:   27 31 N
                                          LONGITUDE:  99 28 W

[TEMPERATURE DATA]      [PRECIPITATION DATA]       SYMBOLS USED IN COLUMN 16

AVERAGE MONTHLY: 77.0   TOTAL FOR MONTH:   1.91    1 = FOG OR MIST
DPTR FM NORMAL:   1.2   DPTR FM NORMAL:    0.62    2 = FOG REDUCING VISIBILITY
HIGHEST:   101 ON 25    GRTST 24HR  1.51 ON 23-24      TO 1/4 MILE OR LESS
LOWEST:     50 ON  3                               3 = THUNDER
                        SNOW, ICE PELLETS, HAIL    4 = ICE PELLETS
                        TOTAL MONTH:   0.0 INCH    5 = HAIL
                        GRTST 24HR     0.0         6 = FREEZING RAIN OR DRIZZLE
                        GRTST DEPTH:   0           7 = DUSTSTORM OR SANDSTORM:
                                                       VSBY 1/2 MILE OR LESS
                                                   8 = SMOKE OR HAZE
[NO. OF DAYS WITH]      [WEATHER - DAYS WITH]      9 = BLOWING SNOW
                                                   X = TORNADO
MAX 32 OR BELOW:   0    0.01 INCH OR MORE:   4
MAX 90 OR ABOVE:  15    0.10 INCH OR MORE:   4
MIN 32 OR BELOW:   0    0.50 INCH OR MORE:   2
MIN  0 OR BELOW:   0    1.00 INCH OR MORE:   1

[HDD (BASE 65) ]
TOTAL THIS MO.     0    CLEAR  (SCALE 0-3)  12
DPTR FM NORMAL   -12    PTCLDY (SCALE 4-7)  15
TOTAL FM JUL 1   594    CLOUDY (SCALE 8-10)  1
DPTR FM NORMAL  -331

[CDD (BASE 65) ]
TOTAL THIS MO.   344
DPTR FM NORMAL    30    [PRESSURE DATA]
TOTAL FM JAN 1   719    HIGHEST SLP M ON M
DPTR FM NORMAL   147    LOWEST  SLP M ON M

[REMARKS]
