000
CXUS54 KEPZ 291200
CF6LRU
PRELIMINARY LOCAL CLIMATOLOGICAL DATA (WS FORM: F-6)

                                          STATION:   LAS CRUCES
                                          MONTH:     MAY
                                          YEAR:      2015
                                          LATITUDE:   32 17 N
                                          LONGITUDE: 106 46 W

  TEMPERATURE IN F:       :PCPN:    SNOW:  WIND      :SUNSHINE: SKY     :PK WND
================================================================================
1   2   3   4   5  6A  6B    7    8   9   10  11  12  13   14  15   16   17  18
                                     12Z  AVG MX 2MIN
DY MAX MIN AVG DEP HDD CDD  WTR  SNW DPTH SPD SPD DIR MIN PSBL S-S WX    SPD DR
================================================================================

 1  90  49  70   M   0   5 0.00  0.0    0  5.8 12 160   M    M   0        18 180
 2  90  50  70   M   0   5 0.00  0.0    0  8.8 23 220   M    M   1        30 220
 3  85  55  70   M   0   5 0.01  0.0    0  5.8 14 280   M    M   3        24 280
 4  84  55  70   M   0   5 0.00  0.0    0  7.2 16 270   M    M   6 3      23 270
 5  76  49  63   M   2   0 0.00  0.0    0 11.4 22 260   M    M   3        31 260
 6  82  49  66   M   0   1 0.00  0.0    0 11.1 18 200   M    M   0        25 230
 7  81  49  65   M   0   0 0.00  0.0    0 10.8 17 250   M    M   0        27 220
 8  83  49  66   M   0   1 0.00  0.0    0 12.8 22 260   M    M   0        31 230
 9  72  43  58   M   7   0 0.00  0.0    0 14.9 28 270   M    M   0        39 270
10  76  46  61   M   4   0 0.00  0.0    0  8.9 16 250   M    M   0        23 260
11  80  50  65   M   0   0 0.00  0.0    0  8.1 12 120   M    M   0        23 100
12  77  52  65   M   0   0 0.21  0.0    0 11.7 21 120   M    M   5 3      28 120
13  76  48  62   M   3   0 0.03    M    0  4.7 10 350   M    M   2 1      25 280
14  82  53  68   M   0   3 0.07  0.0    0  9.2 25 200   M    M   3 3      33 240
15  80  53  67   M   0   2    T  0.0    0 15.4 36 230   M    M   4 3      43 230
16  72  47  60   M   5   0 0.00  0.0    0 14.5 32 270   M    M   1        41 270
17  78  47  63   M   2   0 0.00  0.0    0  5.8 14 250   M    M   0        20 240
18  90  48  69   M   0   4 0.00  0.0    0  8.9 28 180   M    M   1        36 180
19  83  53  68   M   0   3 0.00  0.0    0 10.5 22 240   M    M   0        29 240
20  84  46  65   M   0   0 0.00  0.0    0  5.6 14 120   M    M   0        23 120
21  80  57  69   M   0   4 0.13  0.0    0 12.3 21 120   M    M   4 3      28 120
22  85  51  68   M   0   3 0.00  0.0    0 11.6 24 240   M    M   0        30 240
23  79  52  66   M   0   1 0.00  0.0    0 11.8 23 230   M    M   0        29 230
24  79  48  64   M   1   0 0.00  0.0    0 10.7 20 290   M    M   0        27 290
25  81  48  65   M   0   0 0.00  0.0    0  9.9 18 260   M    M   0 3      29 260
26  85  51  68   M   0   3 0.00  0.0    0  5.4 10 220   M    M   0        21 240
27  90  54  72   M   0   7 0.00  0.0    0  5.5 12 160   M    M   0        21 160
28  92  56  74   M   0   9 0.00  0.0    0  8.8 18 260   M    M   0        25 260
================================================================================
SM 2292 1408        24  61  0.45     0.0 267.9          M       33
================================================================================
AV 81.9 50.3                               9.6 FASTST   M    M   1    MAX(MPH)
                                 MISC ---->    36   M                 43    M
================================================================================
NOTES:
# LAST OF SEVERAL OCCURRENCES

COLUMN 17 PEAK WIND IN M.P.H.

PRELIMINARY LOCAL CLIMATOLOGICAL DATA (WS FORM: F-6) , PAGE 2

                                          STATION:  LAS CRUCES
                                          MONTH:    MAY
                                          YEAR:     2015
                                          LATITUDE:   32 17 N
                                          LONGITUDE: 106 46 W

[TEMPERATURE DATA]      [PRECIPITATION DATA]       SYMBOLS USED IN COLUMN 16

AVERAGE MONTHLY: 66.1   TOTAL FOR MONTH:   0.45    1 = FOG OR MIST
DPTR FM NORMAL:     M   DPTR FM NORMAL:       M    2 = FOG REDUCING VISIBILITY
HIGHEST:    92 ON 28    GRTST 24HR  0.21 ON 12-12      TO 1/4 MILE OR LESS
LOWEST:     43 ON  9                               3 = THUNDER
                        SNOW, ICE PELLETS, HAIL    4 = ICE PELLETS
                        TOTAL MONTH:   0.0 INCH    5 = HAIL
                        GRTST 24HR     0.0         6 = FREEZING RAIN OR DRIZZLE
                        GRTST DEPTH:   0           7 = DUSTSTORM OR SANDSTORM:
                                                       VSBY 1/2 MILE OR LESS
                                                   8 = SMOKE OR HAZE
[NO. OF DAYS WITH]      [WEATHER - DAYS WITH]      9 = BLOWING SNOW
                                                   X = TORNADO
MAX 32 OR BELOW:   0    0.01 INCH OR MORE:   5
MAX 90 OR ABOVE:   5    0.10 INCH OR MORE:   2
MIN 32 OR BELOW:   0    0.50 INCH OR MORE:   0
MIN  0 OR BELOW:   0    1.00 INCH OR MORE:   0

[HDD (BASE 65) ]
TOTAL THIS MO.    24    CLEAR  (SCALE 0-3)  24
DPTR FM NORMAL     M    PTCLDY (SCALE 4-7)   4
TOTAL FM JUL 1  2658    CLOUDY (SCALE 8-10)  0
DPTR FM NORMAL     M

[CDD (BASE 65) ]
TOTAL THIS MO.    61
DPTR FM NORMAL     M    [PRESSURE DATA]
TOTAL FM JAN 1    78    HIGHEST SLP M ON M
DPTR FM NORMAL     M    LOWEST  SLP M ON M

[REMARKS]
