979
CXUS53 KARX 192206
CF6LSE
PRELIMINARY LOCAL CLIMATOLOGICAL DATA (WS FORM: F-6)

                                          STATION:   LA CROSSE WI
                                          MONTH:     JANUARY
                                          YEAR:      2018
                                          LATITUDE:   43 52 N
                                          LONGITUDE:  91 15 W

  TEMPERATURE IN F:       :PCPN:    SNOW:  WIND      :SUNSHINE: SKY     :PK WND
================================================================================
1   2   3   4   5  6A  6B    7    8   9   10  11  12  13   14  15   16   17  18
                                     12Z  AVG MX 2MIN
DY MAX MIN AVG DEP HDD CDD  WTR  SNW DPTH SPD SPD DIR MIN PSBL S-S WX    SPD DR
================================================================================

 1   3 -13  -5 -23  70   0 0.00  0.0    1  7.6 14 310   M    M   0        19 320
 2  15 -10   3 -15  62   0 0.02  0.4    1 10.5 24 200   M    M   2        30 200
 3  16  -4   6 -12  59   0    T  0.1    1 11.5 21 320   M    M   2 18     28 330
 4   8 -10  -1 -19  66   0 0.00  0.0    1  5.5  9 340   M    M   0        15 290
 5   9 -14  -2 -19  67   0 0.00  0.0    1  6.3 13 310   M    M   0        16 320
 6  12 -13   0 -17  65   0 0.00  0.0    1  7.7 18 170   M    M   2        24 160
 7  35  11  23   6  42   0    T    T    1 11.0 22 210   M    M   7        29 210
 8  42  22  32  15  33   0 0.00  0.0    1  6.0 17 300   M    M   2 1      24 290
 9  44  25  35  18  30   0 0.00  0.0    T  7.8 16 180   M    M   1        21 180
10  41  34  38  21  27   0 0.00  0.0    0 10.2 20 180   M    M   9 128    27 160
11  42   9  26   9  39   0 0.23  0.8    0 12.3 24 310   M    M   9 128    32 310
12  11  -4   4 -13  61   0 0.00  0.0    1 13.3 22 330   M    M   4        32 330
13   5  -8  -1 -18  66   0 0.00  0.0    1  5.1 12 350   M    M   0        15 350
14  19 -10   5 -12  60   0 0.14  5.0    1  7.6 17 170   M    M   6 18     22 160
15  19   6  13  -4  52   0 0.07  1.7    5 13.3 21 320   M    M  10 18     26 320
16  15  -2   7 -10  58   0    T  0.1    5  9.0 13 330   M    M   4         M  M
17  25  -6  10  -7  55   0 0.00  0.0    5 10.4 24 200   M    M   0        34 210
18  36  17  27  10  38   0 0.00  0.0    5  8.7 15 170   M    M   0        19 180
================================================================================
SM  397   30       950   0  0.46     8.1 163.8          M       58
================================================================================
AV 22.1  1.7                               9.1 FASTST   M    M   3    MAX(MPH)
                                 MISC ---->  # 24 200               # 34  210
================================================================================
NOTES:
# LAST OF SEVERAL OCCURRENCES

COLUMN 17 PEAK WIND IN M.P.H.

PRELIMINARY LOCAL CLIMATOLOGICAL DATA (WS FORM: F-6) , PAGE 2

                                          STATION:  LA CROSSE WI
                                          MONTH:    JANUARY
                                          YEAR:     2018
                                          LATITUDE:   43 52 N
                                          LONGITUDE:  91 15 W

[TEMPERATURE DATA]      [PRECIPITATION DATA]       SYMBOLS USED IN COLUMN 16

AVERAGE MONTHLY: 11.9   TOTAL FOR MONTH:   0.46    1 = FOG OR MIST
DPTR FM NORMAL:  -5.4   DPTR FM NORMAL:   -0.17    2 = FOG REDUCING VISIBILITY
HIGHEST:    44 ON  9    GRTST 24HR  0.23 ON 11-11      TO 1/4 MILE OR LESS
LOWEST:    -14 ON  5                               3 = THUNDER
                        SNOW, ICE PELLETS, HAIL    4 = ICE PELLETS
                        TOTAL MONTH:   8.1 INCHES  5 = HAIL
                        GRTST 24HR   5.0 ON 14-14  6 = FREEZING RAIN OR DRIZZLE
                        GRTST DEPTH:   5 ON 18,17  7 = DUSTSTORM OR SANDSTORM:
                                                       VSBY 1/2 MILE OR LESS
                                                   8 = SMOKE OR HAZE
[NO. OF DAYS WITH]      [WEATHER - DAYS WITH]      9 = BLOWING SNOW
                                                   X = TORNADO
MAX 32 OR BELOW:  12    0.01 INCH OR MORE:   4
MAX 90 OR ABOVE:   0    0.10 INCH OR MORE:   2
MIN 32 OR BELOW:  17    0.50 INCH OR MORE:   0
MIN  0 OR BELOW:  11    1.00 INCH OR MORE:   0

[HDD (BASE 65) ]
TOTAL THIS MO.   950    CLEAR  (SCALE 0-3)  11
DPTR FM NORMAL    90    PTCLDY (SCALE 4-7)   4
TOTAL FM JUL 1  3514    CLOUDY (SCALE 8-10)  3
DPTR FM NORMAL  -190

[CDD (BASE 65) ]
TOTAL THIS MO.     0
DPTR FM NORMAL     0    [PRESSURE DATA]
TOTAL FM JAN 1     0    HIGHEST SLP M ON M
DPTR FM NORMAL     0    LOWEST  SLP 29.58 ON 10

[REMARKS]
