000
CXUS54 KFWD 270730
CF6LUD
PRELIMINARY LOCAL CLIMATOLOGICAL DATA (WS FORM: F-6)

                                          STATION:   DECATUR
                                          MONTH:     APRIL
                                          YEAR:      2017
                                          LATITUDE:   33 15 N
                                          LONGITUDE:  97 30 W

  TEMPERATURE IN F:       :PCPN:    SNOW:  WIND      :SUNSHINE: SKY     :PK WND
================================================================================
1   2   3   4   5  6A  6B    7    8   9   10  11  12  13   14  15   16   17  18
                                     12Z  AVG MX 2MIN
DY MAX MIN AVG DEP HDD CDD  WTR  SNW DPTH SPD SPD DIR MIN PSBL S-S WX    SPD DR
================================================================================

 1  72  57  65   7   0   0 0.05  0.0    0  9.1 18 140   M    M   6        25 160
 2  66  54  60   2   5   0 1.09  0.0    0  7.3 14  60   M    M   9 1      18  40
 3  76  49  63   5   2   0 0.00  0.0    0  4.6  7 130   M    M   1         M  M
 4  84  48  66   8   0   1 0.00  0.0    0 11.1 20 270   M    M   0        28 200
 5  68  45  57  -2   8   0 0.00  0.0    M 11.6 20 310   M    M   1        33 290
 6  74  47  61   2   4   0 0.00  0.0    M  2.0  8 280   M    M   0         M  M
 7  78  47  63   4   2   0 0.00  0.0    0  7.6 13 190   M    M   0        22 170
 8  82  59  71  11   0   6 0.00  0.0    0 15.3 21 170   M    M   0        30 180
 9  83  64  74  14   0   9 0.00  0.0    0 16.1 21 160   M    M   2        29 160
10  71  63  67   7   0   2 0.00  0.0    0  8.5 17 170   M    M   8        24 170
11  76  56  66   6   0   1 0.00  0.0    0  9.0 14  40   M    M   3        23  40
12  74  59  67   6   0   2 0.00  0.0    0  6.2 15 110   M    M   6 12     20 110
13  79  58  69   8   0   4 0.02  0.0    0  8.7 17 160   M    M   5 1      23 150
14  78  63  71  10   0   6 0.00  0.0    0 10.8 15 160   M    M   2        22 160
15  80  64  72  10   0   7 0.00  0.0    0   M   M   M   M    M   M         M  M
16  79  65  72  10   0   7 0.00  0.0    0 10.3 17 160   M    M   4        27 160
17  73  59  66   4   0   1 0.98  0.0    0  7.0 14  60   M    M   5 1      22  80
18  80  57  69   7   0   4 0.00  0.0    0  4.6  9 150   M    M   6 12      M  M
19  80  64  72   9   0   7 0.00  0.0    0 10.8 15 150   M    M   5 1      21 150
20  82  66  74  11   0   9 0.00  0.0    0 10.2 18 170   M    M   5        28 170
21  84  55  70   7   0   5 0.02  0.0    0 11.3 17 200   M    M   5 3      23 200
22  60  47  54 -10  11   0 0.00  0.0    0  9.6 14 330   M    M   7        23 330
23  71  47  59  -5   6   0 0.00  0.0    M  5.1  9 330   M    M   0        16 330
24  77  53  65   1   0   0 0.00  0.0    0 11.5 17 160   M    M   0        25 160
25  87  61  74   9   0   9 0.00  0.0    0 15.4 22 160   M    M   0        31 160
26  74  51  63  -2   2   0 0.00  0.0    0  8.7 17 170   M    M   5        24 320
================================================================================
SM 1988 1458        40  80  2.16     0.0 232.4          M       85
================================================================================
AV 76.5 56.1                               9.3 FASTST   M    M   3    MAX(MPH)
                                 MISC ---->  # 22 160               # 33  290
================================================================================
NOTES:
# LAST OF SEVERAL OCCURRENCES

COLUMN 17 PEAK WIND IN M.P.H.

PRELIMINARY LOCAL CLIMATOLOGICAL DATA (WS FORM: F-6) , PAGE 2

                                          STATION:  DECATUR
                                          MONTH:    APRIL
                                          YEAR:     2017
                                          LATITUDE:   33 15 N
                                          LONGITUDE:  97 30 W

[TEMPERATURE DATA]      [PRECIPITATION DATA]       SYMBOLS USED IN COLUMN 16

AVERAGE MONTHLY: 66.3   TOTAL FOR MONTH:   2.16    1 = FOG OR MIST
DPTR FM NORMAL:   5.1   DPTR FM NORMAL:   -0.52    2 = FOG REDUCING VISIBILITY
HIGHEST:    87 ON 25    GRTST 24HR  1.09 ON  2- 2      TO 1/4 MILE OR LESS
LOWEST:     45 ON  5                               3 = THUNDER
                        SNOW, ICE PELLETS, HAIL    4 = ICE PELLETS
                        TOTAL MONTH:   0.0 INCH    5 = HAIL
                        GRTST 24HR     0.0         6 = FREEZING RAIN OR DRIZZLE
                        GRTST DEPTH:   0           7 = DUSTSTORM OR SANDSTORM:
                                                       VSBY 1/2 MILE OR LESS
                                                   8 = SMOKE OR HAZE
[NO. OF DAYS WITH]      [WEATHER - DAYS WITH]      9 = BLOWING SNOW
                                                   X = TORNADO
MAX 32 OR BELOW:   0    0.01 INCH OR MORE:   5
MAX 90 OR ABOVE:   0    0.10 INCH OR MORE:   2
MIN 32 OR BELOW:   0    0.50 INCH OR MORE:   2
MIN  0 OR BELOW:   0    1.00 INCH OR MORE:   1

[HDD (BASE 65) ]
TOTAL THIS MO.    40    CLEAR  (SCALE 0-3)  12
DPTR FM NORMAL  -101    PTCLDY (SCALE 4-7)  12
TOTAL FM JUL 1  1541    CLOUDY (SCALE 8-10)  1
DPTR FM NORMAL -1372

[CDD (BASE 65) ]
TOTAL THIS MO.    80
DPTR FM NORMAL    37    [PRESSURE DATA]
TOTAL FM JAN 1   200    HIGHEST SLP M ON M
DPTR FM NORMAL   145    LOWEST  SLP M ON M

[REMARKS]
