000
CXUS54 KFWD 300730
CF6LUD
PRELIMINARY LOCAL CLIMATOLOGICAL DATA (WS FORM: F-6)

                                          STATION:   DECATUR
                                          MONTH:     JULY
                                          YEAR:      2015
                                          LATITUDE:   33 15 N
                                          LONGITUDE:  97 30 W

  TEMPERATURE IN F:       :PCPN:    SNOW:  WIND      :SUNSHINE: SKY     :PK WND
================================================================================
1   2   3   4   5  6A  6B    7    8   9   10  11  12  13   14  15   16   17  18
                                     12Z  AVG MX 2MIN
DY MAX MIN AVG DEP HDD CDD  WTR  SNW DPTH SPD SPD DIR MIN PSBL S-S WX    SPD DR
================================================================================

 1  92  72  82   1   0  17 0.00  0.0    0 11.0 15 210   M    M   0        22 220
 2  91  72  82   1   0  17 0.00  0.0    0 11.3 17 200   M    M   0        23 200
 3  90  75  83   2   0  18 0.00  0.0    0  9.6 13 220   M    M   1        20 210
 4  93  76  85   4   0  20 0.00  0.0    0  7.9 13 180   M    M   1        17 180
 5  93  76  85   3   0  20 0.00  0.0    0 11.3 15 170   M    M   0        23 190
 6  92  75  84   2   0  19 0.00  0.0    0 14.2 18 180   M    M   1        27 180
 7  83  75  79  -3   0  14 0.01  0.0    0  9.4 17 200   M    M   5 8      24 200
 8  80  69  75  -7   0  10 1.07  0.0    0  5.3 10 180   M    M   6         M  M
 9  90  74  82   0   0  17 0.00  0.0    0 11.5 17 190   M    M   1        23 190
10  91  72  82   0   0  17 0.00  0.0    0 11.2 16 170   M    M   0        22 170
11  92  74  83   1   0  18 0.00  0.0    0  9.9 14 220   M    M   0        20 160
12  93  74  84   2   0  19 0.00  0.0    0  9.4 13 190   M    M   0        16 190
13  96  75  86   4   0  21 0.00  0.0    0  9.4 14 180   M    M   0        17 180
14  97  76  87   5   0  22 0.00  0.0    0  9.0 12 190   M    M   0         M  M
15  94  75  85   2   0  20 0.00  0.0    0  8.6 13 150   M    M   0        18 160
16  95  76  86   3   0  21 0.00  0.0    0  9.1 12 160   M    M   0        16 200
17  94  75  85   2   0  20 0.00  0.0    0  9.2 12 150   M    M   0        17 220
18  97  76  87   4   0  22 0.00  0.0    0 10.1 14 180   M    M   0        18 160
19  97  77  87   4   0  22 0.00  0.0    0  8.1 13 170   M    M   0        16 180
20  98  78  88   5   0  23 0.00  0.0    0  8.2 13 210   M    M   0         M  M
21  97  78  88   5   0  23 0.00  0.0    0  7.4 14 180   M    M   0        17 160
22  96  75  86   3   0  21 0.01  0.0    0  8.7 12 170   M    M   1        17 180
23  98  79  89   6   0  24 0.00  0.0    0  8.2 13 200   M    M   0        17 190
24  98  78  88   5   0  23 0.00  0.0    0  7.7 10 190   M    M   0         M  M
25  98  78  88   5   0  23 0.00  0.0    0  7.6 13 160   M    M   0         M  M
26  98  78  88   5   0  23 0.00  0.0    0  7.8 12 160   M    M   0         M  M
27  98  74  86   3   0  21 0.00  0.0    0  8.7 14 180   M    M   0        18 180
28  96  78  87   4   0  22 0.00  0.0    0  9.8 13 170   M    M   0        21 150
29  98  77  88   5   0  23 0.00  0.0    0  5.4 10 170   M    M   0         M  M
================================================================================
SM 2725 2187         0 580  1.09     0.0 265.0          M       16
================================================================================
AV 94.0 75.4                               9.1 FASTST   M    M   1    MAX(MPH)
                                 MISC ---->    18   M               # 27  180
================================================================================
NOTES:
# LAST OF SEVERAL OCCURRENCES

COLUMN 17 PEAK WIND IN M.P.H.

PRELIMINARY LOCAL CLIMATOLOGICAL DATA (WS FORM: F-6) , PAGE 2

                                          STATION:  DECATUR
                                          MONTH:    JULY
                                          YEAR:     2015
                                          LATITUDE:   33 15 N
                                          LONGITUDE:  97 30 W

[TEMPERATURE DATA]      [PRECIPITATION DATA]       SYMBOLS USED IN COLUMN 16

AVERAGE MONTHLY: 84.7   TOTAL FOR MONTH:   1.09    1 = FOG OR MIST
DPTR FM NORMAL:   2.3   DPTR FM NORMAL:   -1.30    2 = FOG REDUCING VISIBILITY
HIGHEST:    98 ON 29,27 GRTST 24HR  1.07 ON  8- 8      TO 1/4 MILE OR LESS
LOWEST:     69 ON  8                               3 = THUNDER
                        SNOW, ICE PELLETS, HAIL    4 = ICE PELLETS
                        TOTAL MONTH:   0.0 INCH    5 = HAIL
                        GRTST 24HR     0.0         6 = FREEZING RAIN OR DRIZZLE
                        GRTST DEPTH:   0           7 = DUSTSTORM OR SANDSTORM:
                                                       VSBY 1/2 MILE OR LESS
                                                   8 = SMOKE OR HAZE
[NO. OF DAYS WITH]      [WEATHER - DAYS WITH]      9 = BLOWING SNOW
                                                   X = TORNADO
MAX 32 OR BELOW:   0    0.01 INCH OR MORE:   3
MAX 90 OR ABOVE:  27    0.10 INCH OR MORE:   1
MIN 32 OR BELOW:   0    0.50 INCH OR MORE:   1
MIN  0 OR BELOW:   0    1.00 INCH OR MORE:   1

[HDD (BASE 65) ]
TOTAL THIS MO.     0    CLEAR  (SCALE 0-3)  27
DPTR FM NORMAL     0    PTCLDY (SCALE 4-7)   2
TOTAL FM JUL 1     0    CLOUDY (SCALE 8-10)  0
DPTR FM NORMAL     0

[CDD (BASE 65) ]
TOTAL THIS MO.   580
DPTR FM NORMAL    75    [PRESSURE DATA]
TOTAL FM JAN 1  1298    HIGHEST SLP M ON M
DPTR FM NORMAL   159    LOWEST  SLP M ON M

[REMARKS]
