000
CXUS55 KBYZ 271056
CF6LVM
PRELIMINARY LOCAL CLIMATOLOGICAL DATA (WS FORM: F-6)

                                          STATION:   LIVINGSTON MT
                                          MONTH:     JANUARY
                                          YEAR:      2015
                                          LATITUDE:   45 41 N
                                          LONGITUDE: 110 26 W

  TEMPERATURE IN F:       :PCPN:    SNOW:  WIND      :SUNSHINE: SKY     :PK WND
================================================================================
1   2   3   4   5  6A  6B    7    8   9   10  11  12  13   14  15   16   17  18
                                     12Z  AVG MX 2MIN
DY MAX MIN AVG DEP HDD CDD  WTR  SNW DPTH SPD SPD DIR MIN PSBL S-S WX    SPD DR
================================================================================

 1  28  10  19  -7  46   0 0.00    M    M 17.3 25 280   M    M   2        28 280
 2  41  13  27   1  38   0 0.02    M    M 28.1 45 240   M    M   5 8      54 220
 3  30   2  16 -10  49   0 0.11    M    M  7.5 32 310   M    M   9 1      41 320
 4   5   1   3 -23  62   0 0.16    M    M  8.0 16  80   M    M  10 1      19  80
 5  46   3  25  -2  40   0 0.16    M    M 25.5 46 210   M    M  10 16     55 220
 6  53   9  31   4  34   0    T    M    M 24.0 44 240   M    M  10        57 240
 7  44   8  26  -1  39   0 0.00    M    M 13.5 32 320   M    M   6        42 310
 8  44   7  26  -1  39   0    T    M    M 13.2 32 330   M    M   7        40 320
 9  40   0  20  -7  45   0 0.00    M    M 14.8 30 260   M    M   0        38 260
10  48  27  38  11  27   0 0.00    M    M 21.4 37 230   M    M   6        45 230
11  44  17  31   4  34   0 0.09    M    M 11.7 23 230   M    M  10 1      29 220
12  34  13  24  -3  41   0    T    M    M  4.9 14 250   M    M   8 1      17 250
13  34  17  26  -1  39   0    T    M    M 10.7 22 320   M    M   4        28 280
14  40  16  28   1  37   0 0.00    M    M 19.8 31 250   M    M   0        39 260
15  48  21  35   8  30   0 0.00    M    M 28.3 44 240   M    M   0        56 210
16  44  36  40  13  25   0    T    M    M 29.5 49 220   M    M   6        61 220
17  43  34  39  12  26   0 0.00    M    M 31.1 49 220   M    M   0        61 220
18  53  38  46  19  19   0    T    M    M 31.3 49 210   M    M   6        65 210
19  43  30  37  10  28   0    T    M    M 16.2 30 240   M    M   6 1      38 250
20  38  26  32   5  33   0    T    M    M 12.3 22 260   M    M   9 1      27 270
21  36  18  27   0  38   0    T    M    M 14.7 36 220   M    M   3        45 220
22  45  29  37  10  28   0 0.00    M    M 27.7 39 220   M    M   2        52 220
23  47  36  42  15  23   0 0.00    M    M 23.9 39 220   M    M   2        48 220
24  49  38  44  17  21   0 0.00    M    M 28.8 52 220   M    M   5        68 210
25  59  44  52  25  13   0 0.00    M    M 28.5 40 260   M    M   3        52 230
26  65  45  55  28  10   0 0.00    M    M 26.7 41 230   M    M   0        56 280
================================================================================
SM 1101  538       864   0  0.54    M    519.4          M      129
================================================================================
AV 42.3 20.7                              20.0 FASTST   M    M   5    MAX(MPH)
                                 MISC ---->  # 52 220               # 68  210
================================================================================
NOTES:
# LAST OF SEVERAL OCCURRENCES

COLUMN 17 PEAK WIND IN M.P.H.

PRELIMINARY LOCAL CLIMATOLOGICAL DATA (WS FORM: F-6) , PAGE 2

                                          STATION:  LIVINGSTON MT
                                          MONTH:    JANUARY
                                          YEAR:     2015
                                          LATITUDE:   45 41 N
                                          LONGITUDE: 110 26 W

[TEMPERATURE DATA]      [PRECIPITATION DATA]       SYMBOLS USED IN COLUMN 16

AVERAGE MONTHLY: 31.5   TOTAL FOR MONTH:   0.54    1 = FOG OR MIST
DPTR FM NORMAL:   4.7   DPTR FM NORMAL:    0.13    2 = FOG REDUCING VISIBILITY
HIGHEST:    65 ON 26    GRTST 24HR  0.26 ON  4- 5      TO 1/4 MILE OR LESS
LOWEST:      0 ON  9                               3 = THUNDER
                        SNOW, ICE PELLETS, HAIL    4 = ICE PELLETS
                        TOTAL MONTH:    M          5 = HAIL
                        GRTST 24HR    M  ON   M    6 = FREEZING RAIN OR DRIZZLE
                        GRTST DEPTH:  M  ON   M    7 = DUSTSTORM OR SANDSTORM:
                                                       VSBY 1/2 MILE OR LESS
                                                   8 = SMOKE OR HAZE
[NO. OF DAYS WITH]      [WEATHER - DAYS WITH]      9 = BLOWING SNOW
                                                   X = TORNADO
MAX 32 OR BELOW:   3    0.01 INCH OR MORE:   5
MAX 90 OR ABOVE:   0    0.10 INCH OR MORE:   3
MIN 32 OR BELOW:  19    0.50 INCH OR MORE:   0
MIN  0 OR BELOW:   1    1.00 INCH OR MORE:   0

[HDD (BASE 65) ]
TOTAL THIS MO.   864    CLEAR  (SCALE 0-3)  10
DPTR FM NORMAL  -128    PTCLDY (SCALE 4-7)   9
TOTAL FM JUL 1  3649    CLOUDY (SCALE 8-10)  7
DPTR FM NORMAL  -508

[CDD (BASE 65) ]
TOTAL THIS MO.     0
DPTR FM NORMAL     0    [PRESSURE DATA]
TOTAL FM JAN 1     0    HIGHEST SLP M ON M
DPTR FM NORMAL     0    LOWEST  SLP 29.76 ON 16

[REMARKS]
THIS IS AN AUTOMATED...UNATTENDED WEATHER STATION AND MAY
UNDERESTIMATE WINTER PRECIPITATION.
